{"id":610,"date":"2013-02-19T15:18:37","date_gmt":"2013-02-19T14:18:37","guid":{"rendered":"http:\/\/wp1117171.wp112.webpack.hosteurope.de\/thinksbtf\/thinking\/?page_id=610"},"modified":"2018-08-28T17:14:07","modified_gmt":"2018-08-28T15:14:07","slug":"datenschutzerklarung","status":"publish","type":"page","link":"https:\/\/thinking.holistic-net.de\/?page_id=610&lang=de","title":{"rendered":"Datenschutzerkl\u00e4rung"},"content":{"rendered":"<p><strong>1. Datenschutzerkl\u00e4rung<\/strong><\/p>\n<p>Die hier aufgef\u00fchrte Datenschutzerkl\u00e4rung soll \u00fcber die Art, den Umfang und den Zweck der Erhebung und Verwendung personenbezogener Daten durch den Websitebetreiber holistic-net GmbH aufkl\u00e4ren.<\/p>\n<p>Die Datenerhebung entspricht den Anforderungen der DSGVO und des BDSG. \u00c4nderungen und entsprechende Aktualisierungen der Datenschutzerkl\u00e4rung sind nicht auszuschlie\u00dfen, wie z.B. eine Anpassung auf die aktuellen gesetzlichen Vorgaben. Die neue Datenschutzerkl\u00e4rung greift dann bei Ihrem n\u00e4chsten Besuch auf unsere Webseite, weshalb wir Ihnen empfehlen, diese Datenschutzerkl\u00e4rung regelm\u00e4\u00dfig zur Kenntnis zu nehmen.<\/p>\n<p><strong>1.1 Benennung der verantwortlichen Stelle<\/strong><\/p>\n<p>Die verantwortliche Stelle f\u00fcr die Datenverarbeitung auf dieser Webseite ist:<\/p>\n<p>holistic-net Gesellschaft f\u00fcr Informations- &amp; Kommunikations-Systeme mbH<br \/>\nDeisterstra\u00dfe 83<br \/>\n30449 Hannover<\/p>\n<p><strong>1.2 Umgang mit personenbezogenen Daten<\/strong><\/p>\n<p>Definition: Als personenbezogene Daten gelten alle Informationen, anhand derer eine Person eindeutig identifizierbar ist. Es handelt sich somit um Daten, die zu einer Person zur\u00fcckverfolgt werden k\u00f6nnen.<\/p>\n<p>Diese Website erhebt und nutzt keine personenbezogenen Daten.<\/p>\n<p>Art der Daten, die wir verarbeiten sind Nutzungsdaten (Zugriffzeiten, besuchte Webseiten, Sprache etc.).<\/p>\n<p>Zweck der Verarbeitung nach Art. 13 Abs. 1c DSGVO:<\/p>\n<ul>\n<li>Erleichterten Zugang zur Webseite erm\u00f6glichen<\/li>\n<li>Optimierung und statistischer Auswertung unserer Dienste<\/li>\n<li>Vermeidung von Spam und Missbrauch<\/li>\n<\/ul>\n<p><strong>1.3 Rechtsgrundlagen der Verarbeitung personenbezogener Daten<\/strong><\/p>\n<p>Nachfolgend Informieren wir Sie \u00fcber die Rechtsgrundlagen der Verarbeitung personenbezogener Daten:<\/p>\n<ul>\n<li>Wenn wir Ihre Einwilligung f\u00fcr die Verarbeitung personenbezogenen Daten eingeholt haben, ist Art. 6 Abs. 1 S. 1 lit. a) DS-GVO Rechtsgrundlage.<\/li>\n<li>Ist die Verarbeitung zur Erf\u00fcllung eines Vertrags oder zur Durchf\u00fchrung vorvertraglicher Ma\u00dfnahmen erforderlich, die auf Ihre Anfrage hin erfolgen, so ist Art. 6 Abs. 1 S. 1 lit. b) DS-GVO Rechtsgrundlage.<\/li>\n<li>Ist die Verarbeitung zur Erf\u00fcllung einer rechtlichen Verpflichtung erforderlich, der wir unterliegen (z.B. gesetzliche Aufbewahrungspflichten), so ist Art. 6 Abs. 1 S. 1 lit. c) DS-GVO Rechtsgrundlage.<\/li>\n<li>Ist die Verarbeitung erforderlich, um lebenswichtige Interessen der betroffenen Person oder einer anderen nat\u00fcrlichen Person zu sch\u00fctzen, so ist Art. 6 Abs. 1 S. 1 lit. d) DS-GVO Rechtsgrundlage.<\/li>\n<li>Ist die Verarbeitung zur Wahrung unserer oder der berechtigten Interessen eines Dritten erforderlich und \u00fcberwiegen diesbez\u00fcglich Ihre Interessen oder Grundrechte und Grundfreiheiten nicht, so ist Art. 6 Abs. 1 S. 1 lit. f) DS-GVO Rechtsgrundlage.<\/li>\n<\/ul>\n<p><strong>1.4 Server-Log-Dateien<\/strong><\/p>\n<p>In Server-Log-Dateien erhebt und speichert unser Provider der Website automatisch Informationen, die Ihr Browser automatisch an uns \u00fcbermittelt. Dies sind:<\/p>\n<ul>\n<li>Browsertyp und Browserversion<\/li>\n<li>Verwendetes Betriebssystem<\/li>\n<li>Referrer URL<\/li>\n<li>Hostname des zugreifenden Rechners<\/li>\n<li>Uhrzeit der Serveranfrage<\/li>\n<li>IP-Adresse<\/li>\n<\/ul>\n<p>Es findet keine Zusammenf\u00fchrung dieser Daten mit anderen Datenquellen statt. Grundlage der Datenverarbeitung bildet Art. 6 Abs. 1 lit. b DSGVO, der die Verarbeitung von Daten zur Erf\u00fcllung eines Vertrags oder vorvertraglicher Ma\u00dfnahmen gestattet.<\/p>\n<p><strong>1.5 Kommentarfunktion<\/strong><\/p>\n<p>Per Kommentarfunktion \u00fcbermittelte Daten werden einschlie\u00dflich Ihrer Kontaktdaten gespeichert. Eine Weitergabe dieser Daten findet ohne Ihre Einwilligung nicht statt.<\/p>\n<p>Die Verarbeitung der in das Kommentarformular eingegebenen Daten erfolgt ausschlie\u00dflich auf Grundlage Ihrer Einwilligung (Art. 6 Abs. 1 lit. a DSGVO). Ein Widerruf Ihrer bereits erteilten Einwilligung ist jederzeit m\u00f6glich. F\u00fcr den Widerruf gen\u00fcgt eine formlose Mitteilung per E-Mail. Die Rechtm\u00e4\u00dfigkeit der bis zum Widerruf erfolgten Datenverarbeitungsvorg\u00e4nge bleibt vom Widerruf unber\u00fchrt.<\/p>\n<p><strong>1.6 Cookies<\/strong><\/p>\n<p>Unsere Website verwendet Cookies. Das sind kleine Textdateien, die Ihr Webbrowser auf Ihrem Endger\u00e4t speichert. Cookies helfen uns dabei, unser Angebot nutzerfreundlicher, effektiver und sicherer zu machen.<\/p>\n<p>Einige Cookies sind \u201cSession-Cookies.\u201d Solche Cookies werden nach Ende Ihrer Browser-Sitzung von selbst gel\u00f6scht. Hingegen bleiben andere Cookies auf Ihrem Endger\u00e4t bestehen, bis Sie diese selbst l\u00f6schen. Solche Cookies helfen uns, Sie bei R\u00fcckkehr auf unserer Website wiederzuerkennen.<\/p>\n<p>Mit einem modernen Webbrowser k\u00f6nnen Sie das Setzen von Cookies \u00fcberwachen, einschr\u00e4nken oder unterbinden. Viele Webbrowser lassen sich so konfigurieren, dass Cookies mit dem Schlie\u00dfen des Programms von selbst gel\u00f6scht werden. Die Deaktivierung von Cookies kann eine eingeschr\u00e4nkte Funktionalit\u00e4t unserer Website zur Folge haben.<\/p>\n<p>Als Betreiber dieser Website haben wir ein berechtigtes Interesse an der Speicherung von Cookies zur technisch fehlerfreien und reibungslosen Bereitstellung unserer Dienste. Sofern die Setzung anderer Cookies (z.B. f\u00fcr Analyse-Funktionen) erfolgt, werden diese in dieser Datenschutzerkl\u00e4rung separat behandelt.<\/p>\n<p><strong>1.7 Pr\u00e4senz in sozialen Medien<\/strong><\/p>\n<ol>\n<li>Wir unterhalten in sozialen Medien Profile bzw. Fanpages, um mit den dort angeschlossenen und registrierten Nutzern zu kommunizieren und um \u00fcber unsere Produkte, Angebote und Dienstleistungen zu informieren. Die US-Anbieter sind nach dem sog. Privacy-Shield zertifiziert und damit verpflichtet europ\u00e4ischen Datenschutz einzuhalten. Bei der Nutzung und dem Aufruf unseres Profils im jeweiligen Netzwerk durch Sie gelten die jeweiligen Datenschutzhinweise und Nutzungsbedingungen des jeweiligen Netzwerks.<\/li>\n<li>Wir verarbeiten Ihre Daten, die Sie uns \u00fcber diese Netzwerke senden, um mit Ihnen zu kommunizieren und um Ihre dortigen Nachrichten zu beantworten.<\/li>\n<li>Die Rechtsgrundlage f\u00fcr die Verarbeitung der personenbezogenen Daten ist unser berechtigtes Interesse an der Kommunikation mit den Nutzern und unsere Au\u00dfendarstellung zwecks Werbung gem\u00e4\u00df Art. 6 Abs. 1 S. 1 lit. f) DS-GVO. Soweit Sie dem Verantwortlichen des sozialen Netzwerks eine Einwilligung in die Verarbeitung Ihrer personenbezogenen Daten erteilt haben, ist Rechtsgrundlage Art. 6 Abs. 1 S. 1 lit. a) und Art. 7 DS-GVO.<\/li>\n<li>Die Datenschutzhinweise, Auskunftsm\u00f6glichkeiten und Widerspruchm\u00f6glichkeiten (Opt-Out) der jeweiligen Netzwerke finden Sie hier:\u2022 Facebook (Facebook Ireland Ltd., 4 Grand Canal Square, Grand Canal Harbour, Dublin 2, Irland) Datenschutzerkl\u00e4rung: <a href=\"https:\/\/www.facebook.com\/about\/privacy\/\">https:\/\/www.facebook.com\/about\/privacy\/<\/a>, Opt-Out: <a href=\"https:\/\/www.facebook.com\/settings?tab=ads\">https:\/\/www.facebook.com\/settings?tab=ads<\/a> und <a href=\"http:\/\/www.youronlinechoices.com\">http:\/\/www.youronlinechoices.com<\/a>, Privacy Shield: <a href=\"https:\/\/www.privacyshield.gov\/participant?id=a2zt0000000GnywAAC&amp;status=Active\">https:\/\/www.privacyshield.gov\/participant?id=a2zt0000000GnywAAC&amp;status=Active<\/a>.\u2022 Google+ (Google LLC, 1600 AmphitheatreParkway, Mountain View, CA 94043, USA) \u2013 Datenschutzerkl\u00e4rung:\u00a0<a href=\"https:\/\/policies.google.com\/privacy\">https:\/\/policies.google.com\/privacy<\/a>, Opt-Out: <a href=\"https:\/\/adssettings.google.com\/authenticated\">https:\/\/adssettings.google.com\/authenticated<\/a>, Privacy Shield: <a href=\"https:\/\/www.privacyshield.gov\/participant?id=a2zt000000001L5AAI&amp;status=Active\">https:\/\/www.privacyshield.gov\/participant?id=a2zt000000001L5AAI&amp;status=Active<\/a>.\u2022 Twitter (Twitter Inc., 1355 Market Street, Suite 900, San Francisco, CA 94103, USA) &#8211; Datenschutzerkl\u00e4rung: <a href=\"https:\/\/twitter.com\/de\/privacy\">https:\/\/twitter.com\/de\/privacy<\/a>, Opt-Out: <a href=\"https:\/\/twitter.com\/personalization\">https:\/\/twitter.com\/personalization<\/a>, Privacy Shield: <a href=\"https:\/\/www.privacyshield.gov\/participant?id=a2zt0000000TORzAAO&amp;status=Active\">https:\/\/www.privacyshield.gov\/participant?id=a2zt0000000TORzAAO&amp;status=Active<\/a>.\u2022 XING (XING AG, Dammtorstra\u00dfe 29-32, 20354 Hamburg, Deutschland) &#8211; Datenschutzerkl\u00e4rung\/ Opt-Out: <a href=\"https:\/\/privacy.xing.com\/de\/datenschutzerklaerung\">https:\/\/privacy.xing.com\/de\/datenschutzerklaerung<\/a>.\u2022 LinkedIn (LinkedIn Ireland Unlimited Company, Wilton Place, Dublin 2, Irland) \u2013 Datenschutzerkl\u00e4rung: <a href=\"https:\/\/www.linkedin.com\/legal\/privacy-policy\">https:\/\/www.linkedin.com\/legal\/privacy-policy<\/a>, Cookie-Richtlinie und Opt-Out: <a href=\"https:\/\/www.linkedin.com\/legal\/cookie-policy\">https:\/\/www.linkedin.com\/legal\/cookie-policy<\/a>, Privacy Shield der US-Firma LinkedIn Inc.: <a href=\"https:\/\/www.privacyshield.gov\/participant?id=a2zt0000000L0UZAA0&amp;status=Active\">https:\/\/www.privacyshield.gov\/participant?id=a2zt0000000L0UZAA0&amp;status=Active<\/a>.<\/li>\n<\/ol>\n<p><strong>1.8 Datensparsamkeit<\/strong><\/p>\n<p>Die Betreiber dieser Seiten nehmen den Schutz Ihrer pers\u00f6nlichen Daten sehr ernst. Wir behandeln Daten vertraulich und entsprechend der gesetzlichen Datenschutzvorschriften sowie dieser Datenschutzerkl\u00e4rung.<\/p>\n<p>Die von Ihnen besuchte Website www.thinking.holistic-net.de ist im Kern eine rein informatorische Website. Sie hat keinen Shop-Charakter und speichert in diesem Sinne keine Kundendaten. Eine Datenspeicherung Ihrer Eingaben in diesen Formularen erfolgt mit Ihrer ausdr\u00fccklichen Zustimmung.<\/p>\n<p>Die Nutzung unserer Webseite ist in der Regel ohne Angabe personenbezogener Daten m\u00f6glich. Soweit auf unseren Seiten personenbezogene Daten (beispielsweise Name, Anschrift oder E-Mail-Adressen) erhoben werden, erfolgt dies, soweit m\u00f6glich, stets auf freiwilliger Basis. Diese Daten werden ohne Ihre ausdr\u00fcckliche Zustimmung nicht an Dritte weitergegeben.<\/p>\n<p>Wir weisen darauf hin, dass die Daten\u00fcbertragung im Internet (z.B. bei der Kommunikation per E-Mail) Sicherheitsl\u00fccken aufweisen kann. Ein l\u00fcckenloser Schutz der Daten vor dem Zugriff durch Dritte ist nicht m\u00f6glich.<\/p>\n<p><strong>1.9 Recht auf Auskunft, Berichtigung, Sperrung, L\u00f6schung<\/strong><\/p>\n<p>Sie haben jederzeit im Rahmen der geltenden gesetzlichen Bestimmungen das Recht auf unentgeltliche Auskunft \u00fcber Ihre gespeicherten personenbezogenen Daten, Herkunft der Daten, deren Empf\u00e4nger und den Zweck der Datenverarbeitung und ggf. ein Recht auf Berichtigung, Sperrung oder L\u00f6schung dieser Daten. Diesbez\u00fcglich und auch zu weiteren Fragen zum Thema personenbezogene Daten k\u00f6nnen Sie sich jederzeit an unsere Datenschutzbeauftrage wenden (Kontaktdaten am Ende der Datenschutzerkl\u00e4rung).<\/p>\n<p><strong>1.10 Widerruf Ihrer Einwilligung zur Datenverarbeitung<\/strong><\/p>\n<p>Nur mit Ihrer ausdr\u00fccklichen Einwilligung sind einige Vorg\u00e4nge der Datenverarbeitung m\u00f6glich. Ein Widerruf Ihrer bereits erteilten Einwilligung ist jederzeit m\u00f6glich. F\u00fcr den Widerruf gen\u00fcgt eine formlose Mitteilung per E-Mail. Die Rechtm\u00e4\u00dfigkeit der bis zum Widerruf erfolgten Datenverarbeitung bleibt vom Widerruf unber\u00fchrt.<\/p>\n<p><strong>1.11 Nutzungs- und Haftungsinformationen<\/strong><br \/>\nDie Webseite thinking.holistic-net.de der holistic-net GmbH kann statische und dynamische Verweise auf fremde Webseiten (links) beinhalten, so z.B. die Verlinkung zu unseren Partnern und Lieferanten. Der Anbieter der hiesigen Informationen hat keinen Einfluss auf den Inhalt dieser externen Webseiten. Diese unterliegen nicht der Kontrolle des Anbieters. Der Anbieter schlie\u00dft jede Haftung f\u00fcr diese externen Inhalte aus und erkl\u00e4rt, im Zeitpunkt der Verlinkung die verlinkten Inhalte auf erkennbare Rechtverst\u00f6\u00dfe \u00fcberpr\u00fcft, und dabei keine solchen festgestellt zu haben. Sollten Rechtsverst\u00f6\u00dfe bekannt werden, werden die Verweise unverz\u00fcglich entfernt.<\/p>\n<p><strong>1.12 Datenschutzbeauftragte<\/strong><\/p>\n<p>Die verantwortliche Stelle hat eine Datenschutzbeauftragte bestellt.<\/p>\n<p>Katja K\u00f6rting<\/p>\n<p>holistic-net GmbH<\/p>\n<p>Deisterstra\u00dfe 83<\/p>\n<p>30449 Hannover<\/p>\n<p>&nbsp;<\/p>\n<p>Telefon: +49 511 760728-0<\/p>\n<p>eMail: dsb@holistic-net.de<\/p>\n<p>&nbsp;<\/p>\n","protected":false},"excerpt":{"rendered":"<p>1. Datenschutzerkl\u00e4rung Die hier aufgef\u00fchrte Datenschutzerkl\u00e4rung soll \u00fcber die Art, den Umfang und den Zweck der Erhebung und Verwendung personenbezogener Daten durch den Websitebetreiber holistic-net GmbH aufkl\u00e4ren. Die Datenerhebung entspricht den Anforderungen der DSGVO und des BDSG. \u00c4nderungen und entsprechende &hellip; <a href=\"https:\/\/thinking.holistic-net.de\/?page_id=610&#038;lang=de\">Weiterlesen <span class=\"meta-nav\">&rarr;<\/span><\/a><\/p>\n","protected":false},"author":9,"featured_media":0,"parent":0,"menu_order":0,"comment_status":"closed","ping_status":"open","template":"","meta":{"footnotes":""},"class_list":["post-610","page","type-page","status-publish","hentry"],"_links":{"self":[{"href":"https:\/\/thinking.holistic-net.de\/index.php?rest_route=\/wp\/v2\/pages\/610","targetHints":{"allow":["GET"]}}],"collection":[{"href":"https:\/\/thinking.holistic-net.de\/index.php?rest_route=\/wp\/v2\/pages"}],"about":[{"href":"https:\/\/thinking.holistic-net.de\/index.php?rest_route=\/wp\/v2\/types\/page"}],"author":[{"embeddable":true,"href":"https:\/\/thinking.holistic-net.de\/index.php?rest_route=\/wp\/v2\/users\/9"}],"replies":[{"embeddable":true,"href":"https:\/\/thinking.holistic-net.de\/index.php?rest_route=%2Fwp%2Fv2%2Fcomments&post=610"}],"version-history":[{"count":16,"href":"https:\/\/thinking.holistic-net.de\/index.php?rest_route=\/wp\/v2\/pages\/610\/revisions"}],"predecessor-version":[{"id":2924,"href":"https:\/\/thinking.holistic-net.de\/index.php?rest_route=\/wp\/v2\/pages\/610\/revisions\/2924"}],"wp:attachment":[{"href":"https:\/\/thinking.holistic-net.de\/index.php?rest_route=%2Fwp%2Fv2%2Fmedia&parent=610"}],"curies":[{"name":"wp","href":"https:\/\/api.w.org\/{rel}","templated":true}]}}