{"id":561,"date":"2013-02-14T16:47:01","date_gmt":"2013-02-14T15:47:01","guid":{"rendered":"http:\/\/wp1117171.wp112.webpack.hosteurope.de\/thinksbtf\/thinking\/?page_id=561"},"modified":"2013-02-14T16:47:01","modified_gmt":"2013-02-14T15:47:01","slug":"nahe-am-abgrund","status":"publish","type":"page","link":"https:\/\/thinking.holistic-net.de\/?page_id=561&lang=de","title":{"rendered":"Nahe am Abgrund"},"content":{"rendered":"<p>Zur Causa \u201eStrauss-Kahn\u201c m\u00f6chte ich mich an dieser Stelle nicht \u00e4u\u00dfern. Zum einen liegt es nahe, mich als frankophilen Europ\u00e4er f\u00fcr befangen zu erkl\u00e4ren, zum anderen hat Anne Will mit ihrem Expertengremium schon alle Details gekl\u00e4rt. Dennoch m\u00f6chte ich von einem fast vergleichbaren Vorgang berichten.<\/p>\n<p>Meine Frau versuchte k\u00fcrzlich Hin- und R\u00fcckfahrt f\u00fcr die Strecke Hannover \u2013 Baden-Baden zu buchen. Eigentlich eine ICE-Strecke ohne Umsteigen. F\u00fcr die Hinfahrt traf diese Annahme auch zu, f\u00fcr die R\u00fcckfahrt gab es nur komplexeste Verbindungen mit Umsteigen. Wir konnten uns den Sachverhalt nicht erkl\u00e4ren. Irgendwann fragte mich meine Frau: \u201eWas ist denn dieses SEV Baden-Baden?\u201c Keine Ahnung. Fr\u00fcher dachte man nach, heutzutage googelt man. iPad am K\u00fcchentisch gez\u00fcckt und Frau Google fragen: \u201eSEV Baden-Baden\u201c. Aber Google wei\u00df, was M\u00e4nner w\u00fcnschen. Meinten Sie: \u201e<b>Sex in Baden-Baden<\/b>\u201c, lautet der freundliche Korrekturvorschlag.\u00a0 2.140.000 Results. Nun muss man schon einen starken Willen haben, um nicht testweise die ersten Results zu pr\u00fcfen. Und schon steht man mit einem halben Bein auf Rikers Island. Nebenbei gesagt: SEV bedeutet Schienenersatzverkehr, aber wen interessiert das noch. Dass Baden-Baden an diesen Tagen vom ICE-Betrieb wegen einer Br\u00fcckenrenovierung ausgespart wurde, interessiert noch weniger. Doof ist, wenn einem die Frau dann nach einer halben Stunde fragt: \u201eUnd, hast du etwas herausbekommen?\u201c<\/p>\n<p>Etwas herausbekommen wollte ich auch, als ich dem Blogger Sascha Pallenberg auf der DNUG Konferenz lauschte. \u00dcbrigens, wenn man nach \u201ePallenberg\u201c googelt, ist man \u00e4hnlich schnell auf Abwegen: Die Results beziehen sich prim\u00e4r auf Anita Pallenberg, angef\u00fchrt von Foto-Thumbnails, zu denen die Maus fast automatisch hinrutscht. Der Kollege Pallenberg stellte sich als Inkarnation des \u201eNeo-nomad\u201c vor und gl\u00e4nzte durch einen inhaltlich minimalistischen Vortrag \u00fcber seine pers\u00f6nliche IT-Ausstattung. Ein paar nette Bilder zum Inhalt seines Rucksackes, ein paar Theorien zu den Erfindern dieser Kleinteile und ein auch f\u00fcr ihn selbst \u00fcberraschend schnelles Vortragsende. Ein Freund und IT-Enthusiast im Publikum war kurz davor mit seinem szene-bekannten Adapterbeutel auf die B\u00fchne zu rennen, weil es zum Thema gepasst h\u00e4tte. Er sammelt Adapter f\u00fcr alle Lebenslagen: HDMI \u00fcber VGA auf Centronics,\u00a0 DVI \u00fcber USB an ISDN, usw. Er h\u00e4tte dem Kollegen Pallenberg spielend \u00fcber die letzten Minuten helfen k\u00f6nnen. Mir fehlt der Mut f\u00fcr solche Vortr\u00e4ge am Abgrund des Minimalismus. Ich muss mir dennoch dieses Business Model des Travelling Bloggers mal n\u00e4her angucken. Es reizt.<\/p>\n<p>Noch effizienter bez\u00fcglich des Vortragsaufwandes war ein Kollege vom IBM Tiger Team beim anschlie\u00dfenden Conference-Wrap-Up. Er war, obwohl zum Vortragsbeginn spontan IBM Suchtrupps losgeschickt wurden, nicht auffindbar. Vermutungen, dass er \u201emal f\u00fcr kleine K\u00f6nigstiger\u201c war, erwiesen sich als falsch. Aber IBMer sind Generalisten. Da kann jeder jeden aus dem Stegreif ersetzen. Ohne jegliche Einschr\u00e4nkungen in den Inhalten \u00fcbernahm der alleingelassene IBM Marketier souver\u00e4n den kompletten Vortrag. Als Gladbach-Fan wei\u00df auch er wie nahe der Abgrund ist. Der vermisste Referent erschien just in dem Moment im Saal als sein Co-Referent sich den abschlie\u00dfenden Beifall f\u00fcr ihren gemeinsamen Vortrag erarbeitet hatte. IBM-interne Kompensationsvereinbarungen \u2013 Gr\u00f6\u00dfenordnung: 1 Kiste Bier oder eine Flasche Whiskey \u2013 sind mir nicht bekannt geworden, w\u00e4ren aber fair.<\/p>\n<p>&nbsp;<\/p>\n","protected":false},"excerpt":{"rendered":"<p>Zur Causa \u201eStrauss-Kahn\u201c m\u00f6chte ich mich an dieser Stelle nicht \u00e4u\u00dfern. Zum einen liegt es nahe, mich als frankophilen Europ\u00e4er f\u00fcr befangen zu erkl\u00e4ren, zum anderen hat Anne Will mit ihrem Expertengremium schon alle Details gekl\u00e4rt. Dennoch m\u00f6chte ich von &hellip; <a href=\"https:\/\/thinking.holistic-net.de\/?page_id=561&#038;lang=de\">Weiterlesen <span class=\"meta-nav\">&rarr;<\/span><\/a><\/p>\n","protected":false},"author":7,"featured_media":0,"parent":552,"menu_order":0,"comment_status":"open","ping_status":"open","template":"","meta":{"footnotes":""},"class_list":["post-561","page","type-page","status-publish","hentry"],"_links":{"self":[{"href":"https:\/\/thinking.holistic-net.de\/index.php?rest_route=\/wp\/v2\/pages\/561","targetHints":{"allow":["GET"]}}],"collection":[{"href":"https:\/\/thinking.holistic-net.de\/index.php?rest_route=\/wp\/v2\/pages"}],"about":[{"href":"https:\/\/thinking.holistic-net.de\/index.php?rest_route=\/wp\/v2\/types\/page"}],"author":[{"embeddable":true,"href":"https:\/\/thinking.holistic-net.de\/index.php?rest_route=\/wp\/v2\/users\/7"}],"replies":[{"embeddable":true,"href":"https:\/\/thinking.holistic-net.de\/index.php?rest_route=%2Fwp%2Fv2%2Fcomments&post=561"}],"version-history":[{"count":1,"href":"https:\/\/thinking.holistic-net.de\/index.php?rest_route=\/wp\/v2\/pages\/561\/revisions"}],"predecessor-version":[{"id":562,"href":"https:\/\/thinking.holistic-net.de\/index.php?rest_route=\/wp\/v2\/pages\/561\/revisions\/562"}],"up":[{"embeddable":true,"href":"https:\/\/thinking.holistic-net.de\/index.php?rest_route=\/wp\/v2\/pages\/552"}],"wp:attachment":[{"href":"https:\/\/thinking.holistic-net.de\/index.php?rest_route=%2Fwp%2Fv2%2Fmedia&parent=561"}],"curies":[{"name":"wp","href":"https:\/\/api.w.org\/{rel}","templated":true}]}}

<p>Zur Causa „Strauss-Kahn“ möchte ich mich an dieser Stelle nicht äußern. Zum einen liegt es nahe, mich als frankophilen Europäer für befangen zu erklären, zum anderen hat Anne Will mit ihrem Expertengremium schon alle Details geklärt. Dennoch möchte ich von einem fast vergleichbaren Vorgang berichten.</p>
<p>Meine Frau versuchte kürzlich Hin- und Rückfahrt für die Strecke Hannover – Baden-Baden zu buchen. Eigentlich eine ICE-Strecke ohne Umsteigen. Für die Hinfahrt traf diese Annahme auch zu, für die Rückfahrt gab es nur komplexeste Verbindungen mit Umsteigen. Wir konnten uns den Sachverhalt nicht erklären. Irgendwann fragte mich meine Frau: „Was ist denn dieses SEV Baden-Baden?“ Keine Ahnung. Früher dachte man nach, heutzutage googelt man. iPad am Küchentisch gezückt und Frau Google fragen: „SEV Baden-Baden“. Aber Google weiß, was Männer wünschen. Meinten Sie: „<b>Sex in Baden-Baden</b>“, lautet der freundliche Korrekturvorschlag.  2.140.000 Results. Nun muss man schon einen starken Willen haben, um nicht testweise die ersten Results zu prüfen. Und schon steht man mit einem halben Bein auf Rikers Island. Nebenbei gesagt: SEV bedeutet Schienenersatzverkehr, aber wen interessiert das noch. Dass Baden-Baden an diesen Tagen vom ICE-Betrieb wegen einer Brückenrenovierung ausgespart wurde, interessiert noch weniger. Doof ist, wenn einem die Frau dann nach einer halben Stunde fragt: „Und, hast du etwas herausbekommen?“</p>
<p>Etwas herausbekommen wollte ich auch, als ich dem Blogger Sascha Pallenberg auf der DNUG Konferenz lauschte. Übrigens, wenn man nach „Pallenberg“ googelt, ist man ähnlich schnell auf Abwegen: Die Results beziehen sich primär auf Anita Pallenberg, angeführt von Foto-Thumbnails, zu denen die Maus fast automatisch hinrutscht. Der Kollege Pallenberg stellte sich als Inkarnation des „Neo-nomad“ vor und glänzte durch einen inhaltlich minimalistischen Vortrag über seine persönliche IT-Ausstattung. Ein paar nette Bilder zum Inhalt seines Rucksackes, ein paar Theorien zu den Erfindern dieser Kleinteile und ein auch für ihn selbst überraschend schnelles Vortragsende. Ein Freund und IT-Enthusiast im Publikum war kurz davor mit seinem szene-bekannten Adapterbeutel auf die Bühne zu rennen, weil es zum Thema gepasst hätte. Er sammelt Adapter für alle Lebenslagen: HDMI über VGA auf Centronics,  DVI über USB an ISDN, usw. Er hätte dem Kollegen Pallenberg spielend über die letzten Minuten helfen können. Mir fehlt der Mut für solche Vorträge am Abgrund des Minimalismus. Ich muss mir dennoch dieses Business Model des Travelling Bloggers mal näher angucken. Es reizt.</p>
<p>Noch effizienter bezüglich des Vortragsaufwandes war ein Kollege vom IBM Tiger Team beim anschließenden Conference-Wrap-Up. Er war, obwohl zum Vortragsbeginn spontan IBM Suchtrupps losgeschickt wurden, nicht auffindbar. Vermutungen, dass er „mal für kleine Königstiger“ war, erwiesen sich als falsch. Aber IBMer sind Generalisten. Da kann jeder jeden aus dem Stegreif ersetzen. Ohne jegliche Einschränkungen in den Inhalten übernahm der alleingelassene IBM Marketier souverän den kompletten Vortrag. Als Gladbach-Fan weiß auch er wie nahe der Abgrund ist. Der vermisste Referent erschien just in dem Moment im Saal als sein Co-Referent sich den abschließenden Beifall für ihren gemeinsamen Vortrag erarbeitet hatte. IBM-interne Kompensationsvereinbarungen – Größenordnung: 1 Kiste Bier oder eine Flasche Whiskey – sind mir nicht bekannt geworden, wären aber fair.</p>
<p>&nbsp;</p>

<p>Zur Causa „Strauss-Kahn“ möchte ich mich an dieser Stelle nicht äußern. Zum einen liegt es nahe, mich als frankophilen Europäer für befangen zu erklären, zum anderen hat Anne Will mit ihrem Expertengremium schon alle Details geklärt. Dennoch möchte ich von &hellip; <a href="https://thinking.holistic-net.de/?page_id=561&#038;lang=de">Weiterlesen <span class="meta-nav">&rarr;</span></a></p>
