{"id":56,"date":"2013-01-15T13:15:17","date_gmt":"2013-01-15T13:15:17","guid":{"rendered":"http:\/\/wp1117171.wp153.webpack.hosteurope.de\/thinksbtf\/thinking\/?page_id=56"},"modified":"2013-01-18T08:52:01","modified_gmt":"2013-01-18T08:52:01","slug":"nervenkitzel-tranen-und-technische-uberraschungen","status":"publish","type":"page","link":"https:\/\/thinking.holistic-net.de\/?page_id=56&lang=de","title":{"rendered":"Nervenkitzel, Tr\u00e4nen und technische \u00dcberraschungen"},"content":{"rendered":"<p>\u00c4hnlich wie der fr\u00fchere Chefredakteur, Herr von Bechen, gibt mir auch die neue Chefredakteurin Frau Coester \u00a0gelegentlich Anregungen, welche Themen denn in der n\u00e4chsten Glosse verabeitet werden k\u00f6nnten. Der aktuelle Hinweis lautete: Es gibt viele tolle Messen im Herbst, z.B. die DMS-Expo. Ich mu\u00df leider sagen, dass mir mein Arzt die Teilnahme an der DMS-Expo verboten hat. Sie ist zu aufregend. St\u00e4ndig der Nervenkitzel, wo kommen die Dokumente her, wo gehen sie hin, wer hat sie wo gespeichert, sind sie \u00fcberhaupt noch da. Nervenzerrei\u00dfende Spannung. Mein Arzt sagte nur: \u201eHerr Allmann, sie wissen, ihr Blutdruck, bleiben sie aus gesundheitlichen Gr\u00fcnden diesem Event fern.\u201c \u00a0Ich muss dem Alter Tribut zollen und speziell Dokumentenmanagement-Messen j\u00fcngeren Kollegen \u00fcberlassen.<\/p>\n<p>Tr\u00e4nen trieb mir das Lesen eines Interviews mit Ren\u00e9 Obermann in der Zeit in die Augen. Der arme Tropf beklagt sich dar\u00fcber, dass die \u00f6ffentliche Wahrnehmung von Vorstandsvorsitzenden nicht stimme, dass er vor lauter Respekt seinen ehemaligen Aufsichtsratschef Zumwinkel nicht \u00f6ffentlich mit Vorw\u00fcrfen konfrontieren wolle, dass die b\u00f6se EU-Kommission die Telekom zu stark regulieren w\u00fcrde und dass die Wettbewerber nur warten bis die geplagte Telekom jeden Winkel der Republik mit Breitband ausstattet. Danach zwingen die b\u00f6sen Regulierer die Telekom, die zeckenartigen Provider zur Netznutzung zuzulassen. Im Rahmen unseres Firmenumzuges habe ich gerade gegenteilige Erfahrung gemacht. Die Telekom reitet nach wie vor auf dem Monopolisten-Ross. Wir bekommen nicht genug Leitungen bereitgestellt, d.h. unser Provider bekommt sie nicht, weil es angeblich nicht so viele gibt. Bei der Telekom direkt bekommen wir ausreichend Leitungen, aber eben nur bei der Telekom direkt. Ich nenne das Wettbewerbsverzerrung oder Erpressung. Wenn ich dann versuche den Sachverhalt \u00fcber die kaskadierten Call-Center der Telekom zu kl\u00e4ren, dr\u00e4ngt sich mir der Eindruck einer kriminellen Vereinigung auf, mit dem larmoyanten Herrn Obermann an der Spitze und Frau Merkel als Mehrheitseignerin. Ich werde mal eine kleine Anfrage an die EU Wettbewerbsw\u00e4chterin Neelie Kroes senden und fragen, ob diese Praktiken bekannt und sanktioniert sind. In anderen Zusammenh\u00e4ngen habe ich geh\u00f6rt, dass die Telekom f\u00fcr die wei\u00dfen Fl\u00e4chen auf der Breitband-Landkarte bei\u00a0 gewerblichen oder privaten Anfragen nach DSL-Anschl\u00fcssen einfach keine Angebote mehr macht.\u00a0 Man kann das offenbar auch aussitzen.<\/p>\n<p>Zum Abschlu\u00df noch ein Sprung in das Thema \u201eTechnische \u00dcberraschungen\u201c. K\u00fcrzlich beim Coldplay-Konzert in Hannover stand vor mir ein junger Mann und wollte mit seinem Super-Handy ein Photo von Chris Martin machen, als dieser vor uns \u00fcber die B\u00fchne fetzte. Er hielt das Handy hoch und dr\u00fcckte auf den Aufl\u00f6ser. Das Entsetzen war gro\u00df als er auf das Ergebnis blickte. Er hatte ein Bild von mir gemacht, der ich doch hinter ihm stand. Ich sagte nur: \u201eNa! Neues Handy mit zwei\u00a0 Objektiven! Dumm gelaufen!\u201c<\/p>\n<p>Freuen wir uns also auf den goldenen Herbst, mit Wirtschaftswachstum, tollen Messen, von Lobbyisten gesch\u00fctzen Monopolisten und Westerwelle beim Fallschirmspringen.<\/p>\n","protected":false},"excerpt":{"rendered":"<p>\u00c4hnlich wie der fr\u00fchere Chefredakteur, Herr von Bechen, gibt mir auch die neue Chefredakteurin Frau Coester \u00a0gelegentlich Anregungen, welche Themen denn in der n\u00e4chsten Glosse verabeitet werden k\u00f6nnten. Der aktuelle Hinweis lautete: Es gibt viele tolle Messen im Herbst, z.B. &hellip; <a href=\"https:\/\/thinking.holistic-net.de\/?page_id=56&#038;lang=de\">Weiterlesen <span class=\"meta-nav\">&rarr;<\/span><\/a><\/p>\n","protected":false},"author":1,"featured_media":0,"parent":374,"menu_order":0,"comment_status":"open","ping_status":"open","template":"","meta":{"footnotes":""},"class_list":["post-56","page","type-page","status-publish","hentry"],"_links":{"self":[{"href":"https:\/\/thinking.holistic-net.de\/index.php?rest_route=\/wp\/v2\/pages\/56","targetHints":{"allow":["GET"]}}],"collection":[{"href":"https:\/\/thinking.holistic-net.de\/index.php?rest_route=\/wp\/v2\/pages"}],"about":[{"href":"https:\/\/thinking.holistic-net.de\/index.php?rest_route=\/wp\/v2\/types\/page"}],"author":[{"embeddable":true,"href":"https:\/\/thinking.holistic-net.de\/index.php?rest_route=\/wp\/v2\/users\/1"}],"replies":[{"embeddable":true,"href":"https:\/\/thinking.holistic-net.de\/index.php?rest_route=%2Fwp%2Fv2%2Fcomments&post=56"}],"version-history":[{"count":2,"href":"https:\/\/thinking.holistic-net.de\/index.php?rest_route=\/wp\/v2\/pages\/56\/revisions"}],"predecessor-version":[{"id":381,"href":"https:\/\/thinking.holistic-net.de\/index.php?rest_route=\/wp\/v2\/pages\/56\/revisions\/381"}],"up":[{"embeddable":true,"href":"https:\/\/thinking.holistic-net.de\/index.php?rest_route=\/wp\/v2\/pages\/374"}],"wp:attachment":[{"href":"https:\/\/thinking.holistic-net.de\/index.php?rest_route=%2Fwp%2Fv2%2Fmedia&parent=56"}],"curies":[{"name":"wp","href":"https:\/\/api.w.org\/{rel}","templated":true}]}}

Nervenkitzel, Tränen und technische Überraschungen

<p>Ähnlich wie der frühere Chefredakteur, Herr von Bechen, gibt mir auch die neue Chefredakteurin Frau Coester  gelegentlich Anregungen, welche Themen denn in der nächsten Glosse verabeitet werden könnten. Der aktuelle Hinweis lautete: Es gibt viele tolle Messen im Herbst, z.B. die DMS-Expo. Ich muß leider sagen, dass mir mein Arzt die Teilnahme an der DMS-Expo verboten hat. Sie ist zu aufregend. Ständig der Nervenkitzel, wo kommen die Dokumente her, wo gehen sie hin, wer hat sie wo gespeichert, sind sie überhaupt noch da. Nervenzerreißende Spannung. Mein Arzt sagte nur: „Herr Allmann, sie wissen, ihr Blutdruck, bleiben sie aus gesundheitlichen Gründen diesem Event fern.“  Ich muss dem Alter Tribut zollen und speziell Dokumentenmanagement-Messen jüngeren Kollegen überlassen.</p>
<p>Tränen trieb mir das Lesen eines Interviews mit René Obermann in der Zeit in die Augen. Der arme Tropf beklagt sich darüber, dass die öffentliche Wahrnehmung von Vorstandsvorsitzenden nicht stimme, dass er vor lauter Respekt seinen ehemaligen Aufsichtsratschef Zumwinkel nicht öffentlich mit Vorwürfen konfrontieren wolle, dass die böse EU-Kommission die Telekom zu stark regulieren würde und dass die Wettbewerber nur warten bis die geplagte Telekom jeden Winkel der Republik mit Breitband ausstattet. Danach zwingen die bösen Regulierer die Telekom, die zeckenartigen Provider zur Netznutzung zuzulassen. Im Rahmen unseres Firmenumzuges habe ich gerade gegenteilige Erfahrung gemacht. Die Telekom reitet nach wie vor auf dem Monopolisten-Ross. Wir bekommen nicht genug Leitungen bereitgestellt, d.h. unser Provider bekommt sie nicht, weil es angeblich nicht so viele gibt. Bei der Telekom direkt bekommen wir ausreichend Leitungen, aber eben nur bei der Telekom direkt. Ich nenne das Wettbewerbsverzerrung oder Erpressung. Wenn ich dann versuche den Sachverhalt über die kaskadierten Call-Center der Telekom zu klären, drängt sich mir der Eindruck einer kriminellen Vereinigung auf, mit dem larmoyanten Herrn Obermann an der Spitze und Frau Merkel als Mehrheitseignerin. Ich werde mal eine kleine Anfrage an die EU Wettbewerbswächterin Neelie Kroes senden und fragen, ob diese Praktiken bekannt und sanktioniert sind. In anderen Zusammenhängen habe ich gehört, dass die Telekom für die weißen Flächen auf der Breitband-Landkarte bei  gewerblichen oder privaten Anfragen nach DSL-Anschlüssen einfach keine Angebote mehr macht.  Man kann das offenbar auch aussitzen.</p>
<p>Zum Abschluß noch ein Sprung in das Thema „Technische Überraschungen“. Kürzlich beim Coldplay-Konzert in Hannover stand vor mir ein junger Mann und wollte mit seinem Super-Handy ein Photo von Chris Martin machen, als dieser vor uns über die Bühne fetzte. Er hielt das Handy hoch und drückte auf den Auflöser. Das Entsetzen war groß als er auf das Ergebnis blickte. Er hatte ein Bild von mir gemacht, der ich doch hinter ihm stand. Ich sagte nur: „Na! Neues Handy mit zwei  Objektiven! Dumm gelaufen!“</p>
<p>Freuen wir uns also auf den goldenen Herbst, mit Wirtschaftswachstum, tollen Messen, von Lobbyisten geschützen Monopolisten und Westerwelle beim Fallschirmspringen.</p>

<p>Ähnlich wie der frühere Chefredakteur, Herr von Bechen, gibt mir auch die neue Chefredakteurin Frau Coester  gelegentlich Anregungen, welche Themen denn in der nächsten Glosse verabeitet werden könnten. Der aktuelle Hinweis lautete: Es gibt viele tolle Messen im Herbst, z.B. &hellip; <a href="https://thinking.holistic-net.de/?page_id=56&#038;lang=de">Weiterlesen <span class="meta-nav">&rarr;</span></a></p>
