{"id":52,"date":"2013-01-15T13:14:06","date_gmt":"2013-01-15T13:14:06","guid":{"rendered":"http:\/\/wp1117171.wp153.webpack.hosteurope.de\/thinksbtf\/thinking\/?page_id=52"},"modified":"2013-01-18T08:51:32","modified_gmt":"2013-01-18T08:51:32","slug":"freischwimmen-in-der-krise","status":"publish","type":"page","link":"https:\/\/thinking.holistic-net.de\/?page_id=52&lang=de","title":{"rendered":"(Frei)schwimmen in der Krise"},"content":{"rendered":"<p>Das h\u00e4tten wir uns vor einem Jahr noch nicht tr\u00e4umen lassen, dass diese Wirtschaftskrise zum beherrschenden Thema unseres Alltags wird. Nur Amokl\u00e4ufe k\u00f6nnen das Thema noch von den Titelseiten der Tagespresse verdr\u00e4ngen. Die Politiker scheinen mir nach wie vor hoffnungslos \u00fcberfordert. Populismus steht klar im Vordergrund. Hier mal f\u00fcr eine Wirtschaftsspritze, dort mal f\u00fcr Steuersenkungen schreien. Das Wort Abwrackpr\u00e4mie wird mit Sicherheit zum Wort es Jahres 2009.<\/p>\n<p>Hektische Reisen nach Detroit, den n\u00e4chsten Wahlkampf immer klar vor Augen. Verstaatlichung von Banken, aber bitte erst nach Zahlung der Managergeh\u00e4lter. K\u00fcrzlich stand in der Hannoverschen Allgemeinen die \u00dcberschrift: \u201eWirbel um Mastanlage\u201c. Auf den ersten Blick dachte ich, dass die HAZ sich zu einem journalistischen Stil, der eher der TAZ zuzuordnen ist, aufgeschwungen\u00a0 hat, aber es ging nicht um eine Bank oder die Vorstandsetage eines Industrieunternehmens sondern tats\u00e4chlich um eine Schweinemastanlage in der N\u00e4he eines G\u00e4stehauses der Bundesregierung. Viele unserer Politiker halte ich durchaus f\u00fcr ausreichend intelligent, um gewisse kausale Zusammenh\u00e4nge der Finanzwirtschaft zu durchschauen. Aber ihre Verstrickung im Lobbyismus ist so umfangreich, dass den meisten gar kein sinnvolles Handeln m\u00f6glich ist. So wird die verf\u00fcgbare Intelligenz zur Bedienung der Seilschaften und der Absicherung des eigenen Wahlkampfes genutzt. Ich habe das starke Gef\u00fchl, dass es da noch ein paar goldene K\u00e4lber zu schlachten gibt. Barack \u201eYes we can!\u201c Obama stellt einen Hoffnungsschimmer dar, aber Angie und Herr Bruni sind noch sehr Lobbyismus-konform.<\/p>\n<p>Auf der CeBIT versuchten Messe AG und Aussteller verhaltenen Optimismus auszustrahlen. Was soll man auch anderes tun. Um die ber\u00fchmten Auftragsb\u00fccher, von denen ich nach wie vor keines zu Gesicht bekommen habe, die aber offenbar jeden Abend zum Addieren bei der Messe AG abgegeben werden, steht es angeblich gar nicht so schlecht. Ich hatte die Ehre an einem Meeting im IBM-Pavillon auf dem Dach der inzwischen nicht mehr genutzten Halle 1 teilzunehmen. Dort herrschen apokalyptische Zust\u00e4nde, allerdings schon seit einigen Jahren. Man schlittert auf vermoosten Pfaden zwischen den dahingammelnden, teilweise abgerissenen Pavillons zum letzten belebten Bau, dem IBM Pavillon. Es ist mir unverst\u00e4ndlich, dass die fr\u00fcheren Inhaber nicht wenigstens ihre Firmenlogos aus den verfallenden H\u00fctten entfernt haben. Hollywood-Regisseure, die einen Wirtschaftskrimi drehen wollen, sollten dort ein ideales Gel\u00e4nde vorfinden.<\/p>\n<p>Nat\u00fcrlich geht die Krise auch an unseren Auftragsb\u00fcchern nicht spurlos vorbei. Einzelne Unternehmen bem\u00fchen sich nun \u201eunter Tr\u00e4nen\u201c neue Tagess\u00e4tze mit uns zu verhandeln. Ein Gebot der Zeit, wie man uns sagt. Am gleichen Tag ist in der Zeitung zu lesen, dass ein geschasster Vorstand eine Abfindung\u00a0 erhalten hat, mit der man unsere komplette Firma \u00fcber Jahre alimentieren k\u00f6nnte und ich bin sicher, unsere Wertsch\u00f6pfung w\u00fcrde die Abfindung um ein vielfaches \u00fcbersteigen. Das demotiviert nat\u00fcrlich ein bisschen bei der Verhandlung um Tagess\u00e4tze.<\/p>\n<p><strong>Achtung: Nun kommt \u2013 gerade noch rechtzeitig &#8211; wieder der Schwenk ins Positive!<\/strong> Ein Sonderheft der Computerwoche mit dem Titel \u201eNeu booten \u2013 Denn Krise ist, was wir daraus machen\u201c hat mich sehr beeindruckt. Es enth\u00e4lt lesenswerte Beitr\u00e4ge \u00fcber den konstruktiven Umgang mit der Krise. Vorbereitung auf die Zeit danach. Wer jetzt vieles richtig macht, kommt als Gewinner aus der Krise. Mein pers\u00f6nliches Krisenbarometer sind die Konsumentenscharen am Fu\u00dfg\u00e4nger\u00fcberweg zwischen dem hann\u00f6verschen Bahnhof und der glanzvollen Ernst-August-Galerie. Solange ich dort \u00fcber mehrere Ampelphasen lang nicht abbiegen kann, weil die Massen mit den Plastikt\u00fcten das nicht zulassen, scheinen wir im Konsumklima kein echtes Problem zu haben. Das Geld ist offenbar nicht weg.<\/p>\n","protected":false},"excerpt":{"rendered":"<p>Das h\u00e4tten wir uns vor einem Jahr noch nicht tr\u00e4umen lassen, dass diese Wirtschaftskrise zum beherrschenden Thema unseres Alltags wird. Nur Amokl\u00e4ufe k\u00f6nnen das Thema noch von den Titelseiten der Tagespresse verdr\u00e4ngen. Die Politiker scheinen mir nach wie vor hoffnungslos &hellip; <a href=\"https:\/\/thinking.holistic-net.de\/?page_id=52&#038;lang=de\">Weiterlesen <span class=\"meta-nav\">&rarr;<\/span><\/a><\/p>\n","protected":false},"author":1,"featured_media":0,"parent":374,"menu_order":0,"comment_status":"open","ping_status":"open","template":"","meta":{"footnotes":""},"class_list":["post-52","page","type-page","status-publish","hentry"],"_links":{"self":[{"href":"https:\/\/thinking.holistic-net.de\/index.php?rest_route=\/wp\/v2\/pages\/52","targetHints":{"allow":["GET"]}}],"collection":[{"href":"https:\/\/thinking.holistic-net.de\/index.php?rest_route=\/wp\/v2\/pages"}],"about":[{"href":"https:\/\/thinking.holistic-net.de\/index.php?rest_route=\/wp\/v2\/types\/page"}],"author":[{"embeddable":true,"href":"https:\/\/thinking.holistic-net.de\/index.php?rest_route=\/wp\/v2\/users\/1"}],"replies":[{"embeddable":true,"href":"https:\/\/thinking.holistic-net.de\/index.php?rest_route=%2Fwp%2Fv2%2Fcomments&post=52"}],"version-history":[{"count":2,"href":"https:\/\/thinking.holistic-net.de\/index.php?rest_route=\/wp\/v2\/pages\/52\/revisions"}],"predecessor-version":[{"id":379,"href":"https:\/\/thinking.holistic-net.de\/index.php?rest_route=\/wp\/v2\/pages\/52\/revisions\/379"}],"up":[{"embeddable":true,"href":"https:\/\/thinking.holistic-net.de\/index.php?rest_route=\/wp\/v2\/pages\/374"}],"wp:attachment":[{"href":"https:\/\/thinking.holistic-net.de\/index.php?rest_route=%2Fwp%2Fv2%2Fmedia&parent=52"}],"curies":[{"name":"wp","href":"https:\/\/api.w.org\/{rel}","templated":true}]}}

<p>Das hätten wir uns vor einem Jahr noch nicht träumen lassen, dass diese Wirtschaftskrise zum beherrschenden Thema unseres Alltags wird. Nur Amokläufe können das Thema noch von den Titelseiten der Tagespresse verdrängen. Die Politiker scheinen mir nach wie vor hoffnungslos überfordert. Populismus steht klar im Vordergrund. Hier mal für eine Wirtschaftsspritze, dort mal für Steuersenkungen schreien. Das Wort Abwrackprämie wird mit Sicherheit zum Wort es Jahres 2009.</p>
<p>Hektische Reisen nach Detroit, den nächsten Wahlkampf immer klar vor Augen. Verstaatlichung von Banken, aber bitte erst nach Zahlung der Managergehälter. Kürzlich stand in der Hannoverschen Allgemeinen die Überschrift: „Wirbel um Mastanlage“. Auf den ersten Blick dachte ich, dass die HAZ sich zu einem journalistischen Stil, der eher der TAZ zuzuordnen ist, aufgeschwungen  hat, aber es ging nicht um eine Bank oder die Vorstandsetage eines Industrieunternehmens sondern tatsächlich um eine Schweinemastanlage in der Nähe eines Gästehauses der Bundesregierung. Viele unserer Politiker halte ich durchaus für ausreichend intelligent, um gewisse kausale Zusammenhänge der Finanzwirtschaft zu durchschauen. Aber ihre Verstrickung im Lobbyismus ist so umfangreich, dass den meisten gar kein sinnvolles Handeln möglich ist. So wird die verfügbare Intelligenz zur Bedienung der Seilschaften und der Absicherung des eigenen Wahlkampfes genutzt. Ich habe das starke Gefühl, dass es da noch ein paar goldene Kälber zu schlachten gibt. Barack „Yes we can!“ Obama stellt einen Hoffnungsschimmer dar, aber Angie und Herr Bruni sind noch sehr Lobbyismus-konform.</p>
<p>Auf der CeBIT versuchten Messe AG und Aussteller verhaltenen Optimismus auszustrahlen. Was soll man auch anderes tun. Um die berühmten Auftragsbücher, von denen ich nach wie vor keines zu Gesicht bekommen habe, die aber offenbar jeden Abend zum Addieren bei der Messe AG abgegeben werden, steht es angeblich gar nicht so schlecht. Ich hatte die Ehre an einem Meeting im IBM-Pavillon auf dem Dach der inzwischen nicht mehr genutzten Halle 1 teilzunehmen. Dort herrschen apokalyptische Zustände, allerdings schon seit einigen Jahren. Man schlittert auf vermoosten Pfaden zwischen den dahingammelnden, teilweise abgerissenen Pavillons zum letzten belebten Bau, dem IBM Pavillon. Es ist mir unverständlich, dass die früheren Inhaber nicht wenigstens ihre Firmenlogos aus den verfallenden Hütten entfernt haben. Hollywood-Regisseure, die einen Wirtschaftskrimi drehen wollen, sollten dort ein ideales Gelände vorfinden.</p>
<p>Natürlich geht die Krise auch an unseren Auftragsbüchern nicht spurlos vorbei. Einzelne Unternehmen bemühen sich nun „unter Tränen“ neue Tagessätze mit uns zu verhandeln. Ein Gebot der Zeit, wie man uns sagt. Am gleichen Tag ist in der Zeitung zu lesen, dass ein geschasster Vorstand eine Abfindung  erhalten hat, mit der man unsere komplette Firma über Jahre alimentieren könnte und ich bin sicher, unsere Wertschöpfung würde die Abfindung um ein vielfaches übersteigen. Das demotiviert natürlich ein bisschen bei der Verhandlung um Tagessätze.</p>
<p><strong>Achtung: Nun kommt – gerade noch rechtzeitig &#8211; wieder der Schwenk ins Positive!</strong> Ein Sonderheft der Computerwoche mit dem Titel „Neu booten – Denn Krise ist, was wir daraus machen“ hat mich sehr beeindruckt. Es enthält lesenswerte Beiträge über den konstruktiven Umgang mit der Krise. Vorbereitung auf die Zeit danach. Wer jetzt vieles richtig macht, kommt als Gewinner aus der Krise. Mein persönliches Krisenbarometer sind die Konsumentenscharen am Fußgängerüberweg zwischen dem hannöverschen Bahnhof und der glanzvollen Ernst-August-Galerie. Solange ich dort über mehrere Ampelphasen lang nicht abbiegen kann, weil die Massen mit den Plastiktüten das nicht zulassen, scheinen wir im Konsumklima kein echtes Problem zu haben. Das Geld ist offenbar nicht weg.</p>

<p>Das hätten wir uns vor einem Jahr noch nicht träumen lassen, dass diese Wirtschaftskrise zum beherrschenden Thema unseres Alltags wird. Nur Amokläufe können das Thema noch von den Titelseiten der Tagespresse verdrängen. Die Politiker scheinen mir nach wie vor hoffnungslos &hellip; <a href="https://thinking.holistic-net.de/?page_id=52&#038;lang=de">Weiterlesen <span class="meta-nav">&rarr;</span></a></p>
