{"id":453,"date":"2013-01-18T17:03:10","date_gmt":"2013-01-18T17:03:10","guid":{"rendered":"http:\/\/wp1117171.wp153.webpack.hosteurope.de\/thinksbtf\/thinking\/?page_id=453"},"modified":"2013-01-24T17:07:55","modified_gmt":"2013-01-24T17:07:55","slug":"glossen-2001-2004","status":"publish","type":"page","link":"https:\/\/thinking.holistic-net.de\/?page_id=453&lang=de","title":{"rendered":"Glossen 2001 &#8211; 2004"},"content":{"rendered":"<p><a href=\"http:\/\/wp1117171.wp112.webpack.hosteurope.de\/thinksbtf\/thinking\/?page_id=116\"><b>2004<\/b><\/a>: Perfektion und Leidensf\u00e4higkeit\u00a0 &#8230; Von der Allgemeinbildung zum Expertensystem &#8230; Das Urlaubsquartal &#8230; Die W\u00fcste lebt &#8230; Management per Excel-Sheet &#8230; Fr\u00fchlingsenergien oder welche Wege f\u00fchren zum Entscheidungstr\u00e4ger? &#8230; Vom Mail-Kollaps und anderem\u00a0 &#8230; Buchen Sie eine Java-Schulung! &#8230; <a href=\"http:\/\/wp1117171.wp112.webpack.hosteurope.de\/thinksbtf\/thinking\/?page_id=118\"><b>2003<\/b><\/a>: \u201eZweitverwertung\u201c der Berufserfahrung\u00a0 &#8230; Ist Mittelstandsoffensive gefragt? &#8230; Technology at it\u2019s best &#8230; Der (un)m\u00fcndige Verbraucher! &#8230; Fr\u00fchjahrsputz in der IT\u00a0 &#8230; \u00a0 Drahtlose H\u00f6henfl\u00fcge &#8230; R\u00fcckkehr zur Qualit\u00e4t! &#8230; Neues Jahr, neues Gl\u00fcck! &#8230; <a href=\"http:\/\/wp1117171.wp112.webpack.hosteurope.de\/thinksbtf\/thinking\/?page_id=120\"><b>2002<\/b><\/a>: Horizonte, Perspektiven und Humor im Big Business &#8230; Auf der Suche nach Verl\u00e4sslichem &#8230; Renaissance des Surrealismus &#8230; Kundenn\u00e4he auf die Spitze getrieben! &#8230; Frischer Wind f\u00fcr unsere Konjunktur &#8230; Grenzbereiche des Managements &#8230; Investitionen gesichert \u2013 oder Mut zu neuen Investitionen? &#8230; Zu neuen Ufern? &#8230; <a href=\"http:\/\/wp1117171.wp112.webpack.hosteurope.de\/thinksbtf\/thinking\/?page_id=122\"><b>2001<\/b><\/a>: \u00dcbergangszeiten &#8230; Die Glosse danach &#8230; Raus aus dem Jammertal! &#8230; Theorie und Praxis im Projektgesch\u00e4ft: Top-down oder Bottom-up &#8230; Geheimnisvolle Vertriebserfolge &#8230; Quo vadis, Lotus? &#8230; Der moderne M\u00fclleimer &#8230; Die Sitten verrohen oder das Niveau sinkt unter denKanaldeckel! &#8230;<\/p>\n","protected":false},"excerpt":{"rendered":"<p>2004: Perfektion und Leidensf\u00e4higkeit\u00a0 &#8230; Von der Allgemeinbildung zum Expertensystem &#8230; Das Urlaubsquartal &#8230; Die W\u00fcste lebt &#8230; Management per Excel-Sheet &#8230; Fr\u00fchlingsenergien oder welche Wege f\u00fchren zum Entscheidungstr\u00e4ger? &#8230; Vom Mail-Kollaps und anderem\u00a0 &#8230; Buchen Sie eine Java-Schulung! &#8230; &hellip; <a href=\"https:\/\/thinking.holistic-net.de\/?page_id=453&#038;lang=de\">Weiterlesen <span class=\"meta-nav\">&rarr;<\/span><\/a><\/p>\n","protected":false},"author":7,"featured_media":0,"parent":8,"menu_order":7,"comment_status":"open","ping_status":"closed","template":"","meta":{"footnotes":""},"class_list":["post-453","page","type-page","status-publish","hentry"],"_links":{"self":[{"href":"https:\/\/thinking.holistic-net.de\/index.php?rest_route=\/wp\/v2\/pages\/453","targetHints":{"allow":["GET"]}}],"collection":[{"href":"https:\/\/thinking.holistic-net.de\/index.php?rest_route=\/wp\/v2\/pages"}],"about":[{"href":"https:\/\/thinking.holistic-net.de\/index.php?rest_route=\/wp\/v2\/types\/page"}],"author":[{"embeddable":true,"href":"https:\/\/thinking.holistic-net.de\/index.php?rest_route=\/wp\/v2\/users\/7"}],"replies":[{"embeddable":true,"href":"https:\/\/thinking.holistic-net.de\/index.php?rest_route=%2Fwp%2Fv2%2Fcomments&post=453"}],"version-history":[{"count":5,"href":"https:\/\/thinking.holistic-net.de\/index.php?rest_route=\/wp\/v2\/pages\/453\/revisions"}],"predecessor-version":[{"id":507,"href":"https:\/\/thinking.holistic-net.de\/index.php?rest_route=\/wp\/v2\/pages\/453\/revisions\/507"}],"up":[{"embeddable":true,"href":"https:\/\/thinking.holistic-net.de\/index.php?rest_route=\/wp\/v2\/pages\/8"}],"wp:attachment":[{"href":"https:\/\/thinking.holistic-net.de\/index.php?rest_route=%2Fwp%2Fv2%2Fmedia&parent=453"}],"curies":[{"name":"wp","href":"https:\/\/api.w.org\/{rel}","templated":true}]}}