{"id":45,"date":"2013-01-15T13:08:55","date_gmt":"2013-01-15T13:08:55","guid":{"rendered":"http:\/\/wp1117171.wp153.webpack.hosteurope.de\/thinksbtf\/thinking\/?page_id=45"},"modified":"2013-01-18T08:52:46","modified_gmt":"2013-01-18T08:52:46","slug":"was-warewenn","status":"publish","type":"page","link":"https:\/\/thinking.holistic-net.de\/?page_id=45&lang=de","title":{"rendered":"Was w\u00e4re,wenn?"},"content":{"rendered":"<p>Wie bereits in fr\u00fcheren Glossen erw\u00e4hnt, versucht mir Herr von Bechen, der Chefredakteur dieses Magazins, gelegentlich ein paar Anregungen mit auf den Weg zu geben.\u00a0 Anl\u00e4sslich des 2000sten Jubil\u00e4ums der Schlacht im Teutoburger Wald sollte ich dar\u00fcber sinnieren, was denn passiert w\u00e4re, wenn Hermann den Varus nicht geschlagen h\u00e4tte. Berlusconi w\u00fcrde als direkter Nachfolger von C\u00e4sar wom\u00f6glich \u00fcber unsere Land regieren.\u00a0 Somit hat Hermann uns in den W\u00e4ldern um Bielefeld vor diesem Desaster bewahrt. Wer aber bewahrt die Hessen vor Koch? Es mag Unterschiede im Kontostand bei diesen beiden Herren geben, im Demokratieverst\u00e4ndnis sind sie marginal. Naja, letztlich ist es hier wie dort der W\u00e4hlerwille, im Gegensatz zu Varus\u00b4 und Hermanns Zeiten.<\/p>\n<p>Das Jahr 2009 kann mit vielen was-w\u00e4re-wenns begonnen werden? Was w\u00e4re, wenn die uns nicht diese \u00e4rgerliche Weltwirtschaftskrise beuteln w\u00fcrde. K\u00f6nnte es nicht ein tolles Jahr 2009 werden? Waren wir nicht gerade so gut in Form?<\/p>\n<p>Was w\u00e4re, wenn Porsche sich nicht mit grandioser Zockerei die Mehrheit an VW gesichert h\u00e4tte? In der Hannoverschen Allgemeinen stand k\u00fcrzlich im Wirtschaftsteil oben rechts: \u201ePorsche bringt VW-Aktie wieder in Schwung\u201c. Unten links auf der gleichen Seite wurde \u00fcber den Selbstmord des Herrn Merckle berichtet. Makaber. Ich glaube nicht, dass die Damen und Herren in den Wirtschaftsressorts schon irgendetwas begriffen haben. Nach wie vor huldigen sie mit Inbrunst den Erfolgen der Zocker.<\/p>\n<p>Was w\u00e4re, wenn Angela Merkel nicht Konjunkturpakete basteln w\u00fcrde? Das Geschachere \u00fcber das 2.Konjunkturpaket \u2013 warum nicht Konjunktur II \u2013 nimmt immer wildere Formen an. Ein paar Milliarden hier hin, ein paar Milliarden dort hin. Die Spezialsten f\u00fcr das Absch\u00f6pfen von Konjunkturpaketen stehen in den Startl\u00f6chern. Neben den Banken wird die Bauindustrie als bevorzugter Empf\u00e4nger genannt. Das Autobahnnetz wird durch neue Diagonalen erg\u00e4nzt. Hannover-Leipzig, diagonal durch den Harz mit einer Rastst\u00e4tte auf dem Brocken. Frankfurt\/Oder-N\u00fcrnberg mit einem 200km Tunnel unter Tschechien durch. Freiburg-Stuttgart durch den Schwarzwald und Hamburg-Bielefeld fehlt auch noch.<\/p>\n<p>Vielleicht fragt sich auch der FC Chelsea oder Schalke 04 in K\u00fcrze: Was w\u00e4re, wenn? Nicht ganz ohne Genugtuung habe ich gelesen, dass auch die russischen Oligarchen in den Wirren der letzten Monate kr\u00e4ftig Federn gelassen haben. Zumindest fangen sie schon mal an ihr Gas zu horten, denn wenn das mit der Klimaerw\u00e4rmung nichts wird, dann braucht man das Gas f\u00fcr die russischen Winter.<\/p>\n<p>Ich hoffe, dass sich im Laufe des Jahres die was-w\u00e4re-wenns nicht h\u00e4ufen. Ich f\u00fchle mich wohler, wenn ich zumindest das Gef\u00fchl habe, die eigenen Erfolge beeinflussen zu k\u00f6nnen. Ein bisschen Planungssicherheit ist da hilfreich.<\/p>\n<p>Vom Programm \u201eKonjunktur II\u201c habe ich schon ganz pers\u00f6nlich profitiert. Als ich gestern am Mannheimer Bahnhof ein Ticket f\u00fcr 3,50\u20ac aus dem Automaten gezogen habe, kam als Zugabe ein 10\u20ac-Schein aus dem Automaten gesurrt. Das ausgerechnet mein Freund Mehdorn proaktiv Konjunktur II umsetzt, finde ich beachtenswert. Man sollte Menschen nie abschreiben.<\/p>\n","protected":false},"excerpt":{"rendered":"<p>Wie bereits in fr\u00fcheren Glossen erw\u00e4hnt, versucht mir Herr von Bechen, der Chefredakteur dieses Magazins, gelegentlich ein paar Anregungen mit auf den Weg zu geben.\u00a0 Anl\u00e4sslich des 2000sten Jubil\u00e4ums der Schlacht im Teutoburger Wald sollte ich dar\u00fcber sinnieren, was denn &hellip; <a href=\"https:\/\/thinking.holistic-net.de\/?page_id=45&#038;lang=de\">Weiterlesen <span class=\"meta-nav\">&rarr;<\/span><\/a><\/p>\n","protected":false},"author":1,"featured_media":0,"parent":374,"menu_order":0,"comment_status":"open","ping_status":"open","template":"","meta":{"footnotes":""},"class_list":["post-45","page","type-page","status-publish","hentry"],"_links":{"self":[{"href":"https:\/\/thinking.holistic-net.de\/index.php?rest_route=\/wp\/v2\/pages\/45","targetHints":{"allow":["GET"]}}],"collection":[{"href":"https:\/\/thinking.holistic-net.de\/index.php?rest_route=\/wp\/v2\/pages"}],"about":[{"href":"https:\/\/thinking.holistic-net.de\/index.php?rest_route=\/wp\/v2\/types\/page"}],"author":[{"embeddable":true,"href":"https:\/\/thinking.holistic-net.de\/index.php?rest_route=\/wp\/v2\/users\/1"}],"replies":[{"embeddable":true,"href":"https:\/\/thinking.holistic-net.de\/index.php?rest_route=%2Fwp%2Fv2%2Fcomments&post=45"}],"version-history":[{"count":4,"href":"https:\/\/thinking.holistic-net.de\/index.php?rest_route=\/wp\/v2\/pages\/45\/revisions"}],"predecessor-version":[{"id":383,"href":"https:\/\/thinking.holistic-net.de\/index.php?rest_route=\/wp\/v2\/pages\/45\/revisions\/383"}],"up":[{"embeddable":true,"href":"https:\/\/thinking.holistic-net.de\/index.php?rest_route=\/wp\/v2\/pages\/374"}],"wp:attachment":[{"href":"https:\/\/thinking.holistic-net.de\/index.php?rest_route=%2Fwp%2Fv2%2Fmedia&parent=45"}],"curies":[{"name":"wp","href":"https:\/\/api.w.org\/{rel}","templated":true}]}}

Was wäre,wenn?

<p>Wie bereits in früheren Glossen erwähnt, versucht mir Herr von Bechen, der Chefredakteur dieses Magazins, gelegentlich ein paar Anregungen mit auf den Weg zu geben.  Anlässlich des 2000sten Jubiläums der Schlacht im Teutoburger Wald sollte ich darüber sinnieren, was denn passiert wäre, wenn Hermann den Varus nicht geschlagen hätte. Berlusconi würde als direkter Nachfolger von Cäsar womöglich über unsere Land regieren.  Somit hat Hermann uns in den Wäldern um Bielefeld vor diesem Desaster bewahrt. Wer aber bewahrt die Hessen vor Koch? Es mag Unterschiede im Kontostand bei diesen beiden Herren geben, im Demokratieverständnis sind sie marginal. Naja, letztlich ist es hier wie dort der Wählerwille, im Gegensatz zu Varus´ und Hermanns Zeiten.</p>
<p>Das Jahr 2009 kann mit vielen was-wäre-wenns begonnen werden? Was wäre, wenn die uns nicht diese ärgerliche Weltwirtschaftskrise beuteln würde. Könnte es nicht ein tolles Jahr 2009 werden? Waren wir nicht gerade so gut in Form?</p>
<p>Was wäre, wenn Porsche sich nicht mit grandioser Zockerei die Mehrheit an VW gesichert hätte? In der Hannoverschen Allgemeinen stand kürzlich im Wirtschaftsteil oben rechts: „Porsche bringt VW-Aktie wieder in Schwung“. Unten links auf der gleichen Seite wurde über den Selbstmord des Herrn Merckle berichtet. Makaber. Ich glaube nicht, dass die Damen und Herren in den Wirtschaftsressorts schon irgendetwas begriffen haben. Nach wie vor huldigen sie mit Inbrunst den Erfolgen der Zocker.</p>
<p>Was wäre, wenn Angela Merkel nicht Konjunkturpakete basteln würde? Das Geschachere über das 2.Konjunkturpaket – warum nicht Konjunktur II – nimmt immer wildere Formen an. Ein paar Milliarden hier hin, ein paar Milliarden dort hin. Die Spezialsten für das Abschöpfen von Konjunkturpaketen stehen in den Startlöchern. Neben den Banken wird die Bauindustrie als bevorzugter Empfänger genannt. Das Autobahnnetz wird durch neue Diagonalen ergänzt. Hannover-Leipzig, diagonal durch den Harz mit einer Raststätte auf dem Brocken. Frankfurt/Oder-Nürnberg mit einem 200km Tunnel unter Tschechien durch. Freiburg-Stuttgart durch den Schwarzwald und Hamburg-Bielefeld fehlt auch noch.</p>
<p>Vielleicht fragt sich auch der FC Chelsea oder Schalke 04 in Kürze: Was wäre, wenn? Nicht ganz ohne Genugtuung habe ich gelesen, dass auch die russischen Oligarchen in den Wirren der letzten Monate kräftig Federn gelassen haben. Zumindest fangen sie schon mal an ihr Gas zu horten, denn wenn das mit der Klimaerwärmung nichts wird, dann braucht man das Gas für die russischen Winter.</p>
<p>Ich hoffe, dass sich im Laufe des Jahres die was-wäre-wenns nicht häufen. Ich fühle mich wohler, wenn ich zumindest das Gefühl habe, die eigenen Erfolge beeinflussen zu können. Ein bisschen Planungssicherheit ist da hilfreich.</p>
<p>Vom Programm „Konjunktur II“ habe ich schon ganz persönlich profitiert. Als ich gestern am Mannheimer Bahnhof ein Ticket für 3,50€ aus dem Automaten gezogen habe, kam als Zugabe ein 10€-Schein aus dem Automaten gesurrt. Das ausgerechnet mein Freund Mehdorn proaktiv Konjunktur II umsetzt, finde ich beachtenswert. Man sollte Menschen nie abschreiben.</p>

<p>Wie bereits in früheren Glossen erwähnt, versucht mir Herr von Bechen, der Chefredakteur dieses Magazins, gelegentlich ein paar Anregungen mit auf den Weg zu geben.  Anlässlich des 2000sten Jubiläums der Schlacht im Teutoburger Wald sollte ich darüber sinnieren, was denn &hellip; <a href="https://thinking.holistic-net.de/?page_id=45&#038;lang=de">Weiterlesen <span class="meta-nav">&rarr;</span></a></p>
