{"id":351,"date":"2013-01-17T17:32:06","date_gmt":"2013-01-17T17:32:06","guid":{"rendered":"http:\/\/wp1117171.wp153.webpack.hosteurope.de\/thinksbtf\/thinking\/?page_id=351"},"modified":"2013-02-27T10:51:39","modified_gmt":"2013-02-27T09:51:39","slug":"die-zweite-personalakte","status":"publish","type":"page","link":"https:\/\/thinking.holistic-net.de\/?page_id=351&lang=de","title":{"rendered":"Die zweite Personalakte"},"content":{"rendered":"<p>Social Networks haben ihre T\u00fccken, vor allem da, wo eine in unserer Gesellschaft sonst penibel eingehaltene Trennung zwischen dem Dienstmenschen und dem Privatmenschen aufgel\u00f6st wird. Ein Personaler kann heutzutage je nach Altersklasse der Person, f\u00fcr die er sich interessiert, durch StudiVZ, Facebook, XING, Plaxo, LinkedIn oder schlicht YouTube surfen, und er wird oft mehr finden als dem Gesuchten lieb ist. Die Schl\u00fcsse, die er aus den Suchergebnissen zieht, m\u00f6gen differenziert sein, sie sind aber schwerlich durch den Gesuchten steuerbar.<\/p>\n<p><img loading=\"lazy\" decoding=\"async\" alt=\"8_2008\" src=\"http:\/\/wp1117171.wp112.webpack.hosteurope.de\/thinksbtf\/thinking\/wp-content\/uploads\/2013\/01\/8_2008.jpg\" width=\"570\" height=\"73\" \/><\/p>\n<p>Eigentlich habe ich nichts zu verbergen, da ich weder einer Hooligan-Gruppe angeh\u00f6re, noch anderen\u00a0 obskuren Freizeitbesch\u00e4ftigungen nachgehe \u2013 au\u00dfer dass ich Mitglied des FCK bin. Dennoch arbeite ich in den Social Networks ein wenig mit Handbremse. Schade!\u00a0 Auch kann ich nicht verhehlen, dass ich Erkenntnisse \u00fcber Mitmenschen, die ich dort gewinne, in mein Hinterkopfbewertungsraster einflie\u00dfen lasse.<\/p>\n<p>M\u00f6glicherweise \u00e4ndert sich aber die Denke der Personaler oder hat sich bereits ge\u00e4ndert. Vielleicht glauben sie gar nicht mehr daran, dass ihr Verwaltungsangestellter wie in einem alten Heinz-R\u00fchmann-Film nach der Arbeit brav nach Hause geht, in Anzug und Krawatte das Abendessen einnimmt, den Kindern zweimal \u00fcber den Scheitel streicht, der Gattin einen Kuss auf die Wange dr\u00fcckt, einen Blick in die Tagespresse wirft und lediglich zum Duschen die Krawatte lockert,\u00a0 innerlich und \u00e4u\u00dferlich jederzeit zum Dienstantritt bereit.<\/p>\n<p>Meine verborgenen Personalakten habe ich auch anl\u00e4sslich der letzten DNUG-Konferenz in Dortmund erg\u00e4nzen k\u00f6nnen. W\u00e4hrend der Abendveranstaltung war ich f\u00fcr die Organisation eines Tischfussballturniers verantwortlich. Es galt 40 Teilnehmer so zu koordinieren, dass der Wettbewerb im Laufe der Nacht abgeschlossen werden konnte. Trotzdem wir uns bem\u00fcht haben die zuk\u00fcnftigen Spielpaarungen mit gr\u00f6\u00dftm\u00f6glichem Vorlauf anzuk\u00fcndigen, gab es st\u00e4ndig die Situation, dass\u00a0 Mitspieler nicht auffindbar waren, wenn sie an der Reihe waren. Einige mussten sogar jedesmal mit viel Aufwand gesucht werden. Auf eine Bewerbung in meinem Unternehmen k\u00f6nnen diese Herren getrost verzichten. Sie haben bereits vorab einen Eintrag in der Personalakte: Unzuverl\u00e4ssig und undiszipliniert. Zwei Mitspieler verlie\u00dfen einfach die Veranstaltung wortlos vor dem Turnierende. Sie gehen als Kuranyi II und Kuranyi III in die Annalen ein und werden \u00e4hnlich wie Kuranyi I f\u00fcr zuk\u00fcnftige Wettbewerbe nicht mehr ber\u00fccksichtigt.<\/p>\n<p>Gl\u00fccklich sind die Menschen, die sich au\u00dferhalb hierarchischer Organisationen bewegen und deren Leben ein Gesamtkunstwerk ist. Bewerbungsschreiben sind ihnen fremd. Personalakten gibt es nicht. Leistungsnachweise aller Art k\u00f6nnen getrost unauffindbar bleiben. Solche Leute k\u00f6nnen auch das Video, in dem sie mit sichtbaren 1,5 Promille auf dem Wohnzimmertisch Luftgitarre spielen, in YouTube stehen lassen.<\/p>\n<p>Leider bietet unsere Gesellschaft nur wenigen Menschen diesen Lebensraum. Alle anderen m\u00fcssen eben in Social Networks gezielt ihre vermarktbaren Qualit\u00e4ten darstellen und sich ansonsten lieber etwas bedeckt halten.<\/p>\n","protected":false},"excerpt":{"rendered":"<p>Social Networks haben ihre T\u00fccken, vor allem da, wo eine in unserer Gesellschaft sonst penibel eingehaltene Trennung zwischen dem Dienstmenschen und dem Privatmenschen aufgel\u00f6st wird. Ein Personaler kann heutzutage je nach Altersklasse der Person, f\u00fcr die er sich interessiert, durch &hellip; <a href=\"https:\/\/thinking.holistic-net.de\/?page_id=351&#038;lang=de\">Weiterlesen <span class=\"meta-nav\">&rarr;<\/span><\/a><\/p>\n","protected":false},"author":7,"featured_media":0,"parent":99,"menu_order":0,"comment_status":"open","ping_status":"open","template":"","meta":{"footnotes":""},"class_list":["post-351","page","type-page","status-publish","hentry"],"_links":{"self":[{"href":"https:\/\/thinking.holistic-net.de\/index.php?rest_route=\/wp\/v2\/pages\/351","targetHints":{"allow":["GET"]}}],"collection":[{"href":"https:\/\/thinking.holistic-net.de\/index.php?rest_route=\/wp\/v2\/pages"}],"about":[{"href":"https:\/\/thinking.holistic-net.de\/index.php?rest_route=\/wp\/v2\/types\/page"}],"author":[{"embeddable":true,"href":"https:\/\/thinking.holistic-net.de\/index.php?rest_route=\/wp\/v2\/users\/7"}],"replies":[{"embeddable":true,"href":"https:\/\/thinking.holistic-net.de\/index.php?rest_route=%2Fwp%2Fv2%2Fcomments&post=351"}],"version-history":[{"count":5,"href":"https:\/\/thinking.holistic-net.de\/index.php?rest_route=\/wp\/v2\/pages\/351\/revisions"}],"predecessor-version":[{"id":954,"href":"https:\/\/thinking.holistic-net.de\/index.php?rest_route=\/wp\/v2\/pages\/351\/revisions\/954"}],"up":[{"embeddable":true,"href":"https:\/\/thinking.holistic-net.de\/index.php?rest_route=\/wp\/v2\/pages\/99"}],"wp:attachment":[{"href":"https:\/\/thinking.holistic-net.de\/index.php?rest_route=%2Fwp%2Fv2%2Fmedia&parent=351"}],"curies":[{"name":"wp","href":"https:\/\/api.w.org\/{rel}","templated":true}]}}

<p>Social Networks haben ihre Tücken, vor allem da, wo eine in unserer Gesellschaft sonst penibel eingehaltene Trennung zwischen dem Dienstmenschen und dem Privatmenschen aufgelöst wird. Ein Personaler kann heutzutage je nach Altersklasse der Person, für die er sich interessiert, durch StudiVZ, Facebook, XING, Plaxo, LinkedIn oder schlicht YouTube surfen, und er wird oft mehr finden als dem Gesuchten lieb ist. Die Schlüsse, die er aus den Suchergebnissen zieht, mögen differenziert sein, sie sind aber schwerlich durch den Gesuchten steuerbar.</p>
<p><img loading="lazy" decoding="async" alt="8_2008" src="http://wp1117171.wp112.webpack.hosteurope.de/thinksbtf/thinking/wp-content/uploads/2013/01/8_2008.jpg" width="570" height="73" /></p>
<p>Eigentlich habe ich nichts zu verbergen, da ich weder einer Hooligan-Gruppe angehöre, noch anderen  obskuren Freizeitbeschäftigungen nachgehe – außer dass ich Mitglied des FCK bin. Dennoch arbeite ich in den Social Networks ein wenig mit Handbremse. Schade!  Auch kann ich nicht verhehlen, dass ich Erkenntnisse über Mitmenschen, die ich dort gewinne, in mein Hinterkopfbewertungsraster einfließen lasse.</p>
<p>Möglicherweise ändert sich aber die Denke der Personaler oder hat sich bereits geändert. Vielleicht glauben sie gar nicht mehr daran, dass ihr Verwaltungsangestellter wie in einem alten Heinz-Rühmann-Film nach der Arbeit brav nach Hause geht, in Anzug und Krawatte das Abendessen einnimmt, den Kindern zweimal über den Scheitel streicht, der Gattin einen Kuss auf die Wange drückt, einen Blick in die Tagespresse wirft und lediglich zum Duschen die Krawatte lockert,  innerlich und äußerlich jederzeit zum Dienstantritt bereit.</p>
<p>Meine verborgenen Personalakten habe ich auch anlässlich der letzten DNUG-Konferenz in Dortmund ergänzen können. Während der Abendveranstaltung war ich für die Organisation eines Tischfussballturniers verantwortlich. Es galt 40 Teilnehmer so zu koordinieren, dass der Wettbewerb im Laufe der Nacht abgeschlossen werden konnte. Trotzdem wir uns bemüht haben die zukünftigen Spielpaarungen mit größtmöglichem Vorlauf anzukündigen, gab es ständig die Situation, dass  Mitspieler nicht auffindbar waren, wenn sie an der Reihe waren. Einige mussten sogar jedesmal mit viel Aufwand gesucht werden. Auf eine Bewerbung in meinem Unternehmen können diese Herren getrost verzichten. Sie haben bereits vorab einen Eintrag in der Personalakte: Unzuverlässig und undiszipliniert. Zwei Mitspieler verließen einfach die Veranstaltung wortlos vor dem Turnierende. Sie gehen als Kuranyi II und Kuranyi III in die Annalen ein und werden ähnlich wie Kuranyi I für zukünftige Wettbewerbe nicht mehr berücksichtigt.</p>
<p>Glücklich sind die Menschen, die sich außerhalb hierarchischer Organisationen bewegen und deren Leben ein Gesamtkunstwerk ist. Bewerbungsschreiben sind ihnen fremd. Personalakten gibt es nicht. Leistungsnachweise aller Art können getrost unauffindbar bleiben. Solche Leute können auch das Video, in dem sie mit sichtbaren 1,5 Promille auf dem Wohnzimmertisch Luftgitarre spielen, in YouTube stehen lassen.</p>
<p>Leider bietet unsere Gesellschaft nur wenigen Menschen diesen Lebensraum. Alle anderen müssen eben in Social Networks gezielt ihre vermarktbaren Qualitäten darstellen und sich ansonsten lieber etwas bedeckt halten.</p>

<p>Social Networks haben ihre Tücken, vor allem da, wo eine in unserer Gesellschaft sonst penibel eingehaltene Trennung zwischen dem Dienstmenschen und dem Privatmenschen aufgelöst wird. Ein Personaler kann heutzutage je nach Altersklasse der Person, für die er sich interessiert, durch &hellip; <a href="https://thinking.holistic-net.de/?page_id=351&#038;lang=de">Weiterlesen <span class="meta-nav">&rarr;</span></a></p>
