{"id":329,"date":"2013-01-17T17:25:22","date_gmt":"2013-01-17T17:25:22","guid":{"rendered":"http:\/\/wp1117171.wp153.webpack.hosteurope.de\/thinksbtf\/thinking\/?page_id=329"},"modified":"2013-02-26T12:04:01","modified_gmt":"2013-02-26T11:04:01","slug":"raid-level-29","status":"publish","type":"page","link":"https:\/\/thinking.holistic-net.de\/?page_id=329&lang=de","title":{"rendered":"Raid Level 29"},"content":{"rendered":"<p>Kennen Sie nicht? Das dachte ich mir. Es ist mein pers\u00f6nliches Raid Level, benannt nach der heimischen Hausnummer. Es spielt sich sonntags am K\u00fcchentisch ab. Mit der Unterst\u00fctzung von WLAN, DSL und VPN, DVD-Brenner und diversen USB-Platten wird in allen zug\u00e4nglichen Systemen aufger\u00e4umt. Es klingt f\u00fcr den Laien wie das Steuern eines Raumschiffs, dreht sich in der Praxis aber lediglich um das Aufr\u00e4umen von sinnlosen und sinnvollen Daten auf dem Notebook, auf Firmenservern und Familienrechnern, allerdings unter kontinuierlichem W\u00e4lzen vielf\u00e4ltiger Gedanken zu technischen und organisatorischen Rahmenbedingungen privater und dienstlicher Art.<\/p>\n<p><img loading=\"lazy\" decoding=\"async\" alt=\"7_2007\" src=\"http:\/\/wp1117171.wp112.webpack.hosteurope.de\/thinksbtf\/thinking\/wp-content\/uploads\/2013\/01\/7_20071.jpg\" width=\"569\" height=\"74\" \/><\/p>\n<p>Es stellen sich infrastrukturelle Fragen: Wie sicher ist unsere Datenhaltung im B\u00fcro? Funktioniert unser Backup (im Zweifelsfall ja) und unser Restore (im Zweifelsfall nein)? Wie sicher sind USB-Platten? Wie sicher sind DVDs? Braucht jemand diese Daten jemals wieder? Wie sollte all das strukturiert werden, so dass alle Bedarfe ber\u00fccksichtigt sind? Machen wir in der Firma jetzt Quickr oder SharePoint? Was braucht man offline, was nur online? Welches Risiko stellt das Vorhandensein von vertraulichen Kundendaten auf den verschiedenen Medien dar?<\/p>\n<p>Es stellen sich aber auch nicht minder wichtige, eher private Fragen: Wohin mit Musik und Bildern? Wohin mit dem privaten Schriftverkehr? Geh\u00f6ren die iTunes-Daten auf die Notebook-Platte oder auf die USB-Platte? Warum funktioniert die USB-Platte der Tochter nicht mehr? Wohin mit der Datensicherung der Gattin?<\/p>\n<p>Im Kern ist Raid Level 29 die strukturelle Implementierung des Prinzips Hoffnung: Irgendwo sollte im Schadensfall alles nochmal zu finden sein und wenn nicht, dann war es auch nicht so wichtig.<\/p>\n<p>Auf der DNUG Lab Tour haben uns die IBM Product Manager ihre Visionen mit Notes Next, Quickr und Connections erl\u00e4utert. Die technische Datenablage streifen die Damen und Herren dabei nur am Rande. In Zukunft ist alles \u201eactivity centric\u201c. Dadurch wird alles endlich richtig sortiert und viel einfacher. Ich werde aber den Eindruck nicht ganz los, dass dies nur die n\u00e4chste Runde des Hase-und-Igel-Spiels \u201ePers\u00f6nliche und unternehmer\u00adische Organisation\u201c ist. Neues Werkzeug, neues Gl\u00fcck, altes Chaos. Dass das heimische fragile Data Center mit Raid Level 29 dabei um Websphere Appli\u00adcation Server erweitert wird, stimmt mich ebenfalls nachdenklich.<\/p>\n<p>Zum Abschluss m\u00f6chte ich mich einem Erlebnis zuwenden, das hingegen von klaren Regeln gepr\u00e4gt war. Bei der j\u00e4hrlichen Hausmesse eines Partners im letzten Jahr hatte ich das beklemmende Gef\u00fchl, dass mein Unternehmen im Aussteller-Shootout im R\u00fcckstand war. Alle anderen Aussteller gl\u00e4nzten mit mindestens drei sog. Roll Up Displays, auf Deutsch: bedruckte ausroll- und aufstellbare Leinw\u00e4nde. Vorteil dieser Leichtbautechnik ist, dass auch der Gesch\u00e4ftsf\u00fchrer,\u00a0 der eigentlich vom Tragen \u00fcber 5kg befreit ist, l\u00e4ssig drei dieser Roll Ups in einen Veranstaltungsraum bef\u00f6rdern und \u2013 sofern nicht extrem ungeschickt \u2013 diese auch verletzungsfrei in voller Pracht entfalten kann. Aufr\u00fcstung war angesagt.<\/p>\n<p>Wegen der \u00fcblichen Unorganisiertheit \u2013 siehe Schilderung \u00fcber Raid Level 29 \u2013 gelang es uns erst auf den letzten Dr\u00fccker\u00a0 zur diesj\u00e4hrigen Veranstaltung diese Roll Ups fertigstellen zu lassen. Mit gro\u00dfem Stolz trug ich unsere drei druckfrischen Roll Ups in den Veranstaltungssaal. Doch w\u00e4hrend ich mein virtuoses handwerkliches Geschick beim Aufbau unter Beweis stellen wollte, n\u00e4herte sich mit festem Schritt und gestrengem Blick die Event-Managerin des Veranstalters.\u00a0 Um Material\u00adschlach\u00adten im Keim zu ersticken \u2013 manche Aussteller k\u00f6nnen auch leicht ein Open-Air-Kino ausr\u00fcsten \u2013 hatte sie beschlossen, dass man sich mit einem Roll Up zu bescheiden habe.\u00a0 Frust! Unser geniales Pr\u00e4sentationskonzept dreier aufeinander abgestimmter Roll Ups brach in Sekunden zusammen. Widerrede zwecklos. Das Regelwerk sei in den elektronischen Veranstaltungsunterlagen kommuniziert worden. Ich wei\u00df sogar, wo dieses Dokument sich befindet: Gem\u00e4\u00df Raid Level 29 in mindestens drei Mailboxen, in Quickr, in SharePoint und in diversen Verzeichnissen auf dem Notebook. Leider hatte es keiner gelesen.<\/p>\n<p style=\"text-align: right;\"><a href=\"http:\/\/wp1117171.wp112.webpack.hosteurope.de\/thinksbtf\/thinking\/?page_id=333\" rel=\"attachment wp-att-759\"><img loading=\"lazy\" decoding=\"async\" alt=\"Glosse_Pfeil\" src=\"http:\/\/wp1117171.wp112.webpack.hosteurope.de\/thinksbtf\/thinking\/wp-content\/uploads\/2013\/01\/Glosse_Pfeil1.jpg\" width=\"129\" height=\"17\" \/><\/a><\/p>\n","protected":false},"excerpt":{"rendered":"<p>Kennen Sie nicht? Das dachte ich mir. Es ist mein pers\u00f6nliches Raid Level, benannt nach der heimischen Hausnummer. Es spielt sich sonntags am K\u00fcchentisch ab. Mit der Unterst\u00fctzung von WLAN, DSL und VPN, DVD-Brenner und diversen USB-Platten wird in allen &hellip; <a href=\"https:\/\/thinking.holistic-net.de\/?page_id=329&#038;lang=de\">Weiterlesen <span class=\"meta-nav\">&rarr;<\/span><\/a><\/p>\n","protected":false},"author":7,"featured_media":0,"parent":109,"menu_order":0,"comment_status":"open","ping_status":"open","template":"","meta":{"footnotes":""},"class_list":["post-329","page","type-page","status-publish","hentry"],"_links":{"self":[{"href":"https:\/\/thinking.holistic-net.de\/index.php?rest_route=\/wp\/v2\/pages\/329","targetHints":{"allow":["GET"]}}],"collection":[{"href":"https:\/\/thinking.holistic-net.de\/index.php?rest_route=\/wp\/v2\/pages"}],"about":[{"href":"https:\/\/thinking.holistic-net.de\/index.php?rest_route=\/wp\/v2\/types\/page"}],"author":[{"embeddable":true,"href":"https:\/\/thinking.holistic-net.de\/index.php?rest_route=\/wp\/v2\/users\/7"}],"replies":[{"embeddable":true,"href":"https:\/\/thinking.holistic-net.de\/index.php?rest_route=%2Fwp%2Fv2%2Fcomments&post=329"}],"version-history":[{"count":3,"href":"https:\/\/thinking.holistic-net.de\/index.php?rest_route=\/wp\/v2\/pages\/329\/revisions"}],"predecessor-version":[{"id":934,"href":"https:\/\/thinking.holistic-net.de\/index.php?rest_route=\/wp\/v2\/pages\/329\/revisions\/934"}],"up":[{"embeddable":true,"href":"https:\/\/thinking.holistic-net.de\/index.php?rest_route=\/wp\/v2\/pages\/109"}],"wp:attachment":[{"href":"https:\/\/thinking.holistic-net.de\/index.php?rest_route=%2Fwp%2Fv2%2Fmedia&parent=329"}],"curies":[{"name":"wp","href":"https:\/\/api.w.org\/{rel}","templated":true}]}}