{"id":314,"date":"2013-01-17T17:21:28","date_gmt":"2013-01-17T17:21:28","guid":{"rendered":"http:\/\/wp1117171.wp153.webpack.hosteurope.de\/thinksbtf\/thinking\/?page_id=314"},"modified":"2013-02-26T11:53:27","modified_gmt":"2013-02-26T10:53:27","slug":"314-2","status":"publish","type":"page","link":"https:\/\/thinking.holistic-net.de\/?page_id=314&lang=de","title":{"rendered":"Auf der Jagd"},"content":{"rendered":"<div>\n<p>Internationale und nationale Datenschutzbeauftragte k\u00f6nnten sich eigentlich zu einer letzten Party treffen, vielleicht nochmal ein paar Schoten \u00fcber den Datenschutz in den vergangenen 20 Jahren erz\u00e4hlen, sich ordentlich betrinken und dann \u2013 je nachdem wie ernst sie ihr Amt nehmen \u2013 kollektiven Selbstmord begehen oder zumindest alle das Amt niederlegen. Es ist unglaublich zu welcher L\u00e4cherlichkeit das Thema Datenschutz inzwischen verkommen ist. Unsere amerikanischen Freunde sammeln sowieso alles, was ihnen in die Finger kommt. Die europ\u00e4ischen Beh\u00f6rden liefern \u00e4u\u00dferst devot alle Flugdaten an die Amerikaner, und Sch\u00e4uble, dieser verbissene, verh\u00e4rmte, vom Schicksal geschlagene Kampfpolitiker, meint nun tats\u00e4chlich alle Computer im Lande ausforschen zu m\u00fcssen, indem er staatlich sanktionierte Trojaner installiert. Ein absurder Gedanke in einem Rechtsstaat, aber vielleicht sind wir ja auch nur ein Feigenblatt-Rechtsstaat. Auch die technische Realisierung seines Vorhabens finde ich abstrus. Will er denn allen Anbietern von Virenschutzprogrammen vorschreiben, welche Trojaner nicht entdeckt werden d\u00fcrfen, weil es Berliner Staatstrojaner sind? Glaubt er denn wirklich, dass seine Programmierbeamten schlauer sind als die Leute, die er jagen will?<\/p>\n<p><img loading=\"lazy\" decoding=\"async\" alt=\"2_2007\" src=\"http:\/\/wp1117171.wp112.webpack.hosteurope.de\/thinksbtf\/thinking\/wp-content\/uploads\/2013\/01\/2_2007.jpg\" width=\"572\" height=\"76\" \/><\/p>\n<p>Nicht weniger perfide sind all die Programme, die automatisiert irgendwelche Daten an die Hersteller schicken, manchmal hinter der freundlichen Frage versteckt, ob man dem Hersteller Unterst\u00fctzung zur Weiterentwicklung ihrer Systeme bieten will, h\u00e4ufig sicherlich vollkommen unentdeckt. Wer wei\u00df schon was Microsoft inzwischen auf unseren Rechnern alles macht?<\/p>\n<p>Auf Auslandsreisen konnte ich in den letzten Wochen wieder die komplette Vielfalt, aber hochgradige Inkonsequenz in der Fluggastkontrolle genie\u00dfen. Im einen Extrem der desolate Frankfurter Flughafen, der mir vorkommt wie der Vorhof zu Guantanamo, im anderen Extrem die Kontrollen bei manch inneramerikanischen Fl\u00fcgen, wo man einfach so durchmarschiert. Mal Schuhe aus, mal Schuhe an, mal wird einem das T-Shirt vom Leib gepustet, mal greift einem der Kontrolleur ungeniert in die Hose. Mal Notebook raus, mal Notebook nicht raus. Mal piept\u00b4s wie beim Gro\u00dfalarm, mal r\u00fchrt sich nichts bei gleicher Bekleidung und gleichem Tascheninhalt. Ein Hoch der Terrorismusbek\u00e4mpfung.<\/p>\n<p>Ich habe ja immer ein schlechtes Gewissen, wenn ich zu wenig \u00fcber unsere wichtige Informationstechnologie schreibe. Lesen Sie bitte die J\u00fcrgen Zirke Kolumne, in der Regel auf der gegen\u00fcberliegenden Seite. Dort steht das Wichtigste drin.<\/p>\n<p>Aus der IT-Welt kann ich berichten, dass IBM jetzt \u201ecoole software\u201c anbieten will. Weg mit der schweren Kost. \u201eWe need to be cool and trendy!\u201c, sagte Mike Rhodin in Orlando. Auch Business-IT wird an Menschen verkauft. Und die wollen etwas, worauf sie auch am Stammtisch stolz sind.<\/p>\n<p>\u201eSocial software\u201c und Web 2.0 hei\u00dft der neue Markt. Der Deutsche m\u00f6ge das nicht mit der Hartz IV-Software verwechseln. In Wahrheit soll das brachliegende und versteckte Potential des Mitarbeiters an die Oberfl\u00e4che gekitzelt werden. Auch hier, die Jagd nach schlummernden Information, aber im konstruktiven Sinne. Aber \u201ecool\u201c, muss es dennoch sein, sonst macht keiner mit.<\/p>\n<p>Na dann warten wir mal die Fr\u00fcchte von Web 2.0 in der internen Unternehmenskommunikation der gro\u00dfen Konzerne ab. Da steht doch jeder Mitarbeiter schon mit einem Fu\u00df im Knast, wenn er Interessantes aus dem Arbeitsleben an der falschen Stelle offenbart. Und ob seine offenbarte Leidenschaft f\u00fcr mongolische Zierfische den Unternehmenserfolg f\u00f6rdert, ist fraglich.<\/p>\n<p style=\"text-align: right;\"><a href=\"http:\/\/wp1117171.wp112.webpack.hosteurope.de\/thinksbtf\/thinking\/?page_id=316\" rel=\"attachment wp-att-759\"><img loading=\"lazy\" decoding=\"async\" alt=\"Glosse_Pfeil\" src=\"http:\/\/wp1117171.wp112.webpack.hosteurope.de\/thinksbtf\/thinking\/wp-content\/uploads\/2013\/01\/Glosse_Pfeil1.jpg\" width=\"129\" height=\"17\" \/><\/a><\/p>\n<\/div>\n","protected":false},"excerpt":{"rendered":"<p>Internationale und nationale Datenschutzbeauftragte k\u00f6nnten sich eigentlich zu einer letzten Party treffen, vielleicht nochmal ein paar Schoten \u00fcber den Datenschutz in den vergangenen 20 Jahren erz\u00e4hlen, sich ordentlich betrinken und dann \u2013 je nachdem wie ernst sie ihr Amt nehmen &hellip; <a href=\"https:\/\/thinking.holistic-net.de\/?page_id=314&#038;lang=de\">Weiterlesen <span class=\"meta-nav\">&rarr;<\/span><\/a><\/p>\n","protected":false},"author":7,"featured_media":0,"parent":109,"menu_order":0,"comment_status":"open","ping_status":"open","template":"","meta":{"footnotes":""},"class_list":["post-314","page","type-page","status-publish","hentry"],"_links":{"self":[{"href":"https:\/\/thinking.holistic-net.de\/index.php?rest_route=\/wp\/v2\/pages\/314","targetHints":{"allow":["GET"]}}],"collection":[{"href":"https:\/\/thinking.holistic-net.de\/index.php?rest_route=\/wp\/v2\/pages"}],"about":[{"href":"https:\/\/thinking.holistic-net.de\/index.php?rest_route=\/wp\/v2\/types\/page"}],"author":[{"embeddable":true,"href":"https:\/\/thinking.holistic-net.de\/index.php?rest_route=\/wp\/v2\/users\/7"}],"replies":[{"embeddable":true,"href":"https:\/\/thinking.holistic-net.de\/index.php?rest_route=%2Fwp%2Fv2%2Fcomments&post=314"}],"version-history":[{"count":5,"href":"https:\/\/thinking.holistic-net.de\/index.php?rest_route=\/wp\/v2\/pages\/314\/revisions"}],"predecessor-version":[{"id":916,"href":"https:\/\/thinking.holistic-net.de\/index.php?rest_route=\/wp\/v2\/pages\/314\/revisions\/916"}],"up":[{"embeddable":true,"href":"https:\/\/thinking.holistic-net.de\/index.php?rest_route=\/wp\/v2\/pages\/109"}],"wp:attachment":[{"href":"https:\/\/thinking.holistic-net.de\/index.php?rest_route=%2Fwp%2Fv2%2Fmedia&parent=314"}],"curies":[{"name":"wp","href":"https:\/\/api.w.org\/{rel}","templated":true}]}}