{"id":310,"date":"2013-01-17T17:20:28","date_gmt":"2013-01-17T17:20:28","guid":{"rendered":"http:\/\/wp1117171.wp153.webpack.hosteurope.de\/thinksbtf\/thinking\/?page_id=310"},"modified":"2013-02-26T11:47:37","modified_gmt":"2013-02-26T10:47:37","slug":"die-karusselle-der-grosen","status":"publish","type":"page","link":"https:\/\/thinking.holistic-net.de\/?page_id=310&lang=de","title":{"rendered":"Die Karusselle der Gro\u00dfen"},"content":{"rendered":"<p>Zumwinkel hat entschieden, dass Ricke zur\u00fccktreten muss und durch Obermann ersetzt wird. Das ist so \u00e4hnlich wie wenn Doll entscheidet, dass Koller zur\u00fccktreten muss und diesen durch Matth\u00e4us ersetzt. Wenn man ein Unternehmen derart in der Serviceleistung herunter\u00adge\u00adwirt\u00adschaf\u00adtet hat, wie Zumwinkel das mit der Deutschen Post AG getan hat und selbst eigentlich seinen Vorstandssitz schleunigst r\u00e4umen sollte, dann wirkt es aberwitzig, wenn man andere Vorstandsvorsitzende davonjagt. Damit ich nicht falsch verstanden werde, meine Sympathie f\u00fcr Herrn Ricke h\u00e4lt sich in Grenzen und die Ver\u00e4nderung wird ihn finanziell auch kaum beunruhigen. An der Serviceleistung der Telekom wird sich auch durch Herrn Obermann nichts \u00e4ndern. Ich werde weiter meine Telefonrechnung nicht verstehen, weiterhin werden sich dubiose Call-Center der Telekom bem\u00fchen mir alle paar Tage einen neuen Tarif aufzuschwatzen und ohne meine Zusage in der n\u00e4chsten Rechnung verewigen, weiterhin werden Telekom-Router unters Volk gebracht, die Hackern T\u00fcr und Tor \u00f6ffnen, weiter wird es nicht m\u00f6glich, sein im Gestr\u00fcpp der Call-Center irgendeines Verantwortlichen habhaft zu werden.<\/p>\n<p><img loading=\"lazy\" decoding=\"async\" alt=\"8_2006\" src=\"http:\/\/wp1117171.wp112.webpack.hosteurope.de\/thinksbtf\/thinking\/wp-content\/uploads\/2013\/01\/8_2006.jpg\" width=\"572\" height=\"76\" \/><\/p>\n<p>Leider hat es auch Herrn Pischetsrieder erwischt. Gerade hatten wir Adressmaterial mit angeblich sehr validen Adressen erworben. Bei VW sollte Herr Pischetsrieder der geeignete Ansprechpartner sein. Schade, jetzt ist er weg. \u00dcber Herrn Winterkorn ist mir zu Ohren gekommen, dass er mit folgender Strategie VW auf Vordermann bringt: Alle Farben werden gestrichen. Es gibt nur noch schwarze VWs. Alle VWs werden 5cm tiefer gelegt. Es kommen zus\u00e4tzliche Spoiler an jedes Fahrzeug, zur Not auch seitlich, 50 Zusatz-PS ins Handschuhfach. Man kann VW-Automobile in Zukunft nicht mehr kaufen, nur noch leasen. Handels\u00adregister\u00adaus\u00adzug ist bei Vertragsunterzeichnung mitzubringen, denn Gesch\u00e4fte mit Privatleuten sind unergiebig und l\u00e4stig.<\/p>\n<p>Auch das Marketingkarussell dreht sich weiter. Die FH W\u00fcrzburg hat sich vom alten Sponsor getrennt. Der gr\u00f6\u00dfte H\u00f6rsaal hei\u00dft nun nicht mehr \u201eAudi-Max\u201c sondern \u201eAldi-S\u00fcd-H\u00f6rsaal\u201c. Vorlesungsskripte werden vermutlich in schicken Aldi-T\u00fcten verteilt. Heftchen zum Einkleben von Rabattmarken liegen bei. W\u00e4re es volksgesundheitlich zu verantworten, dass man die Studiengeb\u00fchr um 100\u20ac pro Monat erh\u00f6ht und daf\u00fcr Aldi-Essensmarken ausgibt?<\/p>\n<p>Bekommen wir noch die Kurve zur IT? IBM hat k\u00fcrzlich den Lotus Expeditor \u2013 f\u00fcr Insider: [Ixpideiter] &#8211; ins Branding-Karussell geworfen. Seitdem versuchen sich \u2013 wie auf der DNUG-Konferenz in Kassel \u2013 hochkar\u00e4tige Expertenrunden an der Deutung. Man stelle sich vor, ein Automobilhersteller w\u00fcrde ein neues Fahrzeug ank\u00fcndigen und eine Expertenrunde auf der IAA w\u00fcrde dar\u00fcber debattieren, ob es nun ein Fahrrad ist, oder ein Auto, ob es wohl einen Motor hat oder auch nicht, ob der F\u00fchrerschein Klasse B ausreichen wird oder man doch BCE braucht.<\/p>\n<p>Zum Abschluss dieses Jahres w\u00fcnsche ich Ihnen ein frohes Fest mit der Telekom-Flatrate, dem T-Mobile-Handy, ihrem Audi TT oder dem schwarz-gespritzten Golf und einem Christstollen von Aldi-Nord oder -S\u00fcd. Wenn dann die Geschenke verteilt, die G\u00e4nse vertilgt sind, dann k\u00f6nnen Sie sich ja am 1. Weihnachtsfeiertag mal einen schicken Client mit dem Lotus Expeditor basteln.<\/p>\n<p style=\"text-align: right;\"><a href=\"http:\/\/wp1117171.wp112.webpack.hosteurope.de\/thinksbtf\/thinking\/?page_id=312\" rel=\"attachment wp-att-759\"><img loading=\"lazy\" decoding=\"async\" alt=\"Glosse_Pfeil\" src=\"http:\/\/wp1117171.wp112.webpack.hosteurope.de\/thinksbtf\/thinking\/wp-content\/uploads\/2013\/01\/Glosse_Pfeil1.jpg\" width=\"129\" height=\"17\" \/><\/a><\/p>\n","protected":false},"excerpt":{"rendered":"<p>Zumwinkel hat entschieden, dass Ricke zur\u00fccktreten muss und durch Obermann ersetzt wird. Das ist so \u00e4hnlich wie wenn Doll entscheidet, dass Koller zur\u00fccktreten muss und diesen durch Matth\u00e4us ersetzt. Wenn man ein Unternehmen derart in der Serviceleistung herunter\u00adge\u00adwirt\u00adschaf\u00adtet hat, wie &hellip; <a href=\"https:\/\/thinking.holistic-net.de\/?page_id=310&#038;lang=de\">Weiterlesen <span class=\"meta-nav\">&rarr;<\/span><\/a><\/p>\n","protected":false},"author":7,"featured_media":0,"parent":111,"menu_order":0,"comment_status":"open","ping_status":"open","template":"","meta":{"footnotes":""},"class_list":["post-310","page","type-page","status-publish","hentry"],"_links":{"self":[{"href":"https:\/\/thinking.holistic-net.de\/index.php?rest_route=\/wp\/v2\/pages\/310","targetHints":{"allow":["GET"]}}],"collection":[{"href":"https:\/\/thinking.holistic-net.de\/index.php?rest_route=\/wp\/v2\/pages"}],"about":[{"href":"https:\/\/thinking.holistic-net.de\/index.php?rest_route=\/wp\/v2\/types\/page"}],"author":[{"embeddable":true,"href":"https:\/\/thinking.holistic-net.de\/index.php?rest_route=\/wp\/v2\/users\/7"}],"replies":[{"embeddable":true,"href":"https:\/\/thinking.holistic-net.de\/index.php?rest_route=%2Fwp%2Fv2%2Fcomments&post=310"}],"version-history":[{"count":3,"href":"https:\/\/thinking.holistic-net.de\/index.php?rest_route=\/wp\/v2\/pages\/310\/revisions"}],"predecessor-version":[{"id":909,"href":"https:\/\/thinking.holistic-net.de\/index.php?rest_route=\/wp\/v2\/pages\/310\/revisions\/909"}],"up":[{"embeddable":true,"href":"https:\/\/thinking.holistic-net.de\/index.php?rest_route=\/wp\/v2\/pages\/111"}],"wp:attachment":[{"href":"https:\/\/thinking.holistic-net.de\/index.php?rest_route=%2Fwp%2Fv2%2Fmedia&parent=310"}],"curies":[{"name":"wp","href":"https:\/\/api.w.org\/{rel}","templated":true}]}}

Die Karusselle der Großen

<p>Zumwinkel hat entschieden, dass Ricke zurücktreten muss und durch Obermann ersetzt wird. Das ist so ähnlich wie wenn Doll entscheidet, dass Koller zurücktreten muss und diesen durch Matthäus ersetzt. Wenn man ein Unternehmen derart in der Serviceleistung herunter­ge­wirt­schaf­tet hat, wie Zumwinkel das mit der Deutschen Post AG getan hat und selbst eigentlich seinen Vorstandssitz schleunigst räumen sollte, dann wirkt es aberwitzig, wenn man andere Vorstandsvorsitzende davonjagt. Damit ich nicht falsch verstanden werde, meine Sympathie für Herrn Ricke hält sich in Grenzen und die Veränderung wird ihn finanziell auch kaum beunruhigen. An der Serviceleistung der Telekom wird sich auch durch Herrn Obermann nichts ändern. Ich werde weiter meine Telefonrechnung nicht verstehen, weiterhin werden sich dubiose Call-Center der Telekom bemühen mir alle paar Tage einen neuen Tarif aufzuschwatzen und ohne meine Zusage in der nächsten Rechnung verewigen, weiterhin werden Telekom-Router unters Volk gebracht, die Hackern Tür und Tor öffnen, weiter wird es nicht möglich, sein im Gestrüpp der Call-Center irgendeines Verantwortlichen habhaft zu werden.</p>
<p><img loading="lazy" decoding="async" alt="8_2006" src="http://wp1117171.wp112.webpack.hosteurope.de/thinksbtf/thinking/wp-content/uploads/2013/01/8_2006.jpg" width="572" height="76" /></p>
<p>Leider hat es auch Herrn Pischetsrieder erwischt. Gerade hatten wir Adressmaterial mit angeblich sehr validen Adressen erworben. Bei VW sollte Herr Pischetsrieder der geeignete Ansprechpartner sein. Schade, jetzt ist er weg. Über Herrn Winterkorn ist mir zu Ohren gekommen, dass er mit folgender Strategie VW auf Vordermann bringt: Alle Farben werden gestrichen. Es gibt nur noch schwarze VWs. Alle VWs werden 5cm tiefer gelegt. Es kommen zusätzliche Spoiler an jedes Fahrzeug, zur Not auch seitlich, 50 Zusatz-PS ins Handschuhfach. Man kann VW-Automobile in Zukunft nicht mehr kaufen, nur noch leasen. Handels­register­aus­zug ist bei Vertragsunterzeichnung mitzubringen, denn Geschäfte mit Privatleuten sind unergiebig und lästig.</p>
<p>Auch das Marketingkarussell dreht sich weiter. Die FH Würzburg hat sich vom alten Sponsor getrennt. Der größte Hörsaal heißt nun nicht mehr „Audi-Max“ sondern „Aldi-Süd-Hörsaal“. Vorlesungsskripte werden vermutlich in schicken Aldi-Tüten verteilt. Heftchen zum Einkleben von Rabattmarken liegen bei. Wäre es volksgesundheitlich zu verantworten, dass man die Studiengebühr um 100€ pro Monat erhöht und dafür Aldi-Essensmarken ausgibt?</p>
<p>Bekommen wir noch die Kurve zur IT? IBM hat kürzlich den Lotus Expeditor – für Insider: [Ixpideiter] &#8211; ins Branding-Karussell geworfen. Seitdem versuchen sich – wie auf der DNUG-Konferenz in Kassel – hochkarätige Expertenrunden an der Deutung. Man stelle sich vor, ein Automobilhersteller würde ein neues Fahrzeug ankündigen und eine Expertenrunde auf der IAA würde darüber debattieren, ob es nun ein Fahrrad ist, oder ein Auto, ob es wohl einen Motor hat oder auch nicht, ob der Führerschein Klasse B ausreichen wird oder man doch BCE braucht.</p>
<p>Zum Abschluss dieses Jahres wünsche ich Ihnen ein frohes Fest mit der Telekom-Flatrate, dem T-Mobile-Handy, ihrem Audi TT oder dem schwarz-gespritzten Golf und einem Christstollen von Aldi-Nord oder -Süd. Wenn dann die Geschenke verteilt, die Gänse vertilgt sind, dann können Sie sich ja am 1. Weihnachtsfeiertag mal einen schicken Client mit dem Lotus Expeditor basteln.</p>
<p style="text-align: right;"><a href="http://wp1117171.wp112.webpack.hosteurope.de/thinksbtf/thinking/?page_id=312" rel="attachment wp-att-759"><img loading="lazy" decoding="async" alt="Glosse_Pfeil" src="http://wp1117171.wp112.webpack.hosteurope.de/thinksbtf/thinking/wp-content/uploads/2013/01/Glosse_Pfeil1.jpg" width="129" height="17" /></a></p>

<p>Zumwinkel hat entschieden, dass Ricke zurücktreten muss und durch Obermann ersetzt wird. Das ist so ähnlich wie wenn Doll entscheidet, dass Koller zurücktreten muss und diesen durch Matthäus ersetzt. Wenn man ein Unternehmen derart in der Serviceleistung herunter­ge­wirt­schaf­tet hat, wie &hellip; <a href="https://thinking.holistic-net.de/?page_id=310&#038;lang=de">Weiterlesen <span class="meta-nav">&rarr;</span></a></p>
