{"id":273,"date":"2013-01-17T17:10:37","date_gmt":"2013-01-17T17:10:37","guid":{"rendered":"http:\/\/wp1117171.wp153.webpack.hosteurope.de\/thinksbtf\/thinking\/?page_id=273"},"modified":"2013-02-22T10:57:09","modified_gmt":"2013-02-22T09:57:09","slug":"das-urlaubsquartal","status":"publish","type":"page","link":"https:\/\/thinking.holistic-net.de\/?page_id=273&lang=de","title":{"rendered":"Das Urlaubsquartal"},"content":{"rendered":"<p>Unter volkswirtschaftlichen Aspekten ist das Thema Urlaub eine heikle und hochkomplexe Angelegenheit. Ich selbst verf\u00fcge in diesem Fachbereich nur \u00fcber Halbwissen, was mich aber nicht daran hindert, immer mal wieder \u00fcber den einen oder anderen Punkt nachzudenken. Etwa, ob die Regelung der Schulferien in Deutschland volkswirtschaftlich f\u00fcr alle Branchen optimal ist? F\u00fcr Software-Dienstleister mit Sicherheit nicht, wie sich auch in diesem Sommer gezeigt hat.<\/p>\n<p><img loading=\"lazy\" decoding=\"async\" alt=\"6_2004\" src=\"http:\/\/wp1117171.wp112.webpack.hosteurope.de\/thinksbtf\/thinking\/wp-content\/uploads\/2013\/01\/6_2004.jpg\" width=\"572\" height=\"76\" \/><\/p>\n<p>Wir arbeiten prim\u00e4r f\u00fcr gr\u00f6\u00dfere Unternehmen mit mehreren Standorten in verschiedenen Bundesl\u00e4ndern, beispielsweise Niedersachsen, Nordrhein-Westfalen, Bayern und Berlin. Von den ausl\u00e4ndischen Standorten ganz zu schweigen, um das Thema nicht noch komplizierter werden zu lassen. Wie es sich f\u00fcr eine faire und gleichberechtigte Zusammenarbeit geh\u00f6rt, sind alle Standorte durch die Projektteams demokratisch vertreten. Das macht sich w\u00e4hrend des Urlaubsquartals besonders bemerkbar.<\/p>\n<p>P\u00fcnktlich zum Ferienbeginn am 24. Juni rauschte der Berliner Projektkoordinator mit Kind und Kegel in den gut dreiw\u00f6chigen Sommerurlaub. Am 19. Juli sieht sein Kollege aus Hannover, ohne den kein Meeting stattfinden darf, seine Zeit f\u00fcr gekommen. Drei Wochen sp\u00e4ter, am 9. August kehrt er gut erholt und voller Tatendrang wieder zur\u00fcck. Nun befindet sich jedoch die Projektleiterin aus M\u00fcnchen in den letzten Urlaubsvorbereitungen und verabschiedet sich in K\u00fcrze bis zum 6. September. Wer kann es ihnen ver\u00fcbeln, sind sie doch alle drei Eltern schulpflichtiger Kinder. Eine andere Urlaubsplanung ist ausgeschlossen.<\/p>\n<p>Von Ende Juni bis Anfang September werden somit f\u00fcr rund zweieinhalb Monate keine Projektentscheidungen getroffen. Ab Mitte September freuen sich alle bereits auf die Herbstferien, die dieses Jahr in einigen Bundesl\u00e4ndern am 4. Oktober beginnen und sp\u00e4testens in Bayern am 6. November enden. Ich bin mir bewusst, dass eine etwas komprimiertere Ferienzeit der Verkehrslage auf den deutschen Autobahnen und der Tourismusbranche immens schaden w\u00fcrde. Auf manche IT-Projekte, die sich in Agonie durch die Sommermonate schleppen, w\u00fcrde sich eine dichtere Ferienregelung durchaus positiv auswirken.<\/p>\n<p>Da ohnehin kein Kunde zu sprechen war, habe ich trotz allem Arbeitseifer auch etwas Urlaub genossen. Zum ersten Mal seit Jahren ohne Notebook. In der Vergangenheit hielt ich diese Nabelschnur zum Wichtigsein f\u00fcr unverzichtbar. Den Stress mit haarstr\u00e4ubenden Akku-Ladeaktionen, Kommunikationsstrukturen mit kaum domestizierbaren Kosten und die st\u00e4ndige Angst um das Diebstahlobjekt \u201eNotebook\u201c kennen viele aus meinen fr\u00fcheren Glossen. In diesem Sommer war f\u00fcr mich alles einfacher: Das Aufladen beschr\u00e4nkte sich im Familienverbund auf vier Handys und zwei Digis, einen MP3-Player, drei MD-Player und einen vibrierenden Massagek\u00e4fer. Die Bestandsaufnahme bei unserer R\u00fcckkehr ergab keine Verluste.<\/p>\n<p>Damit meine Urlaubszeit nicht ungenutzt blieb, habe ich mein Notebook bzw. mein \u201eThinkPad\u201c, wie mich ein IBM-Mitarbeiter k\u00fcrzlich korrigierte, in Kur geschickt. Es hat einen leisen L\u00fcfter bekommen und auf dem Flatscreen ist wieder alles klar zu erkennen. Es ist sogar geputzt worden und der rote Trackpoint, der mancherorts einen anderen, weniger druckreifen Namen hat, ist auch neu. Nach meiner R\u00fcckkehr ins B\u00fcro verl\u00e4ngerte mein ThinkPad eigenm\u00e4chtig den Kuraufenthalt. Das gab mir die Gelegenheit, noch zwei Tage meinen Schreibtisch aufr\u00e4umen und mich speziell um unseren holistischen Bundesliga-Tipp zu k\u00fcmmern.<\/p>\n<p>Wenn alle Baden-W\u00fcrttemberger, Bayern, Hessen, Pf\u00e4lzer und Sachsen zur\u00fcck im Lande sind, Mallorca wieder den Rentnern \u00fcberlassen ist und die Tourismusbranche Kassensturz macht, versuchen wir schnell das Projektgesch\u00e4ft voranzutreiben. Schlie\u00dflich wird Mitte November die Weihnachtsdekoration in den Fu\u00dfg\u00e4ngerzonen ange\u00adbracht und der Kampf um die IT-Budgets 2005 geht in die Endrunde.<\/p>\n<p style=\"text-align: right;\"><a href=\"http:\/\/wp1117171.wp112.webpack.hosteurope.de\/thinksbtf\/thinking\/?page_id=275\" rel=\"attachment wp-att-759\"><img loading=\"lazy\" decoding=\"async\" alt=\"Glosse_Pfeil\" src=\"http:\/\/wp1117171.wp112.webpack.hosteurope.de\/thinksbtf\/thinking\/wp-content\/uploads\/2013\/01\/Glosse_Pfeil1.jpg\" width=\"129\" height=\"17\" \/><\/a><\/p>\n","protected":false},"excerpt":{"rendered":"<p>Unter volkswirtschaftlichen Aspekten ist das Thema Urlaub eine heikle und hochkomplexe Angelegenheit. Ich selbst verf\u00fcge in diesem Fachbereich nur \u00fcber Halbwissen, was mich aber nicht daran hindert, immer mal wieder \u00fcber den einen oder anderen Punkt nachzudenken. Etwa, ob die &hellip; <a href=\"https:\/\/thinking.holistic-net.de\/?page_id=273&#038;lang=de\">Weiterlesen <span class=\"meta-nav\">&rarr;<\/span><\/a><\/p>\n","protected":false},"author":7,"featured_media":0,"parent":116,"menu_order":0,"comment_status":"open","ping_status":"open","template":"","meta":{"footnotes":""},"class_list":["post-273","page","type-page","status-publish","hentry"],"_links":{"self":[{"href":"https:\/\/thinking.holistic-net.de\/index.php?rest_route=\/wp\/v2\/pages\/273","targetHints":{"allow":["GET"]}}],"collection":[{"href":"https:\/\/thinking.holistic-net.de\/index.php?rest_route=\/wp\/v2\/pages"}],"about":[{"href":"https:\/\/thinking.holistic-net.de\/index.php?rest_route=\/wp\/v2\/types\/page"}],"author":[{"embeddable":true,"href":"https:\/\/thinking.holistic-net.de\/index.php?rest_route=\/wp\/v2\/users\/7"}],"replies":[{"embeddable":true,"href":"https:\/\/thinking.holistic-net.de\/index.php?rest_route=%2Fwp%2Fv2%2Fcomments&post=273"}],"version-history":[{"count":3,"href":"https:\/\/thinking.holistic-net.de\/index.php?rest_route=\/wp\/v2\/pages\/273\/revisions"}],"predecessor-version":[{"id":809,"href":"https:\/\/thinking.holistic-net.de\/index.php?rest_route=\/wp\/v2\/pages\/273\/revisions\/809"}],"up":[{"embeddable":true,"href":"https:\/\/thinking.holistic-net.de\/index.php?rest_route=\/wp\/v2\/pages\/116"}],"wp:attachment":[{"href":"https:\/\/thinking.holistic-net.de\/index.php?rest_route=%2Fwp%2Fv2%2Fmedia&parent=273"}],"curies":[{"name":"wp","href":"https:\/\/api.w.org\/{rel}","templated":true}]}}

<p>Unter volkswirtschaftlichen Aspekten ist das Thema Urlaub eine heikle und hochkomplexe Angelegenheit. Ich selbst verfüge in diesem Fachbereich nur über Halbwissen, was mich aber nicht daran hindert, immer mal wieder über den einen oder anderen Punkt nachzudenken. Etwa, ob die Regelung der Schulferien in Deutschland volkswirtschaftlich für alle Branchen optimal ist? Für Software-Dienstleister mit Sicherheit nicht, wie sich auch in diesem Sommer gezeigt hat.</p>
<p><img loading="lazy" decoding="async" alt="6_2004" src="http://wp1117171.wp112.webpack.hosteurope.de/thinksbtf/thinking/wp-content/uploads/2013/01/6_2004.jpg" width="572" height="76" /></p>
<p>Wir arbeiten primär für größere Unternehmen mit mehreren Standorten in verschiedenen Bundesländern, beispielsweise Niedersachsen, Nordrhein-Westfalen, Bayern und Berlin. Von den ausländischen Standorten ganz zu schweigen, um das Thema nicht noch komplizierter werden zu lassen. Wie es sich für eine faire und gleichberechtigte Zusammenarbeit gehört, sind alle Standorte durch die Projektteams demokratisch vertreten. Das macht sich während des Urlaubsquartals besonders bemerkbar.</p>
<p>Pünktlich zum Ferienbeginn am 24. Juni rauschte der Berliner Projektkoordinator mit Kind und Kegel in den gut dreiwöchigen Sommerurlaub. Am 19. Juli sieht sein Kollege aus Hannover, ohne den kein Meeting stattfinden darf, seine Zeit für gekommen. Drei Wochen später, am 9. August kehrt er gut erholt und voller Tatendrang wieder zurück. Nun befindet sich jedoch die Projektleiterin aus München in den letzten Urlaubsvorbereitungen und verabschiedet sich in Kürze bis zum 6. September. Wer kann es ihnen verübeln, sind sie doch alle drei Eltern schulpflichtiger Kinder. Eine andere Urlaubsplanung ist ausgeschlossen.</p>
<p>Von Ende Juni bis Anfang September werden somit für rund zweieinhalb Monate keine Projektentscheidungen getroffen. Ab Mitte September freuen sich alle bereits auf die Herbstferien, die dieses Jahr in einigen Bundesländern am 4. Oktober beginnen und spätestens in Bayern am 6. November enden. Ich bin mir bewusst, dass eine etwas komprimiertere Ferienzeit der Verkehrslage auf den deutschen Autobahnen und der Tourismusbranche immens schaden würde. Auf manche IT-Projekte, die sich in Agonie durch die Sommermonate schleppen, würde sich eine dichtere Ferienregelung durchaus positiv auswirken.</p>
<p>Da ohnehin kein Kunde zu sprechen war, habe ich trotz allem Arbeitseifer auch etwas Urlaub genossen. Zum ersten Mal seit Jahren ohne Notebook. In der Vergangenheit hielt ich diese Nabelschnur zum Wichtigsein für unverzichtbar. Den Stress mit haarsträubenden Akku-Ladeaktionen, Kommunikationsstrukturen mit kaum domestizierbaren Kosten und die ständige Angst um das Diebstahlobjekt „Notebook“ kennen viele aus meinen früheren Glossen. In diesem Sommer war für mich alles einfacher: Das Aufladen beschränkte sich im Familienverbund auf vier Handys und zwei Digis, einen MP3-Player, drei MD-Player und einen vibrierenden Massagekäfer. Die Bestandsaufnahme bei unserer Rückkehr ergab keine Verluste.</p>
<p>Damit meine Urlaubszeit nicht ungenutzt blieb, habe ich mein Notebook bzw. mein „ThinkPad“, wie mich ein IBM-Mitarbeiter kürzlich korrigierte, in Kur geschickt. Es hat einen leisen Lüfter bekommen und auf dem Flatscreen ist wieder alles klar zu erkennen. Es ist sogar geputzt worden und der rote Trackpoint, der mancherorts einen anderen, weniger druckreifen Namen hat, ist auch neu. Nach meiner Rückkehr ins Büro verlängerte mein ThinkPad eigenmächtig den Kuraufenthalt. Das gab mir die Gelegenheit, noch zwei Tage meinen Schreibtisch aufräumen und mich speziell um unseren holistischen Bundesliga-Tipp zu kümmern.</p>
<p>Wenn alle Baden-Württemberger, Bayern, Hessen, Pfälzer und Sachsen zurück im Lande sind, Mallorca wieder den Rentnern überlassen ist und die Tourismusbranche Kassensturz macht, versuchen wir schnell das Projektgeschäft voranzutreiben. Schließlich wird Mitte November die Weihnachtsdekoration in den Fußgängerzonen ange­bracht und der Kampf um die IT-Budgets 2005 geht in die Endrunde.</p>
<p style="text-align: right;"><a href="http://wp1117171.wp112.webpack.hosteurope.de/thinksbtf/thinking/?page_id=275" rel="attachment wp-att-759"><img loading="lazy" decoding="async" alt="Glosse_Pfeil" src="http://wp1117171.wp112.webpack.hosteurope.de/thinksbtf/thinking/wp-content/uploads/2013/01/Glosse_Pfeil1.jpg" width="129" height="17" /></a></p>

<p>Unter volkswirtschaftlichen Aspekten ist das Thema Urlaub eine heikle und hochkomplexe Angelegenheit. Ich selbst verfüge in diesem Fachbereich nur über Halbwissen, was mich aber nicht daran hindert, immer mal wieder über den einen oder anderen Punkt nachzudenken. Etwa, ob die &hellip; <a href="https://thinking.holistic-net.de/?page_id=273&#038;lang=de">Weiterlesen <span class="meta-nav">&rarr;</span></a></p>
