{"id":243,"date":"2013-01-17T16:54:09","date_gmt":"2013-01-17T16:54:09","guid":{"rendered":"http:\/\/wp1117171.wp153.webpack.hosteurope.de\/thinksbtf\/thinking\/?page_id=243"},"modified":"2013-02-22T09:45:55","modified_gmt":"2013-02-22T08:45:55","slug":"fruhjahrsputz-in-der-it","status":"publish","type":"page","link":"https:\/\/thinking.holistic-net.de\/?page_id=243&lang=de","title":{"rendered":"Fr\u00fchjahrsputz in der IT"},"content":{"rendered":"<p>Selbst Unternehmen m\u00fcssen technischen Fr\u00fchjahrsputz vornehmen. Nur eine aufger\u00e4umte IT-Struktur ist Grundlage, um in K\u00fcrze wesentlich Effizienteres und Innovatives aufzusetzen. Technologische M\u00fcllhalden sind auch keine Basis f\u00fcr Portal-L\u00f6sungen. Eine wirre Applikationslandschaft l\u00e4sst sich nicht durch den Einbau einer h\u00fcbschen Eingangst\u00fcr in ein Himmelreich mit reduzierten Betriebskosten und optimaler Administrierbarkeit verwandeln.<\/p>\n<p><img loading=\"lazy\" decoding=\"async\" alt=\"4_2003\" src=\"http:\/\/wp1117171.wp112.webpack.hosteurope.de\/thinksbtf\/thinking\/wp-content\/uploads\/2013\/01\/4_2003.jpg\" width=\"572\" height=\"76\" \/><\/p>\n<p>Dies gilt insbesondere in Zeiten knapper Budgets. Niemand hat Mu\u00dfe f\u00fcr langatmige Ineffizienz. Mehr denn je verlangen Kunden ausschlie\u00dflich konkrete, griffige und verifizierbare Angebote. Selbstverst\u00e4ndlich mit Mehrwertgarantie. Parallel ist zu beobachten, dass Absagen bereits in der Diplomatensprache abgewickelt werden. K\u00fcrzlich antwortete mir ein potenzieller Kunde, ich solle vor einer Terminvereinbarung wegen der \u201eehrgeizigen Projektplanung\u201c doch etwas mehr Details bieten. So hat die derzeitige Situation durchaus positive Aspekte: Man wird gezwungen, den Blick wieder auf das Wesentliche zu konzentrieren. Der IT-Dienstleister muss den Nutzen seines Angebots f\u00fcr den Kunden schnell und klar darstellen k\u00f6nnen.<\/p>\n<p>Gleichzeitig neigt unsere Gesellschaft dazu, aus Angst vor Risiko und Fehlentscheidungen im Beamten-Mikado zu verharren. Wer sich bewegt, hat verloren! Ich m\u00f6chte an dieser Stelle keinem Beamten zu nahe treten, denn das Wort \u201eBeamten-Mikado\u201c trifft momentan f\u00fcr alle Berufsgruppen zu.<\/p>\n<p>Auch Qualifizierungen m\u00fcssen klarer nachgewiesen werden. In den letzten Jahren haben zu viele Scharlatane den Wettbewerb massiv gest\u00f6rt. Nun trennt sich die Spreu wieder vom Weizen. Manchmal f\u00fchrt das jedoch zu skurrilen Ausw\u00fcchsen. Ein Kollege in der Branche musste k\u00fcrzlich vor dem Arbeitsgericht seine Kompetenz generell in Frage stellen lassen, da er sich fr\u00fcher einem Theologiestudium gewidmet hatte. Nach Meinung des Kl\u00e4gers disqualifizierte ihn dieser Lebensabschnitt f\u00fcr eine T\u00e4tigkeit in der IT-Branche. Angesichts der geballten Ansammlung von Religionsstiftern im IT-Bereich ist ein solides Grundstudium allerdings durchaus von Vorteil.<\/p>\n<p>Im R\u00fcckblick auf die CeBIT ist zu sagen, dass die fr\u00fchere Lotus-Familienidylle in diesem Jahr endg\u00fcltig verloren gegangen ist. Auch eine Aufr\u00e4umaktion? Mit M\u00fchen war auf dem IBM-Stand in Halle 4 zu erkennen, wo die Altinternationalen h\u00e4tten stehen k\u00f6nnen, wenn sie denn da gewesen w\u00e4ren. Die gelbe Farbe war das letzte Relikt aus alten Zeiten. Hatte man den Bereich gefunden, sah man sich einem cool geschwungenen Bogen von uniformen Ausstellern ge\u00adgen\u00ad\u00fcber. Selbst bunte Baukl\u00f6tzchen lockerten die Szene nicht so richtig auf. Fr\u00fcher wurde \u00fcber die Enge, Hitze und zerm\u00fcrbende Lautst\u00e4rke am Lotus-Stand in Halle 2 gejammert. Dieses Jahr erinnerten sich Aussteller und Messebesucher beinahe mit Wehmut daran zur\u00fcck.<\/p>\n<p>Messekonzepte m\u00fcssen grunds\u00e4tzlich \u00fcberdacht werden. Der klassische Messebesuch mit Kilometergeld f\u00fcr den Marsch durch die Hallen ist out. Welchen Mehrwert bietet eine Messe dem Besucher, wenn die prim\u00e4re Informationsbeschaffung \u00fcber das Internet l\u00e4uft?<\/p>\n<p>Hier ist ebenso Konkretes, Greifbares und Effizientes gefragt. Die L\u00f6sung besteht nicht in der konkurrierenden Beschallung auf Messest\u00e4nden. Und wegen Schnittchen, O-Saft oder Kaffee geht keiner mehr auf die Messe. Vielmehr interessieren sich Kunden f\u00fcr qualifizierte Fachgespr\u00e4che, bevorzugen Fachsimpeln und Essentielles in Vortr\u00e4gen.<\/p>\n<p>Exzesse auf CeBIT-Partys haben noch den alten Charakter. Mir bleibt es ein R\u00e4tsel, warum angeblich intelligente Menschen im Messerausch dekorative Schaufensterpuppen erst entkleiden und dann in kannibalischer Manier in Einzelteile zerlegen. Aber der homo CeBITiensis war schon immer eine spezielle Gattung.<\/p>\n<p>Abschlie\u00dfend appelliere ich an alle Leser. Nutzen Sie Ihren \u201eFr\u00fchjahrsputz\u201c f\u00fcr die Besinnung auf das Wesentliche. Unsere Gesellschaft hat Bewegung dringend n\u00f6tig. Und ganz nebenbei erhalte ich wieder Input f\u00fcr die n\u00e4chsten Glossen.<\/p>\n<p style=\"text-align: right;\"><a href=\"http:\/\/wp1117171.wp112.webpack.hosteurope.de\/thinksbtf\/thinking\/?page_id=245\" rel=\"attachment wp-att-759\"><img loading=\"lazy\" decoding=\"async\" alt=\"Glosse_Pfeil\" src=\"http:\/\/wp1117171.wp112.webpack.hosteurope.de\/thinksbtf\/thinking\/wp-content\/uploads\/2013\/01\/Glosse_Pfeil1.jpg\" width=\"129\" height=\"17\" \/><\/a><\/p>\n","protected":false},"excerpt":{"rendered":"<p>Selbst Unternehmen m\u00fcssen technischen Fr\u00fchjahrsputz vornehmen. Nur eine aufger\u00e4umte IT-Struktur ist Grundlage, um in K\u00fcrze wesentlich Effizienteres und Innovatives aufzusetzen. Technologische M\u00fcllhalden sind auch keine Basis f\u00fcr Portal-L\u00f6sungen. Eine wirre Applikationslandschaft l\u00e4sst sich nicht durch den Einbau einer h\u00fcbschen Eingangst\u00fcr &hellip; <a href=\"https:\/\/thinking.holistic-net.de\/?page_id=243&#038;lang=de\">Weiterlesen <span class=\"meta-nav\">&rarr;<\/span><\/a><\/p>\n","protected":false},"author":7,"featured_media":0,"parent":118,"menu_order":0,"comment_status":"open","ping_status":"open","template":"","meta":{"footnotes":""},"class_list":["post-243","page","type-page","status-publish","hentry"],"_links":{"self":[{"href":"https:\/\/thinking.holistic-net.de\/index.php?rest_route=\/wp\/v2\/pages\/243","targetHints":{"allow":["GET"]}}],"collection":[{"href":"https:\/\/thinking.holistic-net.de\/index.php?rest_route=\/wp\/v2\/pages"}],"about":[{"href":"https:\/\/thinking.holistic-net.de\/index.php?rest_route=\/wp\/v2\/types\/page"}],"author":[{"embeddable":true,"href":"https:\/\/thinking.holistic-net.de\/index.php?rest_route=\/wp\/v2\/users\/7"}],"replies":[{"embeddable":true,"href":"https:\/\/thinking.holistic-net.de\/index.php?rest_route=%2Fwp%2Fv2%2Fcomments&post=243"}],"version-history":[{"count":3,"href":"https:\/\/thinking.holistic-net.de\/index.php?rest_route=\/wp\/v2\/pages\/243\/revisions"}],"predecessor-version":[{"id":772,"href":"https:\/\/thinking.holistic-net.de\/index.php?rest_route=\/wp\/v2\/pages\/243\/revisions\/772"}],"up":[{"embeddable":true,"href":"https:\/\/thinking.holistic-net.de\/index.php?rest_route=\/wp\/v2\/pages\/118"}],"wp:attachment":[{"href":"https:\/\/thinking.holistic-net.de\/index.php?rest_route=%2Fwp%2Fv2%2Fmedia&parent=243"}],"curies":[{"name":"wp","href":"https:\/\/api.w.org\/{rel}","templated":true}]}}

Frühjahrsputz in der IT

<p>Selbst Unternehmen müssen technischen Frühjahrsputz vornehmen. Nur eine aufgeräumte IT-Struktur ist Grundlage, um in Kürze wesentlich Effizienteres und Innovatives aufzusetzen. Technologische Müllhalden sind auch keine Basis für Portal-Lösungen. Eine wirre Applikationslandschaft lässt sich nicht durch den Einbau einer hübschen Eingangstür in ein Himmelreich mit reduzierten Betriebskosten und optimaler Administrierbarkeit verwandeln.</p>
<p><img loading="lazy" decoding="async" alt="4_2003" src="http://wp1117171.wp112.webpack.hosteurope.de/thinksbtf/thinking/wp-content/uploads/2013/01/4_2003.jpg" width="572" height="76" /></p>
<p>Dies gilt insbesondere in Zeiten knapper Budgets. Niemand hat Muße für langatmige Ineffizienz. Mehr denn je verlangen Kunden ausschließlich konkrete, griffige und verifizierbare Angebote. Selbstverständlich mit Mehrwertgarantie. Parallel ist zu beobachten, dass Absagen bereits in der Diplomatensprache abgewickelt werden. Kürzlich antwortete mir ein potenzieller Kunde, ich solle vor einer Terminvereinbarung wegen der „ehrgeizigen Projektplanung“ doch etwas mehr Details bieten. So hat die derzeitige Situation durchaus positive Aspekte: Man wird gezwungen, den Blick wieder auf das Wesentliche zu konzentrieren. Der IT-Dienstleister muss den Nutzen seines Angebots für den Kunden schnell und klar darstellen können.</p>
<p>Gleichzeitig neigt unsere Gesellschaft dazu, aus Angst vor Risiko und Fehlentscheidungen im Beamten-Mikado zu verharren. Wer sich bewegt, hat verloren! Ich möchte an dieser Stelle keinem Beamten zu nahe treten, denn das Wort „Beamten-Mikado“ trifft momentan für alle Berufsgruppen zu.</p>
<p>Auch Qualifizierungen müssen klarer nachgewiesen werden. In den letzten Jahren haben zu viele Scharlatane den Wettbewerb massiv gestört. Nun trennt sich die Spreu wieder vom Weizen. Manchmal führt das jedoch zu skurrilen Auswüchsen. Ein Kollege in der Branche musste kürzlich vor dem Arbeitsgericht seine Kompetenz generell in Frage stellen lassen, da er sich früher einem Theologiestudium gewidmet hatte. Nach Meinung des Klägers disqualifizierte ihn dieser Lebensabschnitt für eine Tätigkeit in der IT-Branche. Angesichts der geballten Ansammlung von Religionsstiftern im IT-Bereich ist ein solides Grundstudium allerdings durchaus von Vorteil.</p>
<p>Im Rückblick auf die CeBIT ist zu sagen, dass die frühere Lotus-Familienidylle in diesem Jahr endgültig verloren gegangen ist. Auch eine Aufräumaktion? Mit Mühen war auf dem IBM-Stand in Halle 4 zu erkennen, wo die Altinternationalen hätten stehen können, wenn sie denn da gewesen wären. Die gelbe Farbe war das letzte Relikt aus alten Zeiten. Hatte man den Bereich gefunden, sah man sich einem cool geschwungenen Bogen von uniformen Ausstellern ge­gen­über. Selbst bunte Bauklötzchen lockerten die Szene nicht so richtig auf. Früher wurde über die Enge, Hitze und zermürbende Lautstärke am Lotus-Stand in Halle 2 gejammert. Dieses Jahr erinnerten sich Aussteller und Messebesucher beinahe mit Wehmut daran zurück.</p>
<p>Messekonzepte müssen grundsätzlich überdacht werden. Der klassische Messebesuch mit Kilometergeld für den Marsch durch die Hallen ist out. Welchen Mehrwert bietet eine Messe dem Besucher, wenn die primäre Informationsbeschaffung über das Internet läuft?</p>
<p>Hier ist ebenso Konkretes, Greifbares und Effizientes gefragt. Die Lösung besteht nicht in der konkurrierenden Beschallung auf Messeständen. Und wegen Schnittchen, O-Saft oder Kaffee geht keiner mehr auf die Messe. Vielmehr interessieren sich Kunden für qualifizierte Fachgespräche, bevorzugen Fachsimpeln und Essentielles in Vorträgen.</p>
<p>Exzesse auf CeBIT-Partys haben noch den alten Charakter. Mir bleibt es ein Rätsel, warum angeblich intelligente Menschen im Messerausch dekorative Schaufensterpuppen erst entkleiden und dann in kannibalischer Manier in Einzelteile zerlegen. Aber der homo CeBITiensis war schon immer eine spezielle Gattung.</p>
<p>Abschließend appelliere ich an alle Leser. Nutzen Sie Ihren „Frühjahrsputz“ für die Besinnung auf das Wesentliche. Unsere Gesellschaft hat Bewegung dringend nötig. Und ganz nebenbei erhalte ich wieder Input für die nächsten Glossen.</p>
<p style="text-align: right;"><a href="http://wp1117171.wp112.webpack.hosteurope.de/thinksbtf/thinking/?page_id=245" rel="attachment wp-att-759"><img loading="lazy" decoding="async" alt="Glosse_Pfeil" src="http://wp1117171.wp112.webpack.hosteurope.de/thinksbtf/thinking/wp-content/uploads/2013/01/Glosse_Pfeil1.jpg" width="129" height="17" /></a></p>

<p>Selbst Unternehmen müssen technischen Frühjahrsputz vornehmen. Nur eine aufgeräumte IT-Struktur ist Grundlage, um in Kürze wesentlich Effizienteres und Innovatives aufzusetzen. Technologische Müllhalden sind auch keine Basis für Portal-Lösungen. Eine wirre Applikationslandschaft lässt sich nicht durch den Einbau einer hübschen Eingangstür &hellip; <a href="https://thinking.holistic-net.de/?page_id=243&#038;lang=de">Weiterlesen <span class="meta-nav">&rarr;</span></a></p>
