{"id":233,"date":"2013-01-17T14:07:13","date_gmt":"2013-01-17T14:07:13","guid":{"rendered":"http:\/\/wp1117171.wp153.webpack.hosteurope.de\/thinksbtf\/thinking\/?page_id=233"},"modified":"2013-02-22T09:31:46","modified_gmt":"2013-02-22T08:31:46","slug":"neues-jahr-neues-gluck","status":"publish","type":"page","link":"https:\/\/thinking.holistic-net.de\/?page_id=233&lang=de","title":{"rendered":"Neues Jahr, neues Gl\u00fcck!"},"content":{"rendered":"<p>Schon wieder ist ein Jahr zu Ende. Die Budgets f\u00fcr 2003 sind freigegeben und es gilt Auftr\u00e4ge zu sichern, bevor die T\u00f6pfe schon wieder leer sind. In unserer Gesch\u00e4ftswelt leben wir in einem rollierenden Verfahren. Monat f\u00fcr Monat dreht sich das Rad weiter. Dennoch, ein Jahreswechsel wirkt immer bereinigend: alte B\u00fccher zu, neue B\u00fccher auf. Bis Ende des ersten Quartals behalten wir dann den Schwung bei. Wenn es jedoch bis dahin nichts zu feiern gibt, k\u00f6nnen wir mit dem Jammern beginnen. Die Verschiebung von Wirtschaftsjahren halte ich f\u00fcr Selbstbetrug. Selbst wenn so mancher Stratege am liebsten Sonne und Mond verschieben w\u00fcrde &#8211; der Jahresrhythmus des Menschen hat seinen Sinn. Basta.<\/p>\n<p><img loading=\"lazy\" decoding=\"async\" alt=\"1_2003\" src=\"http:\/\/wp1117171.wp112.webpack.hosteurope.de\/thinksbtf\/thinking\/wp-content\/uploads\/2013\/01\/1_2003.jpg\" width=\"571\" height=\"76\" \/><\/p>\n<p>Sich selbst zu bedauern f\u00fchrt ohnehin zu nichts. So auch bei den Podiumsdiskussionen auf der j\u00fcngsten DNUG-Konferenz in Frankfurt beobachtet. Business-Partner \u00e4u\u00dferten sich sehr ver\u00e4rgert \u00fcber wenig hilfreiche, teils irritierende Aussagen von IBM. Insbesondere, wenn es um das allseits geliebte Produkt Lotus Notes und dessen Zukunftsperspektiven ging. Aber die M\u00fchlen mahlen langsam, im Positiven wie im Negativen. Die installierte Basis ist nicht wegzudiskutieren und auf die Tatkraft der Dienstleister angewiesen. Es liegt an ihnen, wie IT-Projekte gestaltet werden. Es gibt weitreichende M\u00f6glichkeiten, unter Schmerzen auch mit WebSphere.<\/p>\n<p>Und was gibt es Neues bei den Global Playern?<\/p>\n<p>Zum Beispiel das \u00fcberarbeitete Preissystem der Deutschen Bahn. Seit der Einf\u00fchrung sind ein paar Wochen ins Land gegangen. Trotzdem verstehe ich immer noch nicht, wie eine 50%ige Preiserh\u00f6hung als Fortschritt bezeichnet werden kann. Das Jahr ist aber noch jung und ich habe noch ausreichend Zeit dar\u00fcber nachzudenken.<\/p>\n<p>Keine neuen Verhaltensauff\u00e4lligkeiten bei der Telekom. Es sei denn, es ist was Neues, dass ich meine Telefonabrechnung immer noch nicht verstehe. Mein pers\u00f6nlicher Trost, dem Mann im T-Punkt geht es genauso.<\/p>\n<p>Den Banken geht es nach wie vor blendend. Ich rief k\u00fcrzlich an einem Mittwoch, 12:58 Uhr, in einer Bank an. Mein gew\u00fcnschter Ansprechpartner war jedoch gerade in den Feierabend entschwunden. Auf meine verwunderte Nachfrage, ob dies normal sei, bekam ich die emp\u00f6rte Antwort: &#8222;Erstens haben wir Gleitzeit, zweitens brauchen die Herren auch mal Freizeit, denn manchmal haben wir ja auch bis 18:00 Uhr ge\u00f6ffnet.&#8220; Na denn: frohes Gleiten, in welchen Abgrund auch immer!<\/p>\n<p>IBM sorgt nicht nur f\u00fcr strategische Irritationen, sondern nach wie vor f\u00fcr Am\u00fcsement. Aus &#8222;gew\u00f6hnlich gut informierten Kreisen&#8220; erhielt ich eher zuf\u00e4llig ein Dokument der Abteilung Lotus Education Online. Auch hier zeigte sich, dass die Technik viele M\u00f6glichkeiten bietet. Wie sie sinnvoll genutzt wird, liegt jedoch alleine am Menschen. In grenzenlosem Gott- oder Technikvertrauen wurde ein englischsprachiges Original durch ein \u00dcbersetzungstool gejagt und offensichtlich unbesehen verschickt. Damit mutierte ein seri\u00f6ses Dokument zu einer unfreiwilligen Lachnummer: Aus &#8222;Formula language enhancements (including looping)&#8220; wurde &#8222;Formel-Sprachsteigerungen (zu setzen, einschlie\u00dfend) schlingend&#8220; und aus &#8222;Topics include:&#8220; wird &#8222;Tagesthemen Ein:&#8220;. Dass Lotus Empfehlungen f\u00fcr das ARD-Abendprogramm gibt, war mir neu&#8230;<\/p>\n<p style=\"text-align: right;\"><a href=\"http:\/\/wp1117171.wp112.webpack.hosteurope.de\/thinksbtf\/thinking\/?page_id=235\" rel=\"attachment wp-att-759\"><img loading=\"lazy\" decoding=\"async\" class=\"alignnone size-full wp-image-759\" alt=\"Glosse_Pfeil\" src=\"http:\/\/wp1117171.wp112.webpack.hosteurope.de\/thinksbtf\/thinking\/wp-content\/uploads\/2013\/01\/Glosse_Pfeil1.jpg\" width=\"129\" height=\"17\" \/><\/a><\/p>\n","protected":false},"excerpt":{"rendered":"<p>Schon wieder ist ein Jahr zu Ende. Die Budgets f\u00fcr 2003 sind freigegeben und es gilt Auftr\u00e4ge zu sichern, bevor die T\u00f6pfe schon wieder leer sind. In unserer Gesch\u00e4ftswelt leben wir in einem rollierenden Verfahren. Monat f\u00fcr Monat dreht sich &hellip; <a href=\"https:\/\/thinking.holistic-net.de\/?page_id=233&#038;lang=de\">Weiterlesen <span class=\"meta-nav\">&rarr;<\/span><\/a><\/p>\n","protected":false},"author":7,"featured_media":0,"parent":118,"menu_order":0,"comment_status":"open","ping_status":"open","template":"","meta":{"footnotes":""},"class_list":["post-233","page","type-page","status-publish","hentry"],"_links":{"self":[{"href":"https:\/\/thinking.holistic-net.de\/index.php?rest_route=\/wp\/v2\/pages\/233","targetHints":{"allow":["GET"]}}],"collection":[{"href":"https:\/\/thinking.holistic-net.de\/index.php?rest_route=\/wp\/v2\/pages"}],"about":[{"href":"https:\/\/thinking.holistic-net.de\/index.php?rest_route=\/wp\/v2\/types\/page"}],"author":[{"embeddable":true,"href":"https:\/\/thinking.holistic-net.de\/index.php?rest_route=\/wp\/v2\/users\/7"}],"replies":[{"embeddable":true,"href":"https:\/\/thinking.holistic-net.de\/index.php?rest_route=%2Fwp%2Fv2%2Fcomments&post=233"}],"version-history":[{"count":3,"href":"https:\/\/thinking.holistic-net.de\/index.php?rest_route=\/wp\/v2\/pages\/233\/revisions"}],"predecessor-version":[{"id":763,"href":"https:\/\/thinking.holistic-net.de\/index.php?rest_route=\/wp\/v2\/pages\/233\/revisions\/763"}],"up":[{"embeddable":true,"href":"https:\/\/thinking.holistic-net.de\/index.php?rest_route=\/wp\/v2\/pages\/118"}],"wp:attachment":[{"href":"https:\/\/thinking.holistic-net.de\/index.php?rest_route=%2Fwp%2Fv2%2Fmedia&parent=233"}],"curies":[{"name":"wp","href":"https:\/\/api.w.org\/{rel}","templated":true}]}}