{"id":217,"date":"2013-01-17T14:01:59","date_gmt":"2013-01-17T14:01:59","guid":{"rendered":"http:\/\/wp1117171.wp153.webpack.hosteurope.de\/thinksbtf\/thinking\/?page_id=217"},"modified":"2013-02-20T16:00:35","modified_gmt":"2013-02-20T15:00:35","slug":"zu-neuen-ufern","status":"publish","type":"page","link":"https:\/\/thinking.holistic-net.de\/?page_id=217&lang=de","title":{"rendered":"Zu neuen Ufern?"},"content":{"rendered":"<p>Seit Wochen arbeitet die Thematik f\u00fcr diesen Beitrag in meinem Hinterkopf. Denn nicht alles, was ich gerne zu Papier bringen m\u00f6chte, ist f\u00fcr eine Glosse in einem IT-Magazin geeignet. Es ist unn\u00f6tig zu erw\u00e4hnen, dass ich mich in den Glossen durchaus pers\u00f6nlich engagiere. Vieles ist zu umfangreich, manches k\u00f6nnte Advokaten auf den Plan rufen, anderen Themen fehlt der positive Grundgedanke, der in einer Glosse immer gefragt ist.<\/p>\n<p><img loading=\"lazy\" decoding=\"async\" alt=\"1_2002\" src=\"http:\/\/wp1117171.wp112.webpack.hosteurope.de\/thinksbtf\/thinking\/wp-content\/uploads\/2013\/01\/1_2002.jpg\" width=\"572\" height=\"76\" \/><\/p>\n<p>Positiv w\u00e4re, wenn der Renaissance des Manchester-Kapitalismus in unserer Branche Einhalt zu gebieten w\u00e4re. Der faire Umgang zwischen allen am Gesch\u00e4ftsprozess Beteiligten ist in meinen Augen nahezu verloren gegangen. Im Vordergrund stehen in der Regel andere, vermeintlich dem Kerngesch\u00e4ft n\u00e4her liegende Wertigkeiten. Meistens haben sie auf eine mehr oder minder kurzsichtige Art mit Geld zu tun. Es gibt Leute, die bezeichnen ihre Vorgehensweise auch als Cleverness.<\/p>\n<p>Die Zusammenarbeit im Innenverh\u00e4ltnis zwischen Unternehmensf\u00fchrung und Mitarbeitern &#8211; im Au\u00dfenverh\u00e4ltnis mit Kunden und Lieferanten &#8211; kann aber nur nach den gleichen Wertma\u00dfst\u00e4ben funktionieren.<\/p>\n<p>Der Kunde kann nur K\u00f6nig sein, wenn der Mitarbeiter und der Lieferant ebenfalls K\u00f6nig ist. Alles andere f\u00fchrt zur Pers\u00f6nlichkeitsspaltung der Akteure und ist der Glaubw\u00fcrdigkeit im Gesch\u00e4ftsleben und im Privaten abtr\u00e4glich.<\/p>\n<p>Es ist mir unverst\u00e4ndlich, wie sich manche Gesch\u00e4ftspartner \u00fcber ihre irrsinnige Cleverness und Sch\u00e4rfe gegen\u00fcber Dritten im Gesch\u00e4ftsleben unterhalten. Sich dabei auch noch gegenseitig begl\u00fcckw\u00fcnschen und offenbar der \u00dcberzeugung sind, dass sie nie \u2013 ganz pl\u00f6tzlich \u2013 der Dritte werden k\u00f6nnen.<\/p>\n<p>Warum wagt es kaum jemand in unserem Business, den fairen Umgang mit Kunden, Lieferanten und Mitarbeitern in dauerhaft nachpr\u00fcfbarer Form als pers\u00f6nliche USP (Unique Selling Proposition) zu pr\u00e4sentieren? Es muss ja nicht die einzige USP sein. Allerdings darf es aber auch kein Marketing-Gag werden, dessen Wahrheitsgehalt bei genauer Betrachtung gegen Null geht.<\/p>\n<p>Um nun wirklich noch die Kurve zum Positiven zu bekommen: Ich m\u00f6chte mich an dieser Stelle bei vielen Gesch\u00e4ftspartnern und Kunden bedanken, die ihr pers\u00f6nliches Wertesystem noch nicht an den Neuen Markt getragen haben.<\/p>\n<p>Trotz aller krassen Erfahrungen in den letzten Jahren ist mir immer wieder best\u00e4tigt worden, dass es einen anderen \u2013 langfristig gesehen menschlicheren \u2013 Weg gibt.<\/p>\n<p>Wie bereits angedeutet, hat sich viel getan. Das gilt auch f\u00fcr mich per\u00ads\u00f6nlich. Allerdings ist es im Moment noch zu fr\u00fch, \u00fcber meine konkreten beruflichen Pl\u00e4ne zu schreiben. Ich kann Ihnen aber versichern: Ich liege nicht auf dem Sofa. Sie werden also noch von mir h\u00f6ren.<\/p>\n<p>Die Leute, die mich immer auffordern, mal wieder etwas Lustiges zu schreiben, werde ich auch ber\u00fccksichtigen. Man erlebt ja schlie\u00dflich genug in diesem Milieu, manchmal auch Erfreuliches.<\/p>\n","protected":false},"excerpt":{"rendered":"<p>Seit Wochen arbeitet die Thematik f\u00fcr diesen Beitrag in meinem Hinterkopf. Denn nicht alles, was ich gerne zu Papier bringen m\u00f6chte, ist f\u00fcr eine Glosse in einem IT-Magazin geeignet. Es ist unn\u00f6tig zu erw\u00e4hnen, dass ich mich in den Glossen &hellip; <a href=\"https:\/\/thinking.holistic-net.de\/?page_id=217&#038;lang=de\">Weiterlesen <span class=\"meta-nav\">&rarr;<\/span><\/a><\/p>\n","protected":false},"author":7,"featured_media":0,"parent":120,"menu_order":0,"comment_status":"open","ping_status":"open","template":"","meta":{"footnotes":""},"class_list":["post-217","page","type-page","status-publish","hentry"],"_links":{"self":[{"href":"https:\/\/thinking.holistic-net.de\/index.php?rest_route=\/wp\/v2\/pages\/217","targetHints":{"allow":["GET"]}}],"collection":[{"href":"https:\/\/thinking.holistic-net.de\/index.php?rest_route=\/wp\/v2\/pages"}],"about":[{"href":"https:\/\/thinking.holistic-net.de\/index.php?rest_route=\/wp\/v2\/types\/page"}],"author":[{"embeddable":true,"href":"https:\/\/thinking.holistic-net.de\/index.php?rest_route=\/wp\/v2\/users\/7"}],"replies":[{"embeddable":true,"href":"https:\/\/thinking.holistic-net.de\/index.php?rest_route=%2Fwp%2Fv2%2Fcomments&post=217"}],"version-history":[{"count":3,"href":"https:\/\/thinking.holistic-net.de\/index.php?rest_route=\/wp\/v2\/pages\/217\/revisions"}],"predecessor-version":[{"id":701,"href":"https:\/\/thinking.holistic-net.de\/index.php?rest_route=\/wp\/v2\/pages\/217\/revisions\/701"}],"up":[{"embeddable":true,"href":"https:\/\/thinking.holistic-net.de\/index.php?rest_route=\/wp\/v2\/pages\/120"}],"wp:attachment":[{"href":"https:\/\/thinking.holistic-net.de\/index.php?rest_route=%2Fwp%2Fv2%2Fmedia&parent=217"}],"curies":[{"name":"wp","href":"https:\/\/api.w.org\/{rel}","templated":true}]}}