{"id":197,"date":"2013-01-17T13:51:08","date_gmt":"2013-01-17T13:51:08","guid":{"rendered":"http:\/\/wp1117171.wp153.webpack.hosteurope.de\/thinksbtf\/thinking\/?page_id=197"},"modified":"2013-02-20T15:25:49","modified_gmt":"2013-02-20T14:25:49","slug":"zum-ersten-zum-zweiten-zum-dritten","status":"publish","type":"page","link":"https:\/\/thinking.holistic-net.de\/?page_id=197&lang=de","title":{"rendered":"Zum Ersten &#8230; zum Zweiten &#8230; zum Dritten!"},"content":{"rendered":"<p>Die Versteigerung der UMTS-Lizenzen demonstriert v\u00f6llig neue Facetten flexibler Staatsmacht. Wenn es England nicht schon vorgemacht h\u00e4tte, k\u00f6nnte das Vorhaben glatt als Aprilscherz im Wirtschaftsteil der Zeitungen durchgehen. Ein Staat versteigert Mobilfunk-Lizenzen! Pfiffig ist die Idee schon. Warum sollte Herr Eichel m\u00fchevoll an seinem K\u00fcchentisch ausrechnen, wie viel eine UMTS-Lizenz wert ist, wenn es doch viel einfacher geht? Er l\u00e4dt zur Zocker\u00adrunde ein, den Rest erledigt die hochgelobte, freie Marktwirtschaft. Das Volk findet den Akt prickelnd und verfolgt den Showdown im Internet unter www.regtp.de. Virtueller Nervenkitzel mit echtem Geld. Der Staat verdient ja schon immer am Spieltrieb der B\u00fcrger mit, sei es \u00fcber Lotterien oder Casinos.<\/p>\n<p><img loading=\"lazy\" decoding=\"async\" alt=\"6_2000\" src=\"http:\/\/wp1117171.wp112.webpack.hosteurope.de\/thinksbtf\/thinking\/wp-content\/uploads\/2013\/01\/6_2000.jpg\" width=\"571\" height=\"76\" \/><\/p>\n<p>Ein gewisses Unbehagen ergreift mich dennoch bei diesem neuen Perfektionismus der freien Marktwirtschaft. Im unbeugsamen Glauben an die Selbstregulierung des Marktes werden Investitionen in gigantische H\u00f6hen katapultiert. Die mitsteigernden Unternehmen bekommen ihr Geld auf jeden Fall zur\u00fcck. Wie immer werden auch diese Ausgaben auf die Verbraucher umgelegt. Das vergisst der \u201ckleine\u201d Claqueur v\u00f6llig.<\/p>\n<p>Die Kartellbeh\u00f6rden spielen inzwischen nur noch eine Feigenblatt-rolle. Sie k\u00f6nnten zuk\u00fcnftig wie die RegTP als \u201cAdventure Games\u201d-Veranstalter fungieren. Oder wie w\u00e4r\u00b4s mit einem \u201cMinisterium f\u00fcr Zocken im Gro\u00dfen\u201d (BMZiG)? So k\u00f6nnte die RegTP die Versteigerung auf dem M\u00fcnchner Marienplatz weitaus greifbarer inszenieren: Die Bieter auf Podesten, das kreischende Volk in der Mitte. Herrn Eichel w\u00fcrde das Ergebnis freuen.<\/p>\n<p>Was k\u00f6nnte noch \u201cunter den Hammer\u201d?<\/p>\n<p>Um das Verkehrsaufkommen zu regulieren, k\u00f6nnte der Zugang zu Autobahnen versteigert werden. Als Ersatz der \u201cK\u00e4sethekennummern\u201d w\u00e4ren jegliche Dienstleistungen von Beh\u00f6rden ein Thema. Wer am meisten zahlt, kommt zuerst dran. Brau- und Schankrecht w\u00e4ren auch gut, von der Zigarettensteuer ganz zu schweigen, weil sie \u2013 \u00e4hnlich der Handy-Benutzung \u2013 mit einem Suchtfaktor der Verbraucher verbunden sind. Dank des B\u00f6rsen-Overkills sind der Fantasie wirklich keine Grenzen mehr gesetzt. Und \u00fcberhaupt \u2013 w\u00e4re es nicht die L\u00f6sung aller Probleme, die EXPO zu versteigern? Herr Eichel \u2013 hier ist noch viel zu versilbern und zu vergolden.<\/p>\n<p>Zur\u00fcck zu den UMTS-Lizenzen. Es bleibt zu hoffen, dass diese neue Technologie m\u00f6glichst bald ihre Umsetzung findet. Eine Daten\u00fcbertragung \u00fcber Handy mit 9600 Baud* ist nicht mehr zeitgem\u00e4\u00df. Ich frage mich, wer da als Bremser auf der Leitung steht. Meine Replikationskosten auf dem Campingplatz freuen den Provider, f\u00fcr mich sind sie ein Horror. Aber \u2013 wie gesagt \u2013 die UMTS-Lizenzen m\u00fcssen finanziert werden.<\/p>\n<p>* Ich wei\u00df, dass es auch schneller geht.<\/p>\n","protected":false},"excerpt":{"rendered":"<p>Die Versteigerung der UMTS-Lizenzen demonstriert v\u00f6llig neue Facetten flexibler Staatsmacht. Wenn es England nicht schon vorgemacht h\u00e4tte, k\u00f6nnte das Vorhaben glatt als Aprilscherz im Wirtschaftsteil der Zeitungen durchgehen. Ein Staat versteigert Mobilfunk-Lizenzen! Pfiffig ist die Idee schon. Warum sollte Herr &hellip; <a href=\"https:\/\/thinking.holistic-net.de\/?page_id=197&#038;lang=de\">Weiterlesen <span class=\"meta-nav\">&rarr;<\/span><\/a><\/p>\n","protected":false},"author":7,"featured_media":0,"parent":124,"menu_order":0,"comment_status":"open","ping_status":"open","template":"","meta":{"footnotes":""},"class_list":["post-197","page","type-page","status-publish","hentry"],"_links":{"self":[{"href":"https:\/\/thinking.holistic-net.de\/index.php?rest_route=\/wp\/v2\/pages\/197","targetHints":{"allow":["GET"]}}],"collection":[{"href":"https:\/\/thinking.holistic-net.de\/index.php?rest_route=\/wp\/v2\/pages"}],"about":[{"href":"https:\/\/thinking.holistic-net.de\/index.php?rest_route=\/wp\/v2\/types\/page"}],"author":[{"embeddable":true,"href":"https:\/\/thinking.holistic-net.de\/index.php?rest_route=\/wp\/v2\/users\/7"}],"replies":[{"embeddable":true,"href":"https:\/\/thinking.holistic-net.de\/index.php?rest_route=%2Fwp%2Fv2%2Fcomments&post=197"}],"version-history":[{"count":2,"href":"https:\/\/thinking.holistic-net.de\/index.php?rest_route=\/wp\/v2\/pages\/197\/revisions"}],"predecessor-version":[{"id":680,"href":"https:\/\/thinking.holistic-net.de\/index.php?rest_route=\/wp\/v2\/pages\/197\/revisions\/680"}],"up":[{"embeddable":true,"href":"https:\/\/thinking.holistic-net.de\/index.php?rest_route=\/wp\/v2\/pages\/124"}],"wp:attachment":[{"href":"https:\/\/thinking.holistic-net.de\/index.php?rest_route=%2Fwp%2Fv2%2Fmedia&parent=197"}],"curies":[{"name":"wp","href":"https:\/\/api.w.org\/{rel}","templated":true}]}}