{"id":190,"date":"2013-01-17T13:11:35","date_gmt":"2013-01-17T13:11:35","guid":{"rendered":"http:\/\/wp1117171.wp153.webpack.hosteurope.de\/thinksbtf\/thinking\/?page_id=190"},"modified":"2013-02-20T15:22:47","modified_gmt":"2013-02-20T14:22:47","slug":"formate-kategorien-und-pillars","status":"publish","type":"page","link":"https:\/\/thinking.holistic-net.de\/?page_id=190&lang=de","title":{"rendered":"Formate, Kategorien und Pillars"},"content":{"rendered":"<p>Der Mensch braucht einfache Raster, sonst verirrt er sich. Die Raster m\u00fcssen von genialen Vordenkern ersonnen und dem einfachen Volk mitgeteilt werden &#8211; oder auch nicht. Im Fernsehen und Radio nennt man das Formate. Wir gucken und h\u00f6ren eigentlich nur noch ein halbes Dutzend Formate &#8211; Wetten dass? &#8211; Big Brother &#8211; ran &#8211; Radio Charivari &#8211; N-Joy Radio &#8211; alles Formate, optimiert zum Zweck des &#8222;verdaulichen&#8220; Konsums.<\/p>\n<p><img loading=\"lazy\" decoding=\"async\" alt=\"3_2000\" src=\"http:\/\/wp1117171.wp112.webpack.hosteurope.de\/thinksbtf\/thinking\/wp-content\/uploads\/2013\/01\/3_2000.jpg\" width=\"571\" height=\"76\" \/><\/p>\n<p>Die CeBIT hat auch einen hohen Strukturierungsbedarf. Wie soll sich der Mensch sonst in dieser Vielfalt n\u00fctzlicher Dinge zurechtfinden und sie verdauen? Es beginnt mit der groben Aufteilung in einzelne Hallen und setzt sich im Detail bei den gro\u00dfen St\u00e4nden fort. Als Business Partner am Lotus-Stand hatten wir uns f\u00fcr eine Kate\u00adgorie zu entscheiden, der wir als Aussteller zugeordnet werden wollten &#8211; CRM, ERP, ESS, SCM und UM. So setzt sich die Welt zusammen. Customer Relationship Management, Enterprise Ressource Planing, Employee Self Service, Supply Chain Management oder Unified Messaging &#8211; gro\u00dfe Worte. Ob sie dem einzelnen Messebesucher eine Hilfe waren, wei\u00df ich nicht. Aber schlie\u00dflich sind wir nicht auf einer Landwirtschaftsmesse, sondern auf der weltgr\u00f6\u00dften IT-Messe. Da muss der Besucher auch sprachlich mal lernen, wo&#8217;s lang geht.<\/p>\n<p>Ein bisschen peinlich ist es mir schon, das mit dem Employee Self Service habe ich immer noch nicht richtig verstanden: Angestelltenselbstbedienung \u2013 irgendetwas aus dem Werkskantinenbereich, Zigarettenautomaten oder gar andere Automaten? Aber was hat das mit Lotus Notes zu tun?<\/p>\n<p>Die meisten Aussteller haben sich unter den Schirm CRM gestellt. Customer, das sind die Messebesucher, Relationship ist auch was Gutes, vor allem in den Abendstunden, und Management ist sowieso immer gut.<\/p>\n<p>Die Vordenker von IBM haben \u00fcbrigens Pillars ersonnen, um den Wust zu sortieren und der Welt eine Struktur zu geben. Pillars sind &#8211; damit sie jetzt den Langenscheidt im Regal lassen k\u00f6nnen &#8211; Pfeiler, S\u00e4ulen. Als Business Partner bedient man Pillars, die einfachen<br \/>\nBusi\u00adness Partner einen Pillar, die gro\u00dfen mehrere Pillars. In der Schule habe ich mal etwas \u00fcber ionische, dorische und korinthische S\u00e4ulen gelernt. Die unterscheiden sich in den Schn\u00f6rkeln. Ich denke, dass die IBM-Pillars alle ionisch sind &#8211; ziemlich schn\u00f6rkellos.<\/p>\n<p>Zur\u00fcck zur CeBIT. Der Hallenmeister der Halle 2 hat \u00fcbrigens ein ganz einfaches Raster. Die Rolltreppe zur Halle 1 war am Mittwoch um 18:30 Uhr abgeschaltet und eine Vielzahl von Ausstellern mussten ihr Geraffel die Treppe hoch tragen. Und wieso? &#8222;Die CeBIT ist vorbei, dann schalte ich die Rolltreppe ab!&#8220;, erkl\u00e4rte mir der Erf\u00fcllungsgehilfe der Messe AG. Das Geld ist im Sack, Ende der Dienstleistung. Ganz einfach. Versteht doch jeder.<\/p>\n","protected":false},"excerpt":{"rendered":"<p>Der Mensch braucht einfache Raster, sonst verirrt er sich. Die Raster m\u00fcssen von genialen Vordenkern ersonnen und dem einfachen Volk mitgeteilt werden &#8211; oder auch nicht. Im Fernsehen und Radio nennt man das Formate. Wir gucken und h\u00f6ren eigentlich nur &hellip; <a href=\"https:\/\/thinking.holistic-net.de\/?page_id=190&#038;lang=de\">Weiterlesen <span class=\"meta-nav\">&rarr;<\/span><\/a><\/p>\n","protected":false},"author":7,"featured_media":0,"parent":124,"menu_order":0,"comment_status":"open","ping_status":"open","template":"","meta":{"footnotes":""},"class_list":["post-190","page","type-page","status-publish","hentry"],"_links":{"self":[{"href":"https:\/\/thinking.holistic-net.de\/index.php?rest_route=\/wp\/v2\/pages\/190","targetHints":{"allow":["GET"]}}],"collection":[{"href":"https:\/\/thinking.holistic-net.de\/index.php?rest_route=\/wp\/v2\/pages"}],"about":[{"href":"https:\/\/thinking.holistic-net.de\/index.php?rest_route=\/wp\/v2\/types\/page"}],"author":[{"embeddable":true,"href":"https:\/\/thinking.holistic-net.de\/index.php?rest_route=\/wp\/v2\/users\/7"}],"replies":[{"embeddable":true,"href":"https:\/\/thinking.holistic-net.de\/index.php?rest_route=%2Fwp%2Fv2%2Fcomments&post=190"}],"version-history":[{"count":2,"href":"https:\/\/thinking.holistic-net.de\/index.php?rest_route=\/wp\/v2\/pages\/190\/revisions"}],"predecessor-version":[{"id":674,"href":"https:\/\/thinking.holistic-net.de\/index.php?rest_route=\/wp\/v2\/pages\/190\/revisions\/674"}],"up":[{"embeddable":true,"href":"https:\/\/thinking.holistic-net.de\/index.php?rest_route=\/wp\/v2\/pages\/124"}],"wp:attachment":[{"href":"https:\/\/thinking.holistic-net.de\/index.php?rest_route=%2Fwp%2Fv2%2Fmedia&parent=190"}],"curies":[{"name":"wp","href":"https:\/\/api.w.org\/{rel}","templated":true}]}}