{"id":184,"date":"2013-01-17T12:46:54","date_gmt":"2013-01-17T12:46:54","guid":{"rendered":"http:\/\/wp1117171.wp153.webpack.hosteurope.de\/thinksbtf\/thinking\/?page_id=184"},"modified":"2013-02-20T15:04:46","modified_gmt":"2013-02-20T14:04:46","slug":"das-jahr-2000-problem-der-anderen-art","status":"publish","type":"page","link":"https:\/\/thinking.holistic-net.de\/?page_id=184&lang=de","title":{"rendered":"Das Jahr 2000-Problem der anderen Art"},"content":{"rendered":"<p>Ich gehe davon aus, dass uns das klassische Thema Y2K in den ersten Tagen des neuen Jahres noch mit nachlassender Intensit\u00e4t bei der Morgenlekt\u00fcre begleiten wird. Die Bild-Zeitung wird vielleicht auch im Februar noch ein Sex-and-Crime-Y2K-Drama aufdecken, aber EDV-technisch wird alles irgendwann bereinigt sein.<\/p>\n<p><img loading=\"lazy\" decoding=\"async\" alt=\"6_1999\" src=\"http:\/\/wp1117171.wp112.webpack.hosteurope.de\/thinksbtf\/thinking\/wp-content\/uploads\/2013\/01\/6_1999.jpg\" width=\"573\" height=\"76\" \/><\/p>\n<p>Mit wachsendem Unmut registriere ich allerdings ein anderes Jahr 2000-Problem, das sich mehr auf der Zeitgeist-Schiene als auf der technischen Ebene bewegt: Der PC-Bildschirm mit Werbung. L\u00e4ngst haben die Konsumstrategen erkannt, dass ein Monitor ohne Werbung ein schlechter ist. Also rauf damit, schlie\u00dflich haben wir fast \u00fcberall 24-Zoll Bildschirme und wenn wir innen 14 Zoll f\u00fcr die eigentliche Applikation freilassen, dann soll das reichen. Vor zehn Jahren waren die Anwender auch mit 14 Zoll zufrieden.<\/p>\n<p>So finden wir kaum noch Internet-Seiten, auf denen nicht ein gesponsertes Schleudertrauma das n\u00e4chste jagt. Werbebanner scrollen in allen erdenklichen Richtungen \u00fcber den Schirm, GIFs h\u00fcpfen als\u00a0 H\u00e4schen nicht nur f\u00fcr Herrn Hefner, Lotterien bieten das Gl\u00fcck auf Erden, Banken ihre selbstlosen Dienste, der BH von Marilyn kann angeblich auch im Internet gefunden werden. Bei manchen Sites muss der Benutzer alle Sinne zusammenrei\u00dfen, damit er sein urspr\u00fcngliches Ziel im Auge beh\u00e4lt und nicht versehentlich bei\u00a0 \u201eBlack Babies&#8220; landet. Besonders perfide finde ich den Gebrauch von bekannten Windows Controls als Weblink \u00ad einmal versehentlich geklickt, und schon ist man auf den Leim gegangen.<\/p>\n<p>Auch Intranets und n\u00fcchterne unternehmensinterne Applikationen werden von dieser Entwicklung nicht verschont bleiben. Ich warte auf die Randbemerkung in einem zuk\u00fcnftigen Pflichtenheft: \u201eFrame\u00ad\u00adspace f\u00fcr die Applikation max. 30%&#8220;. Der Rest ist bereits verkauft: Die Pommes-Bude um die Ecke sponsort einen Frame, Brauhaus Ernst-August einen, Cinemaxx den n\u00e4chsten, der Toyota-H\u00e4ndler, Bank24, eine private Krankenversicherung&#8230; \u00ad die meisten Lebensbereiche sind damit abgedeckt. Dem gesch\u00e4ftsf\u00f6rdernden Framesplitting sind keine Grenzen gesetzt.<\/p>\n<p>Der EDV-Leiter freut sich, weil \u00fcber diese Schattenfinanzierung sein Budget entlastet wird. Vielleicht kann man auf die l\u00e4stige Nutzlast im mittleren Frame irgendwann ganz verzichten, wenn das Sponsoring mehr ROI bietet als die eigene Arbeit.<\/p>\n<p>Akademische Er\u00f6rterungen \u00fcber die Gestaltung von Benutzeroberfl\u00e4chen sind \u00fcberfl\u00fcssig. Denn bei der bunten und bewegten Vielfalt in den gesponserten Frames ist es m\u00fc\u00dfig, eine Applikation zur Erfassung von Vertriebsdaten zur Geltung zu bringen, die im mittleren Frame mit 320&#215;200 Pixel nach Luft ringt.<\/p>\n<p>Um das gestresste Gem\u00fct zu beruhigen, hoffe ich, dass die Domino Server Konsole eine der letzten werbefreien Zonen bleiben wird und sich kein unmoralischer Entwickler zum Erzeugen von Werbebannern in ASCII-Grafik im Domino Log \u00fcberreden l\u00e4sst. Der Gem\u00fctsschutz gilt nat\u00fcrlich nur f\u00fcr den, der mit den Konsole-Meldungen inhaltlich nichts anfangen kann.<\/p>\n<p>P.S. Ich habe das Ger\u00fccht geh\u00f6rt, dass RTL und SAT1 bei der Sonnen\u00ad\u00adfinsternis im August Werbebanner rund um den Mond installieren wollten. Die Befestigungstechnik war offensichtlich nicht l\u00f6sbar&#8230;<\/p>\n<p>Bis zum n\u00e4chsten Mal, Ihr J\u00f6rg Allmann<\/p>\n","protected":false},"excerpt":{"rendered":"<p>Ich gehe davon aus, dass uns das klassische Thema Y2K in den ersten Tagen des neuen Jahres noch mit nachlassender Intensit\u00e4t bei der Morgenlekt\u00fcre begleiten wird. Die Bild-Zeitung wird vielleicht auch im Februar noch ein Sex-and-Crime-Y2K-Drama aufdecken, aber EDV-technisch wird &hellip; <a href=\"https:\/\/thinking.holistic-net.de\/?page_id=184&#038;lang=de\">Weiterlesen <span class=\"meta-nav\">&rarr;<\/span><\/a><\/p>\n","protected":false},"author":7,"featured_media":0,"parent":126,"menu_order":0,"comment_status":"open","ping_status":"open","template":"","meta":{"footnotes":""},"class_list":["post-184","page","type-page","status-publish","hentry"],"_links":{"self":[{"href":"https:\/\/thinking.holistic-net.de\/index.php?rest_route=\/wp\/v2\/pages\/184","targetHints":{"allow":["GET"]}}],"collection":[{"href":"https:\/\/thinking.holistic-net.de\/index.php?rest_route=\/wp\/v2\/pages"}],"about":[{"href":"https:\/\/thinking.holistic-net.de\/index.php?rest_route=\/wp\/v2\/types\/page"}],"author":[{"embeddable":true,"href":"https:\/\/thinking.holistic-net.de\/index.php?rest_route=\/wp\/v2\/users\/7"}],"replies":[{"embeddable":true,"href":"https:\/\/thinking.holistic-net.de\/index.php?rest_route=%2Fwp%2Fv2%2Fcomments&post=184"}],"version-history":[{"count":2,"href":"https:\/\/thinking.holistic-net.de\/index.php?rest_route=\/wp\/v2\/pages\/184\/revisions"}],"predecessor-version":[{"id":667,"href":"https:\/\/thinking.holistic-net.de\/index.php?rest_route=\/wp\/v2\/pages\/184\/revisions\/667"}],"up":[{"embeddable":true,"href":"https:\/\/thinking.holistic-net.de\/index.php?rest_route=\/wp\/v2\/pages\/126"}],"wp:attachment":[{"href":"https:\/\/thinking.holistic-net.de\/index.php?rest_route=%2Fwp%2Fv2%2Fmedia&parent=184"}],"curies":[{"name":"wp","href":"https:\/\/api.w.org\/{rel}","templated":true}]}}