{"id":180,"date":"2013-01-17T12:45:39","date_gmt":"2013-01-17T12:45:39","guid":{"rendered":"http:\/\/wp1117171.wp153.webpack.hosteurope.de\/thinksbtf\/thinking\/?page_id=180"},"modified":"2013-02-20T15:02:27","modified_gmt":"2013-02-20T14:02:27","slug":"cebit-gruse-an-jens-dennig","status":"publish","type":"page","link":"https:\/\/thinking.holistic-net.de\/?page_id=180&lang=de","title":{"rendered":"CeBIT-Gr\u00fc\u00dfe an Jens Dennig"},"content":{"rendered":"<p>Hallo Jens,<\/p>\n<p>Deine Zerrissenheit bez\u00fcglich der CeBIT-Teilnahme kann ich gut nachvollziehen, mir geht\u00b4s seit Jahren \u00e4hnlich. Aber ich war auch dieses Jahr wieder dort \u00ad fast durchgehend, nur Samstag hatte ich Pause.<\/p>\n<p>Nun wurde ich gebeten, mich in der Glosse einerseits der CeBIT zu widmen und andererseits mal wieder etwas Lustiges zu schreiben. Naja, versuchen wir\u00b4s mal:<\/p>\n<p>Lustig waren z.B. die dicken F\u00fc\u00dfe mancher Besucher und Mitarbeiter von Ausstellern nach jeweils neun Stunden Stehen und Laufen. Lustig waren auch die kr\u00e4chzenden Stimmen, ein fast unerkl\u00e4rliches gesundheitliches Ph\u00e4nomen, das allj\u00e4hrlich einige Topseller unter den Ausstellern bef\u00e4llt. Noch lustiger h\u00e4tte ich es gefunden, wenn jemand sich mit der Kneifzange mal ein Herz gefasst und bei Symantec die Beschallung \u201ekorrigiert&#8220; h\u00e4tte.<\/p>\n<p><img loading=\"lazy\" decoding=\"async\" alt=\"4_1999\" src=\"http:\/\/wp1117171.wp112.webpack.hosteurope.de\/thinksbtf\/thinking\/wp-content\/uploads\/2013\/01\/4_1999.jpg\" width=\"573\" height=\"76\" \/><\/p>\n<p>Vielleicht sollte die Messe AG pro Halle in Zukunft zwei Wochen vor der CeBIT ein lustiges Blow-Out veranstalten: Wer ist der Lauteste und bl\u00e4st alle anderen aus der Halle? Der Sieger darf dann auf der CeBIT ausstellen und kann in Ruhe seine Kunden betreuen. Lustig fand ich auch eine bayerische Drei-Generationen Abordnung &#8222;Opa-Vater-Sohn&#8220;. Der Vater wies den Sohn am Rande des Lotus-Standes an, sofort laut &#8222;hier&#8220; zu rufen, sobald er etwas \u00fcber Lotus Notes sehe.<\/p>\n<p>Richtig lustig auf der CeBIT wird&#8217;s immer erst ab 18:00 Uhr. Das Top Event im Lotus Ranking, den Big Bang mit wiederholtem R5-Launch, habe ich leider verpasst. Nachdem ich unter nebul\u00f6sen Umst\u00e4nden noch Stunden vor dem Ereignis eine Eintrittskarte ergattern konnte, ging am sp\u00e4ten Nachmittag auf dem Lotus-Stand das Ger\u00fccht um, die Veranstaltung sei \u00fcberf\u00fcllt und es sei illusorisch, noch um Einlass zu betteln. Die hei\u00dfe Nachricht entpuppte sich am n\u00e4chsten Tag als teuflische Falschmeldung.<\/p>\n<p>Ersatzweise schlenderten wir zur SAP-Fete, wo bei euphorisierten Feierlichkeiten einem Kollegen die \u00fcppig mit Senf beladene Frikadelle \u00fcber&#8217;s Jacket kullerte, eine SAP-Frikadelle mit SAP-Senf. Das Jacket sollte er ungereinigt aufbewahren, vielleicht kann er es in ein paar Jahren als IT-Devotionalie bei Sothebys versteigern.<\/p>\n<p>Verwertbares auf der CeBIT? Ehrlich gesagt bin ich in diesem Jahr nur zweimal der Halle 2 entkommen, um wenigstens ein paar informatorische Kleinaufgaben zu erledigen. Ich bin also zur Berichterstattung \u00fcber die technischen Highlights v\u00f6llig ungeeignet. Gern schlendere ich allerdings durch Halle 1, diesen Hort der Ruhe, das Auge des Hurrikans, ged\u00e4mpfte Musik, ged\u00e4mpftes Licht, zwei einsame Plotter auf 200 qm Standfl\u00e4che. Eine Bef\u00f6rderung als Aussteller in Halle 1 w\u00e4re mein Lebenstraum: einmal Halle 1 und dann nie mehr CeBIT.<\/p>\n<p>Also bis zum n\u00e4chsten Jahr in alter Frische!<\/p>\n<p>Dein inzwischen wieder erholter J\u00f6rg<\/p>\n","protected":false},"excerpt":{"rendered":"<p>Hallo Jens, Deine Zerrissenheit bez\u00fcglich der CeBIT-Teilnahme kann ich gut nachvollziehen, mir geht\u00b4s seit Jahren \u00e4hnlich. Aber ich war auch dieses Jahr wieder dort \u00ad fast durchgehend, nur Samstag hatte ich Pause. Nun wurde ich gebeten, mich in der Glosse &hellip; <a href=\"https:\/\/thinking.holistic-net.de\/?page_id=180&#038;lang=de\">Weiterlesen <span class=\"meta-nav\">&rarr;<\/span><\/a><\/p>\n","protected":false},"author":7,"featured_media":0,"parent":126,"menu_order":0,"comment_status":"open","ping_status":"open","template":"","meta":{"footnotes":""},"class_list":["post-180","page","type-page","status-publish","hentry"],"_links":{"self":[{"href":"https:\/\/thinking.holistic-net.de\/index.php?rest_route=\/wp\/v2\/pages\/180","targetHints":{"allow":["GET"]}}],"collection":[{"href":"https:\/\/thinking.holistic-net.de\/index.php?rest_route=\/wp\/v2\/pages"}],"about":[{"href":"https:\/\/thinking.holistic-net.de\/index.php?rest_route=\/wp\/v2\/types\/page"}],"author":[{"embeddable":true,"href":"https:\/\/thinking.holistic-net.de\/index.php?rest_route=\/wp\/v2\/users\/7"}],"replies":[{"embeddable":true,"href":"https:\/\/thinking.holistic-net.de\/index.php?rest_route=%2Fwp%2Fv2%2Fcomments&post=180"}],"version-history":[{"count":3,"href":"https:\/\/thinking.holistic-net.de\/index.php?rest_route=\/wp\/v2\/pages\/180\/revisions"}],"predecessor-version":[{"id":663,"href":"https:\/\/thinking.holistic-net.de\/index.php?rest_route=\/wp\/v2\/pages\/180\/revisions\/663"}],"up":[{"embeddable":true,"href":"https:\/\/thinking.holistic-net.de\/index.php?rest_route=\/wp\/v2\/pages\/126"}],"wp:attachment":[{"href":"https:\/\/thinking.holistic-net.de\/index.php?rest_route=%2Fwp%2Fv2%2Fmedia&parent=180"}],"curies":[{"name":"wp","href":"https:\/\/api.w.org\/{rel}","templated":true}]}}

CeBIT-Grüße an Jens Dennig

<p>Hallo Jens,</p>
<p>Deine Zerrissenheit bezüglich der CeBIT-Teilnahme kann ich gut nachvollziehen, mir geht´s seit Jahren ähnlich. Aber ich war auch dieses Jahr wieder dort ­ fast durchgehend, nur Samstag hatte ich Pause.</p>
<p>Nun wurde ich gebeten, mich in der Glosse einerseits der CeBIT zu widmen und andererseits mal wieder etwas Lustiges zu schreiben. Naja, versuchen wir´s mal:</p>
<p>Lustig waren z.B. die dicken Füße mancher Besucher und Mitarbeiter von Ausstellern nach jeweils neun Stunden Stehen und Laufen. Lustig waren auch die krächzenden Stimmen, ein fast unerklärliches gesundheitliches Phänomen, das alljährlich einige Topseller unter den Ausstellern befällt. Noch lustiger hätte ich es gefunden, wenn jemand sich mit der Kneifzange mal ein Herz gefasst und bei Symantec die Beschallung „korrigiert&#8220; hätte.</p>
<p><img loading="lazy" decoding="async" alt="4_1999" src="http://wp1117171.wp112.webpack.hosteurope.de/thinksbtf/thinking/wp-content/uploads/2013/01/4_1999.jpg" width="573" height="76" /></p>
<p>Vielleicht sollte die Messe AG pro Halle in Zukunft zwei Wochen vor der CeBIT ein lustiges Blow-Out veranstalten: Wer ist der Lauteste und bläst alle anderen aus der Halle? Der Sieger darf dann auf der CeBIT ausstellen und kann in Ruhe seine Kunden betreuen. Lustig fand ich auch eine bayerische Drei-Generationen Abordnung &#8222;Opa-Vater-Sohn&#8220;. Der Vater wies den Sohn am Rande des Lotus-Standes an, sofort laut &#8222;hier&#8220; zu rufen, sobald er etwas über Lotus Notes sehe.</p>
<p>Richtig lustig auf der CeBIT wird&#8217;s immer erst ab 18:00 Uhr. Das Top Event im Lotus Ranking, den Big Bang mit wiederholtem R5-Launch, habe ich leider verpasst. Nachdem ich unter nebulösen Umständen noch Stunden vor dem Ereignis eine Eintrittskarte ergattern konnte, ging am späten Nachmittag auf dem Lotus-Stand das Gerücht um, die Veranstaltung sei überfüllt und es sei illusorisch, noch um Einlass zu betteln. Die heiße Nachricht entpuppte sich am nächsten Tag als teuflische Falschmeldung.</p>
<p>Ersatzweise schlenderten wir zur SAP-Fete, wo bei euphorisierten Feierlichkeiten einem Kollegen die üppig mit Senf beladene Frikadelle über&#8217;s Jacket kullerte, eine SAP-Frikadelle mit SAP-Senf. Das Jacket sollte er ungereinigt aufbewahren, vielleicht kann er es in ein paar Jahren als IT-Devotionalie bei Sothebys versteigern.</p>
<p>Verwertbares auf der CeBIT? Ehrlich gesagt bin ich in diesem Jahr nur zweimal der Halle 2 entkommen, um wenigstens ein paar informatorische Kleinaufgaben zu erledigen. Ich bin also zur Berichterstattung über die technischen Highlights völlig ungeeignet. Gern schlendere ich allerdings durch Halle 1, diesen Hort der Ruhe, das Auge des Hurrikans, gedämpfte Musik, gedämpftes Licht, zwei einsame Plotter auf 200 qm Standfläche. Eine Beförderung als Aussteller in Halle 1 wäre mein Lebenstraum: einmal Halle 1 und dann nie mehr CeBIT.</p>
<p>Also bis zum nächsten Jahr in alter Frische!</p>
<p>Dein inzwischen wieder erholter Jörg</p>

<p>Hallo Jens, Deine Zerrissenheit bezüglich der CeBIT-Teilnahme kann ich gut nachvollziehen, mir geht´s seit Jahren ähnlich. Aber ich war auch dieses Jahr wieder dort ­ fast durchgehend, nur Samstag hatte ich Pause. Nun wurde ich gebeten, mich in der Glosse &hellip; <a href="https://thinking.holistic-net.de/?page_id=180&#038;lang=de">Weiterlesen <span class="meta-nav">&rarr;</span></a></p>
