{"id":166,"date":"2013-01-17T12:36:17","date_gmt":"2013-01-17T12:36:17","guid":{"rendered":"http:\/\/wp1117171.wp153.webpack.hosteurope.de\/thinksbtf\/thinking\/?page_id=166"},"modified":"2013-02-27T11:04:18","modified_gmt":"2013-02-27T10:04:18","slug":"palmpilot-und-ibm-workpad-ein-objekt-der-begierde","status":"publish","type":"page","link":"https:\/\/thinking.holistic-net.de\/?page_id=166&lang=de","title":{"rendered":"PalmPilot und IBM Workpad: Ein Objekt der Begierde?"},"content":{"rendered":"<div>\n<p>Das Thema \u201epers\u00f6nliches Organisationsinstrument\u201c zieht sich wie ein roter Faden durch meine fast 15-j\u00e4hrige Berufst\u00e4tigkeit. Doch das einzig Konstante an diesem Thema ist der st\u00e4ndige Wechsel. Der Bedarf ist klar: Termine und Notizen im privaten wie auch beruf\u00adlichen Bereich m\u00fcssen irgendwo festgehalten werden. Die bislang noch un\u00ad\u00fcbertroffene Standardausr\u00fcstung des Menschen f\u00fcr diese Zwecke ist der Kopf. Da dieser nichts kostet und dem Menschen von Geburt an geh\u00f6rt, ist er nicht marktrelevant.<\/p>\n<p><img loading=\"lazy\" decoding=\"async\" alt=\"3_1998\" src=\"http:\/\/wp1117171.wp112.webpack.hosteurope.de\/thinksbtf\/thinking\/wp-content\/uploads\/2013\/01\/3_1998.jpg\" width=\"572\" height=\"76\" \/><\/p>\n<p>Mein erster Versuch, diese Standardausr\u00fcstung zu erg\u00e4nzen, war vor vielen Jahren die Bestellung eines Probeexemplars \u201eTime System\u201c. Zu Beginn meines Berufslebens hatte mich die Vehemenz, mit der gesch\u00e4ftliche Gespr\u00e4chspartner dieses Teil zelebrierten, ungemein beeindruckt: Motto: \u201eDies ist meines, und was hast du?\u201c Ich habe mich zwar damit einige Wochen besch\u00e4ftigt, aber der Nutzen wurde mir nicht klar. Wahrscheinlich hatte ich zu wenig Termine, zu wenig Adressen und wohl kein Budget, das ich allabendlich h\u00e4tte nachkalkulieren m\u00fcssen.<\/p>\n<p>Die n\u00e4chsten Versuche waren IT-basierend. Mal etwas Selbstgebasteltes, mal etwas K\u00e4ufliches. Da mein Dasein aber ungemein flexibel ist \u2013 ich existiere im B\u00fcro, am Heimarbeitsplatz\u00a0 und unterwegs am Laptop, und selbst im Urlaub f\u00e4llt mir ab und an Wichtiges ein \u2013 gab es trotz genialer Replikationsmechanismen von Lotus Notes immer wieder L\u00fccken in der Verf\u00fcgbarkeit wichtiger Informationen.<\/p>\n<p>Das Replizieren bzw. das Replizieren-Vergessen-Haben wird zum Verfolgungswahn. Zudem ist es mir fast peinlich, wenn ich am Bahnhof in der Imbissbude auf einem Stehtisch \u2013 zwischen Senfresten und Kaffeepf\u00fctzen \u2013 mein Notebook aufklappe, um die Adresse zu suchen. Zu DOS-Zeiten w\u00e4re dies noch halbwegs schnell gegangen \u2013 heute nudelt die Kiste trotz 233 MHz\u00a0 erst einmal Ewigkeiten, bis die Adresse zug\u00e4nglich ist.<\/p>\n<p>Folglich war ich in heller Begeisterung auf der Lotusphere in Orlando, wo ich mich erstmals mit dem neuen Objekt der Begierde, dem IBM Workpad, besch\u00e4ftigt habe. Es (er?) ist sicherlich ein neuer H\u00f6he\u00adpunkt in der historischen Kette von pers\u00f6nlichen Organisationsinstrumenten. Die Anbindung an Lotus Notes ist geradezu ideal. Inzwischen bin ich stolzer Besitzer eines PalmPilot mit bereits zwei Cradles und einem dritten HotSync-Cable. Die Installation war erstaunlich einfach, und das l\u00e4ssige Dr\u00fccken auf den HotSync-Button beeindruckt jeden Nicht-Besitzer. Meine Kinder beherrschen die K\u00fcrzelschrift schon genauso perfekt wie ich.<\/p>\n<p>Der Eintrag einiger Geburtstagstermine mit Wiedervorlage h\u00e4mmerte mir beim n\u00e4chsten HotSync beachtliche 684 Dokumente in meine Lotus Notes Mailbox. Leichte Zweifelw\u00f6lkchen kr\u00e4useln sich allerdings schon wieder am Horizont: Ich kann zwar 1000 To do\u2018s eintragen, aber erledigen tut er die Arbeiten nicht.<\/p>\n<p>Zur Strafe habe ich \u201eihn\u201c nun schon zwei Tage nicht mehr benutzt.<\/p>\n<p style=\"text-align: right;\"><a href=\"http:\/\/wp1117171.wp112.webpack.hosteurope.de\/thinksbtf\/thinking\/?page_id=168\" rel=\"attachment wp-att-759\"><img loading=\"lazy\" decoding=\"async\" alt=\"Glosse_Pfeil\" src=\"http:\/\/wp1117171.wp112.webpack.hosteurope.de\/thinksbtf\/thinking\/wp-content\/uploads\/2013\/01\/Glosse_Pfeil1.jpg\" width=\"129\" height=\"17\" \/><\/a><\/p>\n<\/div>\n","protected":false},"excerpt":{"rendered":"<p>Das Thema \u201epers\u00f6nliches Organisationsinstrument\u201c zieht sich wie ein roter Faden durch meine fast 15-j\u00e4hrige Berufst\u00e4tigkeit. Doch das einzig Konstante an diesem Thema ist der st\u00e4ndige Wechsel. Der Bedarf ist klar: Termine und Notizen im privaten wie auch beruf\u00adlichen Bereich m\u00fcssen &hellip; <a href=\"https:\/\/thinking.holistic-net.de\/?page_id=166&#038;lang=de\">Weiterlesen <span class=\"meta-nav\">&rarr;<\/span><\/a><\/p>\n","protected":false},"author":7,"featured_media":0,"parent":128,"menu_order":0,"comment_status":"open","ping_status":"open","template":"","meta":{"footnotes":""},"class_list":["post-166","page","type-page","status-publish","hentry"],"_links":{"self":[{"href":"https:\/\/thinking.holistic-net.de\/index.php?rest_route=\/wp\/v2\/pages\/166","targetHints":{"allow":["GET"]}}],"collection":[{"href":"https:\/\/thinking.holistic-net.de\/index.php?rest_route=\/wp\/v2\/pages"}],"about":[{"href":"https:\/\/thinking.holistic-net.de\/index.php?rest_route=\/wp\/v2\/types\/page"}],"author":[{"embeddable":true,"href":"https:\/\/thinking.holistic-net.de\/index.php?rest_route=\/wp\/v2\/users\/7"}],"replies":[{"embeddable":true,"href":"https:\/\/thinking.holistic-net.de\/index.php?rest_route=%2Fwp%2Fv2%2Fcomments&post=166"}],"version-history":[{"count":4,"href":"https:\/\/thinking.holistic-net.de\/index.php?rest_route=\/wp\/v2\/pages\/166\/revisions"}],"predecessor-version":[{"id":964,"href":"https:\/\/thinking.holistic-net.de\/index.php?rest_route=\/wp\/v2\/pages\/166\/revisions\/964"}],"up":[{"embeddable":true,"href":"https:\/\/thinking.holistic-net.de\/index.php?rest_route=\/wp\/v2\/pages\/128"}],"wp:attachment":[{"href":"https:\/\/thinking.holistic-net.de\/index.php?rest_route=%2Fwp%2Fv2%2Fmedia&parent=166"}],"curies":[{"name":"wp","href":"https:\/\/api.w.org\/{rel}","templated":true}]}}

<div>
<p>Das Thema „persönliches Organisationsinstrument“ zieht sich wie ein roter Faden durch meine fast 15-jährige Berufstätigkeit. Doch das einzig Konstante an diesem Thema ist der ständige Wechsel. Der Bedarf ist klar: Termine und Notizen im privaten wie auch beruf­lichen Bereich müssen irgendwo festgehalten werden. Die bislang noch un­übertroffene Standardausrüstung des Menschen für diese Zwecke ist der Kopf. Da dieser nichts kostet und dem Menschen von Geburt an gehört, ist er nicht marktrelevant.</p>
<p><img loading="lazy" decoding="async" alt="3_1998" src="http://wp1117171.wp112.webpack.hosteurope.de/thinksbtf/thinking/wp-content/uploads/2013/01/3_1998.jpg" width="572" height="76" /></p>
<p>Mein erster Versuch, diese Standardausrüstung zu ergänzen, war vor vielen Jahren die Bestellung eines Probeexemplars „Time System“. Zu Beginn meines Berufslebens hatte mich die Vehemenz, mit der geschäftliche Gesprächspartner dieses Teil zelebrierten, ungemein beeindruckt: Motto: „Dies ist meines, und was hast du?“ Ich habe mich zwar damit einige Wochen beschäftigt, aber der Nutzen wurde mir nicht klar. Wahrscheinlich hatte ich zu wenig Termine, zu wenig Adressen und wohl kein Budget, das ich allabendlich hätte nachkalkulieren müssen.</p>
<p>Die nächsten Versuche waren IT-basierend. Mal etwas Selbstgebasteltes, mal etwas Käufliches. Da mein Dasein aber ungemein flexibel ist – ich existiere im Büro, am Heimarbeitsplatz  und unterwegs am Laptop, und selbst im Urlaub fällt mir ab und an Wichtiges ein – gab es trotz genialer Replikationsmechanismen von Lotus Notes immer wieder Lücken in der Verfügbarkeit wichtiger Informationen.</p>
<p>Das Replizieren bzw. das Replizieren-Vergessen-Haben wird zum Verfolgungswahn. Zudem ist es mir fast peinlich, wenn ich am Bahnhof in der Imbissbude auf einem Stehtisch – zwischen Senfresten und Kaffeepfützen – mein Notebook aufklappe, um die Adresse zu suchen. Zu DOS-Zeiten wäre dies noch halbwegs schnell gegangen – heute nudelt die Kiste trotz 233 MHz  erst einmal Ewigkeiten, bis die Adresse zugänglich ist.</p>
<p>Folglich war ich in heller Begeisterung auf der Lotusphere in Orlando, wo ich mich erstmals mit dem neuen Objekt der Begierde, dem IBM Workpad, beschäftigt habe. Es (er?) ist sicherlich ein neuer Höhe­punkt in der historischen Kette von persönlichen Organisationsinstrumenten. Die Anbindung an Lotus Notes ist geradezu ideal. Inzwischen bin ich stolzer Besitzer eines PalmPilot mit bereits zwei Cradles und einem dritten HotSync-Cable. Die Installation war erstaunlich einfach, und das lässige Drücken auf den HotSync-Button beeindruckt jeden Nicht-Besitzer. Meine Kinder beherrschen die Kürzelschrift schon genauso perfekt wie ich.</p>
<p>Der Eintrag einiger Geburtstagstermine mit Wiedervorlage hämmerte mir beim nächsten HotSync beachtliche 684 Dokumente in meine Lotus Notes Mailbox. Leichte Zweifelwölkchen kräuseln sich allerdings schon wieder am Horizont: Ich kann zwar 1000 To do‘s eintragen, aber erledigen tut er die Arbeiten nicht.</p>
<p>Zur Strafe habe ich „ihn“ nun schon zwei Tage nicht mehr benutzt.</p>
<p style="text-align: right;"><a href="http://wp1117171.wp112.webpack.hosteurope.de/thinksbtf/thinking/?page_id=168" rel="attachment wp-att-759"><img loading="lazy" decoding="async" alt="Glosse_Pfeil" src="http://wp1117171.wp112.webpack.hosteurope.de/thinksbtf/thinking/wp-content/uploads/2013/01/Glosse_Pfeil1.jpg" width="129" height="17" /></a></p>
</div>

<p>Das Thema „persönliches Organisationsinstrument“ zieht sich wie ein roter Faden durch meine fast 15-jährige Berufstätigkeit. Doch das einzig Konstante an diesem Thema ist der ständige Wechsel. Der Bedarf ist klar: Termine und Notizen im privaten wie auch beruf­lichen Bereich müssen &hellip; <a href="https://thinking.holistic-net.de/?page_id=166&#038;lang=de">Weiterlesen <span class="meta-nav">&rarr;</span></a></p>
