{"id":118,"date":"2013-01-17T11:42:40","date_gmt":"2013-01-17T11:42:40","guid":{"rendered":"http:\/\/wp1117171.wp153.webpack.hosteurope.de\/thinksbtf\/thinking\/?page_id=118"},"modified":"2013-01-18T17:05:33","modified_gmt":"2013-01-18T17:05:33","slug":"2003-2","status":"publish","type":"page","link":"https:\/\/thinking.holistic-net.de\/?page_id=118&lang=de","title":{"rendered":"2003"},"content":{"rendered":"<p><a href=\"http:\/\/wp1117171.wp112.webpack.hosteurope.de\/thinksbtf\/thinking\/?page_id=233\">Neues Jahr, neues Gl\u00fcck!<\/a><\/p>\n<p><a href=\"http:\/\/wp1117171.wp112.webpack.hosteurope.de\/thinksbtf\/thinking\/?page_id=235\">R\u00fcckkehr zur Qualit\u00e4t!<\/a><\/p>\n<p><a href=\"http:\/\/wp1117171.wp112.webpack.hosteurope.de\/thinksbtf\/thinking\/?page_id=241\">Drahtlose H\u00f6henfl\u00fcge<\/a><\/p>\n<p><a href=\"http:\/\/wp1117171.wp112.webpack.hosteurope.de\/thinksbtf\/thinking\/?page_id=243\">Fr\u00fchjahrsputz in der IT<\/a><\/p>\n<p><a href=\"http:\/\/wp1117171.wp112.webpack.hosteurope.de\/thinksbtf\/thinking\/?page_id=245\">Der (un)m\u00fcndige Verbraucher!<\/a><\/p>\n<p><a href=\"http:\/\/wp1117171.wp112.webpack.hosteurope.de\/thinksbtf\/thinking\/?page_id=262\">Technology at it\u2019s best<\/a><\/p>\n<p><a href=\"http:\/\/wp1117171.wp112.webpack.hosteurope.de\/thinksbtf\/thinking\/?page_id=248\">Ist Mittelstandsoffensive gefragt?<\/a><\/p>\n<p><a href=\"http:\/\/wp1117171.wp112.webpack.hosteurope.de\/thinksbtf\/thinking\/?page_id=262\">\u201eZweitverwertung\u201c der Berufserfahrung<\/a><\/p>\n","protected":false},"excerpt":{"rendered":"<p>Neues Jahr, neues Gl\u00fcck! R\u00fcckkehr zur Qualit\u00e4t! Drahtlose H\u00f6henfl\u00fcge Fr\u00fchjahrsputz in der IT Der (un)m\u00fcndige Verbraucher! Technology at it\u2019s best Ist Mittelstandsoffensive gefragt? \u201eZweitverwertung\u201c der Berufserfahrung<\/p>\n","protected":false},"author":1,"featured_media":0,"parent":453,"menu_order":20,"comment_status":"closed","ping_status":"closed","template":"","meta":{"footnotes":""},"class_list":["post-118","page","type-page","status-publish","hentry"],"_links":{"self":[{"href":"https:\/\/thinking.holistic-net.de\/index.php?rest_route=\/wp\/v2\/pages\/118","targetHints":{"allow":["GET"]}}],"collection":[{"href":"https:\/\/thinking.holistic-net.de\/index.php?rest_route=\/wp\/v2\/pages"}],"about":[{"href":"https:\/\/thinking.holistic-net.de\/index.php?rest_route=\/wp\/v2\/types\/page"}],"author":[{"embeddable":true,"href":"https:\/\/thinking.holistic-net.de\/index.php?rest_route=\/wp\/v2\/users\/1"}],"replies":[{"embeddable":true,"href":"https:\/\/thinking.holistic-net.de\/index.php?rest_route=%2Fwp%2Fv2%2Fcomments&post=118"}],"version-history":[{"count":8,"href":"https:\/\/thinking.holistic-net.de\/index.php?rest_route=\/wp\/v2\/pages\/118\/revisions"}],"predecessor-version":[{"id":393,"href":"https:\/\/thinking.holistic-net.de\/index.php?rest_route=\/wp\/v2\/pages\/118\/revisions\/393"}],"up":[{"embeddable":true,"href":"https:\/\/thinking.holistic-net.de\/index.php?rest_route=\/wp\/v2\/pages\/453"}],"wp:attachment":[{"href":"https:\/\/thinking.holistic-net.de\/index.php?rest_route=%2Fwp%2Fv2%2Fmedia&parent=118"}],"curies":[{"name":"wp","href":"https:\/\/api.w.org\/{rel}","templated":true}]}}