{"id":109,"date":"2013-01-17T11:35:44","date_gmt":"2013-01-17T11:35:44","guid":{"rendered":"http:\/\/wp1117171.wp153.webpack.hosteurope.de\/thinksbtf\/thinking\/?page_id=109"},"modified":"2013-01-18T17:09:07","modified_gmt":"2013-01-18T17:09:07","slug":"2007-2","status":"publish","type":"page","link":"https:\/\/thinking.holistic-net.de\/?page_id=109&lang=de","title":{"rendered":"2007"},"content":{"rendered":"<p><a href=\"http:\/\/wp1117171.wp112.webpack.hosteurope.de\/thinksbtf\/thinking\/?page_id=312\">Die Glaskugel<\/a><\/p>\n<p><a href=\"http:\/\/wp1117171.wp112.webpack.hosteurope.de\/thinksbtf\/thinking\/?page_id=314\">Auf der Jagd<\/a><\/p>\n<p><a href=\"http:\/\/wp1117171.wp112.webpack.hosteurope.de\/thinksbtf\/thinking\/?page_id=316\">An den Grenzen des Personalabbaus in der IT<\/a><\/p>\n<p><a href=\"http:\/\/wp1117171.wp112.webpack.hosteurope.de\/thinksbtf\/thinking\/?page_id=322\">F\u00fcr 0 Euro nach Stuttgart und beim Taxifahren Gl\u00fcck gehabt<\/a><\/p>\n<p><a href=\"http:\/\/wp1117171.wp112.webpack.hosteurope.de\/thinksbtf\/thinking\/?page_id=324\">Ein Hauch von Kritikf\u00e4higkeit<\/a><\/p>\n<p><a href=\"http:\/\/wp1117171.wp112.webpack.hosteurope.de\/thinksbtf\/thinking\/?page_id=326\">Die Performance-Falle<\/a><\/p>\n<p><a href=\"http:\/\/wp1117171.wp112.webpack.hosteurope.de\/thinksbtf\/thinking\/?page_id=329\">Raid Level 29<\/a><\/p>\n<p><a href=\"http:\/\/wp1117171.wp112.webpack.hosteurope.de\/thinksbtf\/thinking\/?page_id=333\">Im Social Software Stres<\/a><\/p>\n","protected":false},"excerpt":{"rendered":"<p>Die Glaskugel Auf der Jagd An den Grenzen des Personalabbaus in der IT F\u00fcr 0 Euro nach Stuttgart und beim Taxifahren Gl\u00fcck gehabt Ein Hauch von Kritikf\u00e4higkeit Die Performance-Falle Raid Level 29 Im Social Software Stres<\/p>\n","protected":false},"author":1,"featured_media":0,"parent":456,"menu_order":16,"comment_status":"open","ping_status":"closed","template":"","meta":{"footnotes":""},"class_list":["post-109","page","type-page","status-publish","hentry"],"_links":{"self":[{"href":"https:\/\/thinking.holistic-net.de\/index.php?rest_route=\/wp\/v2\/pages\/109","targetHints":{"allow":["GET"]}}],"collection":[{"href":"https:\/\/thinking.holistic-net.de\/index.php?rest_route=\/wp\/v2\/pages"}],"about":[{"href":"https:\/\/thinking.holistic-net.de\/index.php?rest_route=\/wp\/v2\/types\/page"}],"author":[{"embeddable":true,"href":"https:\/\/thinking.holistic-net.de\/index.php?rest_route=\/wp\/v2\/users\/1"}],"replies":[{"embeddable":true,"href":"https:\/\/thinking.holistic-net.de\/index.php?rest_route=%2Fwp%2Fv2%2Fcomments&post=109"}],"version-history":[{"count":7,"href":"https:\/\/thinking.holistic-net.de\/index.php?rest_route=\/wp\/v2\/pages\/109\/revisions"}],"predecessor-version":[{"id":360,"href":"https:\/\/thinking.holistic-net.de\/index.php?rest_route=\/wp\/v2\/pages\/109\/revisions\/360"}],"up":[{"embeddable":true,"href":"https:\/\/thinking.holistic-net.de\/index.php?rest_route=\/wp\/v2\/pages\/456"}],"wp:attachment":[{"href":"https:\/\/thinking.holistic-net.de\/index.php?rest_route=%2Fwp%2Fv2%2Fmedia&parent=109"}],"curies":[{"name":"wp","href":"https:\/\/api.w.org\/{rel}","templated":true}]}}